From mboxrd@z Thu Jan  1 00:00:00 1970
Return-Path: <test-report-bounces@dpdk.org>
Received: from mails.dpdk.org (mails.dpdk.org [217.70.189.124])
	by inbox.dpdk.org (Postfix) with ESMTP id 96D5945B68
	for <public@inbox.dpdk.org>; Fri, 18 Oct 2024 08:23:07 +0200 (CEST)
Received: from mails.dpdk.org (localhost [127.0.0.1])
	by mails.dpdk.org (Postfix) with ESMTP id 6DCB440265;
	Fri, 18 Oct 2024 08:23:07 +0200 (CEST)
Received: from mail-io1-f98.google.com (mail-io1-f98.google.com
 [209.85.166.98]) by mails.dpdk.org (Postfix) with ESMTP id 791E34025F
 for <test-report@dpdk.org>; Fri, 18 Oct 2024 08:23:06 +0200 (CEST)
Received: by mail-io1-f98.google.com with SMTP id
 ca18e2360f4ac-83aaf8189bcso57608839f.2
 for <test-report@dpdk.org>; Thu, 17 Oct 2024 23:23:06 -0700 (PDT)
DKIM-Signature: v=1; a=rsa-sha256; c=relaxed/relaxed;
 d=iol.unh.edu; s=unh-iol; t=1729232586; x=1729837386; darn=dpdk.org;
 h=references:in-reply-to:cc:to:from:subject:message-id:date:from:to
 :cc:subject:date:message-id:reply-to;
 bh=DNVPLDgiN2mWgAmwxmAHrZ4lGFt9D1LLe9bsLWr1Ql8=;
 b=Vue9B5SnCGVr0UVuNa6SatlkTzDNmLkQpyyLB5aoZqB5VgFeGotCOqA6Teyob3HKFJ
 j+bVeZ6sdrnCEokME09B/E41ML+NFQVXcA386f39DBpuT+z8FywWLjnsq97SVINqF3IH
 GKcoL8ro4TfZsAIrcxh4zxZ5vjoJCzWuYWLx0=
X-Google-DKIM-Signature: v=1; a=rsa-sha256; c=relaxed/relaxed;
 d=1e100.net; s=20230601; t=1729232586; x=1729837386;
 h=references:in-reply-to:cc:to:from:subject:message-id:date
 :x-gm-message-state:from:to:cc:subject:date:message-id:reply-to;
 bh=DNVPLDgiN2mWgAmwxmAHrZ4lGFt9D1LLe9bsLWr1Ql8=;
 b=n99CPsphhTJ0k92SWkwPruHwNuTZ8nsuueXfu8wRyuJwisY5rSzzZ3tf5DB2xaO85j
 e0BBnukKoC5SD56vGlP9k9wdmjBY4eX+5pdoHunNcY9PvPqjtf3mtbmwbAHrYZz5HySW
 1gh6AZgz0aw7+JBOdB1mdk6GpUHCurq1YTk2uA6Qg1PrMYU6dtag5xCzG4mqA3tiiaoe
 /XxhoUEPWRFmPlyhVKe/ceiJSeOM5gVOYGOIR4Hi0RwCSABm8N76RTmYk8JeqjSf+XZH
 dQ4Ark+XU34lm9EIWIHjUJArvkMR5pzgRKFhHRsp6+q7DoFWcKl5AVrvbGC7IOGQta6g
 fcbg==
X-Gm-Message-State: AOJu0YwbPr5pEMsGYqYkzlJj/Ak9DS4HisyNXaPo2459h3/EEqQ/xwme
 /O1SMKTB36E3pcsbgFzo/KW1mr59U3Du3O+oc8JRjtROhyg0pOpAs5WHDoBkYoCnLqEG5ajYALY
 KkTTGEpOVXtRX4Esml3F2m3UR8wDjKCYWO8GZoZ5mm7hZ/VFz
X-Google-Smtp-Source: AGHT+IEqw1h/kqIKwShO+xDLe7FJ7hmkKzzfnSUz5v7DOxtUwfPH3F3851RetlTooBesRye7r56KEF4KS3Fl
X-Received: by 2002:a05:6602:2c03:b0:82c:ed57:ebd9 with SMTP id
 ca18e2360f4ac-83aba64be9fmr174481039f.10.1729232585198; 
 Thu, 17 Oct 2024 23:23:05 -0700 (PDT)
Received: from postal.iol.unh.edu (postal.iol.unh.edu.
 [2606:4100:3880:1234::84]) by smtp-relay.gmail.com with ESMTPS id
 8926c6da1cb9f-4dc10c2b48csm45102173.66.2024.10.17.23.23.05
 (version=TLS1_2 cipher=ECDHE-ECDSA-AES128-GCM-SHA256 bits=128/128);
 Thu, 17 Oct 2024 23:23:05 -0700 (PDT)
X-Relaying-Domain: iol.unh.edu
Date: Thu, 17 Oct 2024 23:23:05 -0700 (PDT)
Message-ID: <6711fec9.050a0220.27c523.2e54SMTPIN_ADDED_MISSING@mx.google.com>
Received: from [172.21.0.3] (unknown [172.18.0.240])
 by postal.iol.unh.edu (Postfix) with ESMTP id CD76C6052471;
 Fri, 18 Oct 2024 02:23:04 -0400 (EDT)
Subject: |FAILURE| pw146187-146188 [PATCH] [v1,2/2] test/power: fix power lib
From: dpdklab@iol.unh.edu
To: Test Report <test-report@dpdk.org>
Cc: dpdk-test-reports@iol.unh.edu,
 Sivaprasad Tummala <Sivaprasad.Tummala@amd.com>
In-Reply-To: <20241017110247.1051770-2-sivaprasad.tummala@amd.com>
References: <20241017110247.1051770-2-sivaprasad.tummala@amd.com>
Content-Type: text/plain
X-BeenThere: test-report@dpdk.org
X-Mailman-Version: 2.1.29
Precedence: list
List-Id: automatic DPDK test reports <test-report.dpdk.org>
List-Unsubscribe: <https://mails.dpdk.org/options/test-report>,
 <mailto:test-report-request@dpdk.org?subject=unsubscribe>
List-Archive: <http://mails.dpdk.org/archives/test-report/>
List-Post: <mailto:test-report@dpdk.org>
List-Help: <mailto:test-report-request@dpdk.org?subject=help>
List-Subscribe: <https://mails.dpdk.org/listinfo/test-report>,
 <mailto:test-report-request@dpdk.org?subject=subscribe>
Errors-To: test-report-bounces@dpdk.org

Test-Label: iol-unit-arm64-testing
Test-Status: FAILURE
http://dpdk.org/patch/146188

_Testing issues_

Submitter: Sivaprasad Tummala <Sivaprasad.Tummala@amd.com>
Date: Thursday, October 17 2024 11:02:47 
DPDK git baseline: Repo:dpdk
  Branch: master
  CommitID:2dff0bcd3b54bc3279de42123aa618620224ad44

146187-146188 --> testing issues

Upstream job id: Generic-Unit-Test-DPDK#277067

Test environment and result as below:

+-----------------------------+--------------+---------------------------+------------------------------+----------------+
|         Environment         | lpm_autotest | cryptodev_sw_zuc_autotest | cryptodev_sw_snow3g_autotest | dpdk_unit_test |
+=============================+==============+===========================+==============================+================+
| Ubuntu 20.04 ARM SVE        | PASS         | SKIPPED                   | SKIPPED                      | SKIPPED        |
+-----------------------------+--------------+---------------------------+------------------------------+----------------+
| Debian 12 (arm)             | SKIPPED      | WARN                      | WARN                         | PEND           |
+-----------------------------+--------------+---------------------------+------------------------------+----------------+
| CentOS Stream 9 (ARM)       | SKIPPED      | SKIPPED                   | SKIPPED                      | PEND           |
+-----------------------------+--------------+---------------------------+------------------------------+----------------+
| Debian 11 (Buster) (ARM)    | SKIPPED      | SKIPPED                   | SKIPPED                      | PEND           |
+-----------------------------+--------------+---------------------------+------------------------------+----------------+
| Fedora 37 (ARM)             | SKIPPED      | SKIPPED                   | SKIPPED                      | PEND           |
+-----------------------------+--------------+---------------------------+------------------------------+----------------+
| Fedora 38 (ARM)             | SKIPPED      | SKIPPED                   | SKIPPED                      | PEND           |
+-----------------------------+--------------+---------------------------+------------------------------+----------------+
| Fedora 38 (ARM Clang)       | SKIPPED      | SKIPPED                   | SKIPPED                      | PEND           |
+-----------------------------+--------------+---------------------------+------------------------------+----------------+
| Fedora 39 (ARM)             | SKIPPED      | SKIPPED                   | SKIPPED                      | PEND           |
+-----------------------------+--------------+---------------------------+------------------------------+----------------+
| Fedora 39 (ARM Clang)       | SKIPPED      | SKIPPED                   | SKIPPED                      | PEND           |
+-----------------------------+--------------+---------------------------+------------------------------+----------------+
| Fedora 40 (ARM)             | SKIPPED      | SKIPPED                   | SKIPPED                      | PEND           |
+-----------------------------+--------------+---------------------------+------------------------------+----------------+
| Fedora 40 (ARM Clang)       | SKIPPED      | SKIPPED                   | SKIPPED                      | PEND           |
+-----------------------------+--------------+---------------------------+------------------------------+----------------+
| RHEL9 (ARM)                 | SKIPPED      | SKIPPED                   | SKIPPED                      | PEND           |
+-----------------------------+--------------+---------------------------+------------------------------+----------------+
| Ubuntu 20.04 (ARM)          | SKIPPED      | SKIPPED                   | SKIPPED                      | PEND           |
+-----------------------------+--------------+---------------------------+------------------------------+----------------+
| Ubuntu 22.04 (ARM)          | SKIPPED      | SKIPPED                   | SKIPPED                      | PEND           |
+-----------------------------+--------------+---------------------------+------------------------------+----------------+
| 32-bit Ubuntu 20.04.4 (ARM) | SKIPPED      | SKIPPED                   | SKIPPED                      | FAIL           |
+-----------------------------+--------------+---------------------------+------------------------------+----------------+
| Ubuntu 24.04 (ARM)          | SKIPPED      | SKIPPED                   | SKIPPED                      | PEND           |
+-----------------------------+--------------+---------------------------+------------------------------+----------------+

==== Unit test summary for 32-bit Ubuntu 20.04.4 (ARM) (dpdk_unit_test): ====
Failed to get the unit test results.
Displaying the unit test results is not supported for some environments,
such as our aarch32 testing, where meson is not used to run the tests.
Download the logs available on our CI site.
==== End log output ====

Ubuntu 20.04 ARM SVE
	Kernel: Depends on container host
	Compiler: gcc (Ubuntu 10.5.0-1ubuntu1~20.04) 10.5.0

Debian 12 (arm)
	Kernel: Depends on container host
	Compiler: gcc (Debian 12.2.0-14) 12.2.0

CentOS Stream 9 (ARM)
	Kernel: Depends on container host
	Compiler: gcc 11.4.1 20231218 (Red Hat 11.4.1-3)

Debian 11 (Buster) (ARM)
	Kernel: Depends on container host
	Compiler: gcc (Debian 10.2.1-6) 10.2.1 20210110

Fedora 37 (ARM)
	Kernel: Depends on container host
	Compiler: gcc 12.3.1 20230508 (Red Hat 12.3.1-1)

Fedora 38 (ARM)
	Kernel: Depends on container host
	Compiler: gcc 13.2.1 20240316 (Red Hat 13.2.1-7)

Fedora 38 (ARM Clang)
	Kernel: Depends on container host
	Compiler: clang 16.0.6 (Fedora 16.0.6-4.fc38)

Fedora 39 (ARM)
	Kernel: Depends on container host
	Compiler: gcc 13.3.1 20240522 (Red Hat 13.3.1-1)

Fedora 39 (ARM Clang)
	Kernel: Depends on container host
	Compiler: clang 17.0.6 (Fedora 17.0.6-2.fc39)

Fedora 40 (ARM)
	Kernel: Depends on container host
	Compiler: gcc 14.2.1 20240801 (Red Hat 14.2.1-1)

Fedora 40 (ARM Clang)
	Kernel: Depends on container host
	Compiler: clang 18.1.6 (Fedora 18.1.6-3.fc40)

RHEL9 (ARM)
	Kernel: Depends on container host
	Compiler: gcc 11.4.1 20231218 (Red Hat 11.4.1-3)

Ubuntu 20.04 (ARM)
	Kernel: Depends on container host
	Compiler: gcc (Ubuntu 9.4.0-1ubuntu1~20.04.2) 9.4.0

Ubuntu 22.04 (ARM)
	Kernel: Depends on container host
	Compiler: gcc (Ubuntu 11.4.0-1ubuntu1~22.04) 11.4.0

32-bit Ubuntu 20.04.4 (ARM)
	Kernel: 5.4.0-155-generic aarch64
	Compiler: gcc 9.4

Ubuntu 24.04 (ARM)
	Kernel: Depends on container host
	Compiler: gcc (Ubuntu 13.2.0-23ubuntu4) 13.2.0

To view detailed results, visit:
https://lab.dpdk.org/results/dashboard/patchsets/31534/

UNH-IOL DPDK Community Lab

To manage your email subscriptions, visit: 
https://lab.dpdk.org/results/dashboard/preferences/subscriptions/