From mboxrd@z Thu Jan  1 00:00:00 1970
Return-Path: <test-report-bounces@dpdk.org>
Received: from mails.dpdk.org (mails.dpdk.org [217.70.189.124])
	by inbox.dpdk.org (Postfix) with ESMTP id 7FB3C45B6C
	for <public@inbox.dpdk.org>; Sat, 19 Oct 2024 01:58:16 +0200 (CEST)
Received: from mails.dpdk.org (localhost [127.0.0.1])
	by mails.dpdk.org (Postfix) with ESMTP id 5B42E40268;
	Sat, 19 Oct 2024 01:58:16 +0200 (CEST)
Received: from mail-pg1-f227.google.com (mail-pg1-f227.google.com
 [209.85.215.227])
 by mails.dpdk.org (Postfix) with ESMTP id B43C54025C
 for <test-report@dpdk.org>; Sat, 19 Oct 2024 01:58:15 +0200 (CEST)
Received: by mail-pg1-f227.google.com with SMTP id
 41be03b00d2f7-7ea8d7341e6so2001746a12.3
 for <test-report@dpdk.org>; Fri, 18 Oct 2024 16:58:15 -0700 (PDT)
DKIM-Signature: v=1; a=rsa-sha256; c=relaxed/relaxed;
 d=iol.unh.edu; s=unh-iol; t=1729295894; x=1729900694; darn=dpdk.org;
 h=references:in-reply-to:cc:to:from:subject:message-id:date:from:to
 :cc:subject:date:message-id:reply-to;
 bh=QBEWo6Nd30FdgM1yJlzwVIcomBEJHa20p6+7RD38nxE=;
 b=F8xP0wOZKuS1XNV5jJuhAZI1Y2hjmrWVmlmqV6z8WuEQOGA/rGV3SRvpMJH3LqLNZi
 4ON/S5W+w9aen05N+dmWKK+pLehQ5UAx6RHYvbdPo6L8U5MwUWnFf7phVrIWlTOdmHpJ
 zCaxeTi2zdKjr3ok3pQTlTG3LYQbYZTcx2BQw=
X-Google-DKIM-Signature: v=1; a=rsa-sha256; c=relaxed/relaxed;
 d=1e100.net; s=20230601; t=1729295894; x=1729900694;
 h=references:in-reply-to:cc:to:from:subject:message-id:date
 :x-gm-message-state:from:to:cc:subject:date:message-id:reply-to;
 bh=QBEWo6Nd30FdgM1yJlzwVIcomBEJHa20p6+7RD38nxE=;
 b=Al25CisBQUoWnEBOnpWGZnLSmDR6XYr9EGKnnIMWFrjpEvikYbRkvWtsh3fy+E2RgG
 7yDJrLoDKzt73FyN07LFZfhjlpnH6/c8tXdxJMHPq1Lz87XSrclhci7BMMLQJrdJM9aZ
 sS9oVfnRqlGJFOx+LRmqWd5J/6UHnz4j5AnI3bcKqDKrVClNhOlDwSmgwFAm/8GtpqDF
 JCLghVAunld9RY0KEHzXv0sookKnVwsL8dBM66zmYh1p1Bm9KKn4oHWG4wxGaSyRlN8L
 SY2yVdmcQ3LNvlz0q+XibhkhZFcH8bogIa4yKJ02SacOpM5+awCL41KnTYdyhc06JiJV
 91cQ==
X-Gm-Message-State: AOJu0YySCEAwmKXRr975PDmT2Zq18TA8R149qowVf4MonvkcVaKFN+aY
 52f25OlQfJPr6nI0VsGlFFArAfaxIjbWQ7Och0IOI/ZwRqUuWc5QEAKa61JMmIoRYELxzzpve13
 MB1IHfSr3hmXFxyqXcDFgPzNeluEC8kvFqr+MGVMP
X-Google-Smtp-Source: AGHT+IHYpK938c5W817dPaCX6FsEcKtfzSQ2q1I4dxiumKAsHM3TZ98ZMGUeFhgYNzdJNxMe2rHdJlBbMFBb
X-Received: by 2002:a05:6a21:70cb:b0:1cf:6ef0:c6b9 with SMTP id
 adf61e73a8af0-1d92c56b9bdmr5246878637.32.1729295894635; 
 Fri, 18 Oct 2024 16:58:14 -0700 (PDT)
Received: from postal.iol.unh.edu (postal.iol.unh.edu. [132.177.123.84])
 by smtp-relay.gmail.com with ESMTPS id
 d2e1a72fcca58-71ea333eac7sm126870b3a.11.2024.10.18.16.58.14
 (version=TLS1_2 cipher=ECDHE-ECDSA-AES128-GCM-SHA256 bits=128/128);
 Fri, 18 Oct 2024 16:58:14 -0700 (PDT)
X-Relaying-Domain: iol.unh.edu
Date: Fri, 18 Oct 2024 16:58:14 -0700 (PDT)
Message-ID: <6712f616.050a0220.85fdb.83ecSMTPIN_ADDED_MISSING@mx.google.com>
Received: from [172.17.0.2] (unknown [172.18.0.217])
 by postal.iol.unh.edu (Postfix) with ESMTP id A72986052471;
 Fri, 18 Oct 2024 19:58:13 -0400 (EDT)
Subject: |FAILURE| pw146142-146150 [PATCH] [RFC,v3,10/10] eventdev: remove si
From: dpdklab@iol.unh.edu
To: Test Report <test-report@dpdk.org>
Cc: dpdk-test-reports@iol.unh.edu,
 Mattias Ronnblom <mattias.ronnblom@ericsson.com>
In-Reply-To: <20241017063842.848360-11-mattias.ronnblom@ericsson.com>
References: <20241017063842.848360-11-mattias.ronnblom@ericsson.com>
Content-Type: text/plain
X-BeenThere: test-report@dpdk.org
X-Mailman-Version: 2.1.29
Precedence: list
List-Id: automatic DPDK test reports <test-report.dpdk.org>
List-Unsubscribe: <https://mails.dpdk.org/options/test-report>,
 <mailto:test-report-request@dpdk.org?subject=unsubscribe>
List-Archive: <http://mails.dpdk.org/archives/test-report/>
List-Post: <mailto:test-report@dpdk.org>
List-Help: <mailto:test-report-request@dpdk.org?subject=help>
List-Subscribe: <https://mails.dpdk.org/listinfo/test-report>,
 <mailto:test-report-request@dpdk.org?subject=subscribe>
Errors-To: test-report-bounces@dpdk.org

Test-Label: iol-unit-amd64-testing
Test-Status: FAILURE
http://dpdk.org/patch/146150

_Testing issues_

Submitter: Mattias Ronnblom <mattias.ronnblom@ericsson.com>
Date: Thursday, October 17 2024 06:38:42 
DPDK git baseline: Repo:dpdk
  Branch: master
  CommitID:fe8eba692c59a92c9308f1fe429b101b9f2377bf

146142-146150 --> testing issues

Upstream job id: Generic-Unit-Test-DPDK#277582

Test environment and result as below:

+---------------------+----------------+
|     Environment     | dpdk_unit_test |
+=====================+================+
| Windows Server 2022 | PASS           |
+---------------------+----------------+
| CentOS Stream 9     | PASS           |
+---------------------+----------------+
| Debian Bullseye     | PEND           |
+---------------------+----------------+
| Fedora 37           | FAIL           |
+---------------------+----------------+
| Fedora 38           | PEND           |
+---------------------+----------------+
| Fedora 38 (Clang)   | PEND           |
+---------------------+----------------+
| Fedora 39 (Clang)   | PEND           |
+---------------------+----------------+
| Fedora 40           | PEND           |
+---------------------+----------------+
| Fedora 40 (Clang)   | PEND           |
+---------------------+----------------+
| RHEL8               | PEND           |
+---------------------+----------------+
| RHEL9               | PEND           |
+---------------------+----------------+
| Ubuntu 20.04        | PEND           |
+---------------------+----------------+
| Ubuntu 22.04        | PEND           |
+---------------------+----------------+
| Ubuntu 24.04        | PEND           |
+---------------------+----------------+
| Debian 12           | PEND           |
+---------------------+----------------+
| Fedora 39           | PEND           |
+---------------------+----------------+

==== Unit test summary for Fedora 37 (dpdk_unit_test): ====
ninja: Entering directory `/home-local/jenkins-local/jenkins-agent/workspace/Generic-Unit-Test-DPDK/dpdk/build'
ninja: no work to do.


Ok:                 0   
Expected Fail:      0   
Fail:               0   
Unexpected Pass:    0   
Skipped:            0   
Timeout:            0   

Full log written to /home-local/jenkins-local/jenkins-agent/workspace/Generic-Unit-Test-DPDK/dpdk/build/meson-logs/testlog.txt

==== End log output ====

Windows Server 2022
	Kernel: 10.0.20348.2031
	Compiler: clang 15.0.7, gcc 14.1.0 (MinGW), and MSVC VS 19.39.33521

CentOS Stream 9
	Kernel: Depends on container host
	Compiler: gcc 11.4.1 20231218 (Red Hat 11.4.1-3)

Debian Bullseye
	Kernel: Depends on container host
	Compiler: gcc (Debian 10.2.1-6) 10.2.1 20210110

Fedora 37
	Kernel: Depends on container host system
	Compiler: gcc 12.3.1 20230508 (Red Hat 12.3.1-1)

Fedora 38
	Kernel: Depends on container host
	Compiler: gcc 13.2.1 20240316 (Red Hat 13.2.1-7)

Fedora 38 (Clang)
	Kernel: Depends on container host
	Compiler: clang 16.0.6 (Fedora 16.0.6-4.fc38)

Fedora 39 (Clang)
	Kernel: Depends on container host
	Compiler: clang 17.0.6 (Fedora 17.0.6-2.fc39)

Fedora 40
	Kernel: Depends on container host
	Compiler: gcc 14.2.1 20240801 (Red Hat 14.2.1-1)

Fedora 40 (Clang)
	Kernel: Depends on container host
	Compiler: clang 18.1.6 (Fedora 18.1.6-3.fc40)

RHEL8
	Kernel: Depends on container host
	Compiler: gcc 8.5.0 20210514 (Red Hat 8.5.0-22)

RHEL9
	Kernel: Depends on container host
	Compiler: gcc 11.4.1 20231218 (Red Hat 11.4.1-3)

Ubuntu 20.04
	Kernel: Depends on container host
	Compiler: gcc (Ubuntu 9.4.0-1ubuntu1~20.04.2) 9.4.0

Ubuntu 22.04
	Kernel: Depends on container host
	Compiler: gcc (Ubuntu 11.4.0-1ubuntu1~22.04) 11.4.0

Ubuntu 24.04
	Kernel: Depends on container host
	Compiler: gcc (Ubuntu 13.2.0-23ubuntu4) 13.2.0

Debian 12
	Kernel: Depends on container host
	Compiler: gcc (Debian 12.2.0-14) 12.2.0

Fedora 39
	Kernel: Depends on container host
	Compiler: gcc 13.3.1 20240522 (Red Hat 13.3.1-1)

To view detailed results, visit:
https://lab.dpdk.org/results/dashboard/patchsets/31523/

UNH-IOL DPDK Community Lab

To manage your email subscriptions, visit: 
https://lab.dpdk.org/results/dashboard/preferences/subscriptions/