From mboxrd@z Thu Jan  1 00:00:00 1970
Return-Path: <test-report-bounces@dpdk.org>
Received: from mails.dpdk.org (mails.dpdk.org [217.70.189.124])
	by inbox.dpdk.org (Postfix) with ESMTP id D170945B6F
	for <public@inbox.dpdk.org>; Sat, 19 Oct 2024 04:08:57 +0200 (CEST)
Received: from mails.dpdk.org (localhost [127.0.0.1])
	by mails.dpdk.org (Postfix) with ESMTP id CC20C40268;
	Sat, 19 Oct 2024 04:08:57 +0200 (CEST)
Received: from mail-pl1-f225.google.com (mail-pl1-f225.google.com
 [209.85.214.225])
 by mails.dpdk.org (Postfix) with ESMTP id EE4694025C
 for <test-report@dpdk.org>; Sat, 19 Oct 2024 04:08:55 +0200 (CEST)
Received: by mail-pl1-f225.google.com with SMTP id
 d9443c01a7336-20b5affde14so19635485ad.3
 for <test-report@dpdk.org>; Fri, 18 Oct 2024 19:08:55 -0700 (PDT)
DKIM-Signature: v=1; a=rsa-sha256; c=relaxed/relaxed;
 d=iol.unh.edu; s=unh-iol; t=1729303735; x=1729908535; darn=dpdk.org;
 h=references:in-reply-to:cc:to:from:subject:message-id:date:from:to
 :cc:subject:date:message-id:reply-to;
 bh=6i31X2rmy2ropZdV2+MxNt1B9M7CRXcaeySokaUKseY=;
 b=Qpzbl5ZrO0GbB9mUhDMn8IPVqrJkD2ETKXCw8pCNvfQ2/7hpSzyPCM6wTbrZ3Bd+p9
 Kl2LB365DRgyU5Z/hit9T8FK1Cnmo3WE+MhfwrMBQ4RcOXW/YiRLb2FBGUJtc4k+Ee8+
 /xpjhkP5gQ521ITLv68W9en1L0C1f0gMd+CLs=
X-Google-DKIM-Signature: v=1; a=rsa-sha256; c=relaxed/relaxed;
 d=1e100.net; s=20230601; t=1729303735; x=1729908535;
 h=references:in-reply-to:cc:to:from:subject:message-id:date
 :x-gm-message-state:from:to:cc:subject:date:message-id:reply-to;
 bh=6i31X2rmy2ropZdV2+MxNt1B9M7CRXcaeySokaUKseY=;
 b=RhEhndgWXZ7dhq9wcI9vaWyc32Osbhtq17hcIzZQQVDbbctmOg7CKqzrOL+7mdLu1E
 ckPwqobtAUuWyC0piXvb9BhuB5ZgorxMZw+IL+UFBkCNTahZiDEcutwJEv2Qx8CGkI5k
 4eJh04JEL7Ay1cPVVahkuWHigL62QG1lX7LFxW5bp9UhOVeA9ZznECVJY4IKNtJnFkLJ
 2GmkBZKHpKxHaJOii39sV9MVVW8ERWDtL/6DjAuMLp61J1LwWab4W36r6UelTs/Yb8uu
 yCcJxOQk+/8msBWeGjzf4mOW4G6gnUmvWQsoZR5h9GoqcdWKC7piWIxCeZD3haTzFsd0
 pHRQ==
X-Gm-Message-State: AOJu0YzQe1gKOmzEylp0gOgY0KyTKsqjAiHFhrny+6YdbhCRAWBGvEBq
 mQjWwQGMwqM+oWW0SOdhCxUSNqcS5WXUd98mBT0YmH7Foj9lYnuzD+Eo0ymo9DxKlA6vup+BWtH
 TYRTaA8Gyb82uwOxnDKX4A7lKrdbbKzMRnTV0zMG1E2Bo/IAm
X-Google-Smtp-Source: AGHT+IFy22qo9ZZeqDokgOV6R3GGs4G1qJtDDYr4IXVWh7rttNFMXbhaUSHioDiNn2UgxPE0DYQNGPuZNjeB
X-Received: by 2002:a17:902:e80c:b0:202:26d:146c with SMTP id
 d9443c01a7336-20e5a71b6ecmr51397825ad.5.1729303735058; 
 Fri, 18 Oct 2024 19:08:55 -0700 (PDT)
Received: from postal.iol.unh.edu (postal.iol.unh.edu.
 [2606:4100:3880:1234::84]) by smtp-relay.gmail.com with ESMTPS id
 d9443c01a7336-20e5a8f7653sm942165ad.124.2024.10.18.19.08.54
 (version=TLS1_2 cipher=ECDHE-ECDSA-AES128-GCM-SHA256 bits=128/128);
 Fri, 18 Oct 2024 19:08:55 -0700 (PDT)
X-Relaying-Domain: iol.unh.edu
Date: Fri, 18 Oct 2024 19:08:55 -0700 (PDT)
Message-ID: <671314b7.170a0220.c2e64.64afSMTPIN_ADDED_MISSING@mx.google.com>
Received: from [172.21.0.2] (unknown [172.18.0.240])
 by postal.iol.unh.edu (Postfix) with ESMTP id 744F76052471;
 Fri, 18 Oct 2024 22:08:54 -0400 (EDT)
Subject: |FAILURE| pw146209-146208 [PATCH] [v2,2/2] test/power: fix power lib
From: dpdklab@iol.unh.edu
To: Test Report <test-report@dpdk.org>
Cc: dpdk-test-reports@iol.unh.edu,
 Sivaprasad Tummala <Sivaprasad.Tummala@amd.com>
In-Reply-To: <20241018033435.1305782-2-sivaprasad.tummala@amd.com>
References: <20241018033435.1305782-2-sivaprasad.tummala@amd.com>
Content-Type: text/plain
X-BeenThere: test-report@dpdk.org
X-Mailman-Version: 2.1.29
Precedence: list
List-Id: automatic DPDK test reports <test-report.dpdk.org>
List-Unsubscribe: <https://mails.dpdk.org/options/test-report>,
 <mailto:test-report-request@dpdk.org?subject=unsubscribe>
List-Archive: <http://mails.dpdk.org/archives/test-report/>
List-Post: <mailto:test-report@dpdk.org>
List-Help: <mailto:test-report-request@dpdk.org?subject=help>
List-Subscribe: <https://mails.dpdk.org/listinfo/test-report>,
 <mailto:test-report-request@dpdk.org?subject=subscribe>
Errors-To: test-report-bounces@dpdk.org

Test-Label: iol-unit-amd64-testing
Test-Status: FAILURE
http://dpdk.org/patch/146208

_Testing issues_

Submitter: Sivaprasad Tummala <Sivaprasad.Tummala@amd.com>
Date: Friday, October 18 2024 03:34:35 
DPDK git baseline: Repo:dpdk
  Branch: master
  CommitID:fe8eba692c59a92c9308f1fe429b101b9f2377bf

146209-146208 --> testing issues

Upstream job id: Generic-Unit-Test-DPDK#277664

Test environment and result as below:

+---------------------+----------------+
|     Environment     | dpdk_unit_test |
+=====================+================+
| CentOS Stream 9     | PASS           |
+---------------------+----------------+
| Debian Bullseye     | PASS           |
+---------------------+----------------+
| Debian 12           | FAIL           |
+---------------------+----------------+
| Fedora 37           | FAIL           |
+---------------------+----------------+
| Fedora 38           | FAIL           |
+---------------------+----------------+
| Fedora 38 (Clang)   | FAIL           |
+---------------------+----------------+
| Fedora 39           | FAIL           |
+---------------------+----------------+
| Fedora 39 (Clang)   | FAIL           |
+---------------------+----------------+
| Fedora 40           | FAIL           |
+---------------------+----------------+
| Fedora 40 (Clang)   | FAIL           |
+---------------------+----------------+
| RHEL8               | PASS           |
+---------------------+----------------+
| RHEL9               | PASS           |
+---------------------+----------------+
| Ubuntu 20.04        | PASS           |
+---------------------+----------------+
| Ubuntu 22.04        | PASS           |
+---------------------+----------------+
| Ubuntu 24.04        | FAIL           |
+---------------------+----------------+
| Windows Server 2022 | PASS           |
+---------------------+----------------+

==== Unit test summary for Ubuntu 24.04 (dpdk_unit_test): ====
ninja: Entering directory `/home-local/jenkins-local/jenkins-agent/workspace/Generic-Unit-Test-DPDK/dpdk/build'
ninja: no work to do.


Ok:                 0   
Expected Fail:      0   
Fail:               0   
Unexpected Pass:    0   
Skipped:            0   
Timeout:            0   

Full log written to /home-local/jenkins-local/jenkins-agent/workspace/Generic-Unit-Test-DPDK/dpdk/build/meson-logs/testlog.txt

==== End log output ====

CentOS Stream 9
	Kernel: Depends on container host
	Compiler: gcc 11.4.1 20231218 (Red Hat 11.4.1-3)

Debian Bullseye
	Kernel: Depends on container host
	Compiler: gcc (Debian 10.2.1-6) 10.2.1 20210110

Debian 12
	Kernel: Depends on container host
	Compiler: gcc (Debian 12.2.0-14) 12.2.0

Fedora 37
	Kernel: Depends on container host system
	Compiler: gcc 12.3.1 20230508 (Red Hat 12.3.1-1)

Fedora 38
	Kernel: Depends on container host
	Compiler: gcc 13.2.1 20240316 (Red Hat 13.2.1-7)

Fedora 38 (Clang)
	Kernel: Depends on container host
	Compiler: clang 16.0.6 (Fedora 16.0.6-4.fc38)

Fedora 39
	Kernel: Depends on container host
	Compiler: gcc 13.3.1 20240522 (Red Hat 13.3.1-1)

Fedora 39 (Clang)
	Kernel: Depends on container host
	Compiler: clang 17.0.6 (Fedora 17.0.6-2.fc39)

Fedora 40
	Kernel: Depends on container host
	Compiler: gcc 14.2.1 20240801 (Red Hat 14.2.1-1)

Fedora 40 (Clang)
	Kernel: Depends on container host
	Compiler: clang 18.1.6 (Fedora 18.1.6-3.fc40)

RHEL8
	Kernel: Depends on container host
	Compiler: gcc 8.5.0 20210514 (Red Hat 8.5.0-22)

RHEL9
	Kernel: Depends on container host
	Compiler: gcc 11.4.1 20231218 (Red Hat 11.4.1-3)

Ubuntu 20.04
	Kernel: Depends on container host
	Compiler: gcc (Ubuntu 9.4.0-1ubuntu1~20.04.2) 9.4.0

Ubuntu 22.04
	Kernel: Depends on container host
	Compiler: gcc (Ubuntu 11.4.0-1ubuntu1~22.04) 11.4.0

Ubuntu 24.04
	Kernel: Depends on container host
	Compiler: gcc (Ubuntu 13.2.0-23ubuntu4) 13.2.0

Windows Server 2022
	Kernel: 10.0.20348.2031
	Compiler: clang 15.0.7, gcc 14.1.0 (MinGW), and MSVC VS 19.39.33521

To view detailed results, visit:
https://lab.dpdk.org/results/dashboard/patchsets/31547/

UNH-IOL DPDK Community Lab

To manage your email subscriptions, visit: 
https://lab.dpdk.org/results/dashboard/preferences/subscriptions/