From mboxrd@z Thu Jan  1 00:00:00 1970
Return-Path: <test-report-bounces@dpdk.org>
Received: from mails.dpdk.org (mails.dpdk.org [217.70.189.124])
	by inbox.dpdk.org (Postfix) with ESMTP id 327E345B72
	for <public@inbox.dpdk.org>; Sat, 19 Oct 2024 09:33:24 +0200 (CEST)
Received: from mails.dpdk.org (localhost [127.0.0.1])
	by mails.dpdk.org (Postfix) with ESMTP id 2A11040268;
	Sat, 19 Oct 2024 09:33:24 +0200 (CEST)
Received: from mail-pl1-f228.google.com (mail-pl1-f228.google.com
 [209.85.214.228])
 by mails.dpdk.org (Postfix) with ESMTP id 49FAE4025C
 for <test-report@dpdk.org>; Sat, 19 Oct 2024 09:33:23 +0200 (CEST)
Received: by mail-pl1-f228.google.com with SMTP id
 d9443c01a7336-20ca7fc4484so21351145ad.3
 for <test-report@dpdk.org>; Sat, 19 Oct 2024 00:33:23 -0700 (PDT)
DKIM-Signature: v=1; a=rsa-sha256; c=relaxed/relaxed;
 d=iol.unh.edu; s=unh-iol; t=1729323202; x=1729928002; darn=dpdk.org;
 h=references:in-reply-to:cc:to:from:subject:message-id:date:from:to
 :cc:subject:date:message-id:reply-to;
 bh=CHBOIprJuX8Um9NK/xfz1/4UnVY6+6tyLrc1Bm5bfXY=;
 b=azMu2Yk2hynMAYu0+QJG5clPXoQ+vphajhWHiECsJ50a2Ya4KAL7Pvgz14E2JDtE1F
 VX/vFyRKBJBAZNoQbZZg66hlUyw35zOz0Fq/NvR5P8ljhv7qO1cBsch4/jQdEP6pwVUp
 l3r0A16JwHJM91zQ3vbVBpVd35T0LpLIyNiZw=
X-Google-DKIM-Signature: v=1; a=rsa-sha256; c=relaxed/relaxed;
 d=1e100.net; s=20230601; t=1729323202; x=1729928002;
 h=references:in-reply-to:cc:to:from:subject:message-id:date
 :x-gm-message-state:from:to:cc:subject:date:message-id:reply-to;
 bh=CHBOIprJuX8Um9NK/xfz1/4UnVY6+6tyLrc1Bm5bfXY=;
 b=CIvwtFM+WjjPA29zOTPLFnFRP6Vq6Q2+3JDIrwTzRnNe9Q8HVaqV/FvOgDZDZey7KJ
 rGxbnz5HfOyzPHVHvRR/mfO5DY9B9dEzK6CJOSsf2ANWDL0IiTuqRrfouOlPmJlQf7GL
 vNGFrF/z3xZXDIpeT9KiO9c+XKLZCMHGFDeT7BAuCMC6vIaVl0U2eEv5egj/FIqZet6S
 qGkSGEKA1S0Rsj6de3jgbBqIg64OneIu5JI4edjpSbIec2JoMjQ5keCymmiBkpm6/6st
 Hm3DdzEO2T2Gj8IO2b56M/N4Q/pnUOXl488SjdWBAeVDG7gLEFhFkBvJPKxU0bfr70W4
 10tw==
X-Gm-Message-State: AOJu0YxlrpfIMjE81Cru5ANFoNjfkOxrmfsMjcVXEiIoEI9EXhRC5q4C
 K9jCMAjsFT0D1tx0YOrBja95Lzhv/XtWrXIslwsk+g7/pYSP1Lof3Wd9PJBvPB83AdvqSpgZVr1
 WDMbX8JtFfZ2BuE5BBx5XL04lAZLSdAIuYhXhDY8Pbdb4n333JGqfhgiB
X-Google-Smtp-Source: AGHT+IFcv8y59Awso7vvIoUSjhbbv8doEwREB4CHGKcwy5HHH1jkjJ+BVNyxGU5vl+L1h1P46QXZQP8hq4br
X-Received: by 2002:a17:902:e845:b0:20b:775f:506d with SMTP id
 d9443c01a7336-20e5a9054bfmr72221095ad.34.1729323202275; 
 Sat, 19 Oct 2024 00:33:22 -0700 (PDT)
Received: from postal.iol.unh.edu (postal.iol.unh.edu.
 [2606:4100:3880:1234::84]) by smtp-relay.gmail.com with ESMTPS id
 d9443c01a7336-20e5a8d65b5sm1148265ad.100.2024.10.19.00.33.22
 (version=TLS1_2 cipher=ECDHE-ECDSA-AES128-GCM-SHA256 bits=128/128);
 Sat, 19 Oct 2024 00:33:22 -0700 (PDT)
X-Relaying-Domain: iol.unh.edu
Date: Sat, 19 Oct 2024 00:33:22 -0700 (PDT)
Message-ID: <671360c2.170a0220.367b24.7bc5SMTPIN_ADDED_MISSING@mx.google.com>
Received: from [172.21.0.4] (unknown [172.18.0.240])
 by postal.iol.unh.edu (Postfix) with ESMTP id 7578A6052471;
 Sat, 19 Oct 2024 03:33:21 -0400 (EDT)
Subject: |FAILURE| pw146210-146213 [PATCH] [4/4] net/hns3: support outer VLAN
From: dpdklab@iol.unh.edu
To: Test Report <test-report@dpdk.org>
Cc: dpdk-test-reports@iol.unh.edu, Jie Hai <haijie1@huawei.com>
In-Reply-To: <20241018061941.29960-5-haijie1@huawei.com>
References: <20241018061941.29960-5-haijie1@huawei.com>
Content-Type: text/plain
X-BeenThere: test-report@dpdk.org
X-Mailman-Version: 2.1.29
Precedence: list
List-Id: automatic DPDK test reports <test-report.dpdk.org>
List-Unsubscribe: <https://mails.dpdk.org/options/test-report>,
 <mailto:test-report-request@dpdk.org?subject=unsubscribe>
List-Archive: <http://mails.dpdk.org/archives/test-report/>
List-Post: <mailto:test-report@dpdk.org>
List-Help: <mailto:test-report-request@dpdk.org?subject=help>
List-Subscribe: <https://mails.dpdk.org/listinfo/test-report>,
 <mailto:test-report-request@dpdk.org?subject=subscribe>
Errors-To: test-report-bounces@dpdk.org

Test-Label: iol-unit-amd64-testing
Test-Status: FAILURE
http://dpdk.org/patch/146213

_Testing issues_

Submitter: Jie Hai <haijie1@huawei.com>
Date: Friday, October 18 2024 06:19:41 
DPDK git baseline: Repo:dpdk
  Branch: master
  CommitID:03d37ac13b61563fb31e4a0f5d0e427a61d548d5

146210-146213 --> testing issues

Upstream job id: Generic-Unit-Test-DPDK#277924

Test environment and result as below:

+---------------------+----------------+
|     Environment     | dpdk_unit_test |
+=====================+================+
| Windows Server 2022 | PASS           |
+---------------------+----------------+
| CentOS Stream 9     | PASS           |
+---------------------+----------------+
| Debian Bullseye     | PASS           |
+---------------------+----------------+
| Debian 12           | FAIL           |
+---------------------+----------------+
| Fedora 37           | FAIL           |
+---------------------+----------------+
| Fedora 38           | FAIL           |
+---------------------+----------------+
| Fedora 38 (Clang)   | FAIL           |
+---------------------+----------------+
| Fedora 39           | FAIL           |
+---------------------+----------------+
| Fedora 39 (Clang)   | FAIL           |
+---------------------+----------------+
| Fedora 40           | FAIL           |
+---------------------+----------------+
| Fedora 40 (Clang)   | FAIL           |
+---------------------+----------------+
| RHEL8               | PASS           |
+---------------------+----------------+
| RHEL9               | PASS           |
+---------------------+----------------+
| Ubuntu 20.04        | PASS           |
+---------------------+----------------+
| Ubuntu 24.04        | FAIL           |
+---------------------+----------------+
| Ubuntu 22.04        | PASS           |
+---------------------+----------------+

==== Unit test summary for Ubuntu 24.04 (dpdk_unit_test): ====
ninja: Entering directory `/home-local/jenkins-local/jenkins-agent/workspace/Generic-Unit-Test-DPDK/dpdk/build'
ninja: no work to do.


Ok:                 0   
Expected Fail:      0   
Fail:               0   
Unexpected Pass:    0   
Skipped:            0   
Timeout:            0   

Full log written to /home-local/jenkins-local/jenkins-agent/workspace/Generic-Unit-Test-DPDK/dpdk/build/meson-logs/testlog.txt

==== End log output ====

Windows Server 2022
	Kernel: 10.0.20348.2031
	Compiler: clang 15.0.7, gcc 14.1.0 (MinGW), and MSVC VS 19.39.33521

CentOS Stream 9
	Kernel: Depends on container host
	Compiler: gcc 11.4.1 20231218 (Red Hat 11.4.1-3)

Debian Bullseye
	Kernel: Depends on container host
	Compiler: gcc (Debian 10.2.1-6) 10.2.1 20210110

Debian 12
	Kernel: Depends on container host
	Compiler: gcc (Debian 12.2.0-14) 12.2.0

Fedora 37
	Kernel: Depends on container host system
	Compiler: gcc 12.3.1 20230508 (Red Hat 12.3.1-1)

Fedora 38
	Kernel: Depends on container host
	Compiler: gcc 13.2.1 20240316 (Red Hat 13.2.1-7)

Fedora 38 (Clang)
	Kernel: Depends on container host
	Compiler: clang 16.0.6 (Fedora 16.0.6-4.fc38)

Fedora 39
	Kernel: Depends on container host
	Compiler: gcc 13.3.1 20240522 (Red Hat 13.3.1-1)

Fedora 39 (Clang)
	Kernel: Depends on container host
	Compiler: clang 17.0.6 (Fedora 17.0.6-2.fc39)

Fedora 40
	Kernel: Depends on container host
	Compiler: gcc 14.2.1 20240801 (Red Hat 14.2.1-1)

Fedora 40 (Clang)
	Kernel: Depends on container host
	Compiler: clang 18.1.6 (Fedora 18.1.6-3.fc40)

RHEL8
	Kernel: Depends on container host
	Compiler: gcc 8.5.0 20210514 (Red Hat 8.5.0-22)

RHEL9
	Kernel: Depends on container host
	Compiler: gcc 11.4.1 20231218 (Red Hat 11.4.1-3)

Ubuntu 20.04
	Kernel: Depends on container host
	Compiler: gcc (Ubuntu 9.4.0-1ubuntu1~20.04.2) 9.4.0

Ubuntu 24.04
	Kernel: Depends on container host
	Compiler: gcc (Ubuntu 13.2.0-23ubuntu4) 13.2.0

Ubuntu 22.04
	Kernel: Depends on container host
	Compiler: gcc (Ubuntu 11.4.0-1ubuntu1~22.04) 11.4.0

To view detailed results, visit:
https://lab.dpdk.org/results/dashboard/patchsets/31548/

UNH-IOL DPDK Community Lab

To manage your email subscriptions, visit: 
https://lab.dpdk.org/results/dashboard/preferences/subscriptions/