From mboxrd@z Thu Jan  1 00:00:00 1970
Return-Path: <test-report-bounces@dpdk.org>
Received: from mails.dpdk.org (mails.dpdk.org [217.70.189.124])
	by inbox.dpdk.org (Postfix) with ESMTP id AEBE145B75
	for <public@inbox.dpdk.org>; Sat, 19 Oct 2024 12:29:30 +0200 (CEST)
Received: from mails.dpdk.org (localhost [127.0.0.1])
	by mails.dpdk.org (Postfix) with ESMTP id A9C8340268;
	Sat, 19 Oct 2024 12:29:30 +0200 (CEST)
Received: from mail-pj1-f100.google.com (mail-pj1-f100.google.com
 [209.85.216.100])
 by mails.dpdk.org (Postfix) with ESMTP id 3FD794025C
 for <test-report@dpdk.org>; Sat, 19 Oct 2024 12:29:29 +0200 (CEST)
Received: by mail-pj1-f100.google.com with SMTP id
 98e67ed59e1d1-2e2ed2230d8so2263927a91.0
 for <test-report@dpdk.org>; Sat, 19 Oct 2024 03:29:29 -0700 (PDT)
DKIM-Signature: v=1; a=rsa-sha256; c=relaxed/relaxed;
 d=iol.unh.edu; s=unh-iol; t=1729333768; x=1729938568; darn=dpdk.org;
 h=references:in-reply-to:cc:to:from:subject:message-id:date:from:to
 :cc:subject:date:message-id:reply-to;
 bh=M2uF30EMarjPK+zag5mksQX+tV+Kgo4hh5D+K2NdGfE=;
 b=GjLxQSNi8wRv/pXcyA43ymiaLb1JupkxNkh8nk0tCDyWx/SYGmWsY+DHLjcHpziOLs
 0wSY5zUrGCnfokgZX++YOrG8bjWzkNb9rSNZOYQI1BJJy9TJYpvXk+8a+wGWZ1yttiOr
 Wep8I/Odg49PMi/KtX7P909sdQEQKmL3omxvI=
X-Google-DKIM-Signature: v=1; a=rsa-sha256; c=relaxed/relaxed;
 d=1e100.net; s=20230601; t=1729333768; x=1729938568;
 h=references:in-reply-to:cc:to:from:subject:message-id:date
 :x-gm-message-state:from:to:cc:subject:date:message-id:reply-to;
 bh=M2uF30EMarjPK+zag5mksQX+tV+Kgo4hh5D+K2NdGfE=;
 b=lD71tPoKpg4b5Et2cno8cU4/R9WlI5G4rUB7z6mkVVa0k96YqWWDzEkbNReJ7QVu1m
 YcKhyVpEu1C/AqFs0ahrQ+O4voGsnfs50bXPeqp6tLfh4HeBRpW/xZoFv2wA5J3QmqyP
 iiaU3Y29VOZisPuSqPw6TWQR76BXhdIJDGgADEcnDrcXZWHGnbwqbE6DIVGYAVH28MNN
 z3qnfiQ7KCdZy29ZpKZSQWNDQkLhpB4NVI3DCsvyU6aI0FIJmZcNe7TpG8ho7q+OLs/M
 bx/SBGoDdK6G2gx8ous+6WIb+B41pVgeq+P64+tYyLyNqtyE/KtLdkI/8Jm3BUcwYHM+
 rWNA==
X-Gm-Message-State: AOJu0YxVIFVcoOoiYqmZJK9tYET48fk3WzyzId3fd8vfqzOqWxiVIECP
 Kho5kaRIdmsEj4QNSL7VDzvJxQCQLjBCOltvKeQIhwz24dMv0vnteKJryvmq1duLDi6/PufZcgl
 GzCFccGkU0iiiguWn0pmF/4z1i8YXqpEZ+58YLsoQj5Niwzum
X-Google-Smtp-Source: AGHT+IEIG8XBqKcGiP2WkpQ1LDFhHkUnpI7wgrRLYf6D/bcq5EQrAP48xpmrwB4iAi1kl7OBhnqwRUEX9pTG
X-Received: by 2002:a17:90a:ac06:b0:2e5:5e55:7f1b with SMTP id
 98e67ed59e1d1-2e5616c41f7mr6762239a91.4.1729333768323; 
 Sat, 19 Oct 2024 03:29:28 -0700 (PDT)
Received: from postal.iol.unh.edu (postal.iol.unh.edu.
 [2606:4100:3880:1234::84]) by smtp-relay.gmail.com with ESMTPS id
 98e67ed59e1d1-2e55da3d0c9sm205931a91.13.2024.10.19.03.29.28
 (version=TLS1_2 cipher=ECDHE-ECDSA-AES128-GCM-SHA256 bits=128/128);
 Sat, 19 Oct 2024 03:29:28 -0700 (PDT)
X-Relaying-Domain: iol.unh.edu
Date: Sat, 19 Oct 2024 03:29:28 -0700 (PDT)
Message-ID: <67138a08.170a0220.3c29ae.e420SMTPIN_ADDED_MISSING@mx.google.com>
Received: from [172.17.0.3] (unknown [172.18.0.217])
 by postal.iol.unh.edu (Postfix) with ESMTP id 8862A6052471;
 Sat, 19 Oct 2024 06:29:27 -0400 (EDT)
Subject: |FAILURE| pw146117-146121 [PATCH] [6/6] net/nfp: correct of misspell
From: dpdklab@iol.unh.edu
To: Test Report <test-report@dpdk.org>
Cc: dpdk-test-reports@iol.unh.edu, Chaoyong He <chaoyong.he@corigine.com>
In-Reply-To: <20241017061547.4068520-7-chaoyong.he@corigine.com>
References: <20241017061547.4068520-7-chaoyong.he@corigine.com>
Content-Type: text/plain
X-BeenThere: test-report@dpdk.org
X-Mailman-Version: 2.1.29
Precedence: list
List-Id: automatic DPDK test reports <test-report.dpdk.org>
List-Unsubscribe: <https://mails.dpdk.org/options/test-report>,
 <mailto:test-report-request@dpdk.org?subject=unsubscribe>
List-Archive: <http://mails.dpdk.org/archives/test-report/>
List-Post: <mailto:test-report@dpdk.org>
List-Help: <mailto:test-report-request@dpdk.org?subject=help>
List-Subscribe: <https://mails.dpdk.org/listinfo/test-report>,
 <mailto:test-report-request@dpdk.org?subject=subscribe>
Errors-To: test-report-bounces@dpdk.org

Test-Label: iol-unit-amd64-testing
Test-Status: FAILURE
http://dpdk.org/patch/146121

_Testing issues_

Submitter: Chaoyong He <chaoyong.he@corigine.com>
Date: Thursday, October 17 2024 06:15:47 
DPDK git baseline: Repo:dpdk
  Branch: master
  CommitID:f0d9e787747dda0715654da9f0501f54fe105868

146117-146121 --> testing issues

Upstream job id: Generic-Unit-Test-DPDK#277962

Test environment and result as below:

+---------------------+----------------+
|     Environment     | dpdk_unit_test |
+=====================+================+
| Windows Server 2022 | PEND           |
+---------------------+----------------+
| CentOS Stream 9     | PASS           |
+---------------------+----------------+
| Debian Bullseye     | PASS           |
+---------------------+----------------+
| Debian 12           | FAIL           |
+---------------------+----------------+
| Fedora 37           | PEND           |
+---------------------+----------------+
| Fedora 38           | PEND           |
+---------------------+----------------+

==== Unit test summary for Debian 12 (dpdk_unit_test): ====
ninja: Entering directory `/home-local/jenkins-local/jenkins-agent/workspace/Generic-Unit-Test-DPDK/dpdk/build'
ninja: no work to do.


Ok:                 0   
Expected Fail:      0   
Fail:               0   
Unexpected Pass:    0   
Skipped:            0   
Timeout:            0   

Full log written to /home-local/jenkins-local/jenkins-agent/workspace/Generic-Unit-Test-DPDK/dpdk/build/meson-logs/testlog.txt

==== End log output ====

Windows Server 2022
	Kernel: 10.0.20348.2031
	Compiler: clang 15.0.7, gcc 14.1.0 (MinGW), and MSVC VS 19.39.33521

CentOS Stream 9
	Kernel: Depends on container host
	Compiler: gcc 11.4.1 20231218 (Red Hat 11.4.1-3)

Debian Bullseye
	Kernel: Depends on container host
	Compiler: gcc (Debian 10.2.1-6) 10.2.1 20210110

Debian 12
	Kernel: Depends on container host
	Compiler: gcc (Debian 12.2.0-14) 12.2.0

Fedora 37
	Kernel: Depends on container host system
	Compiler: gcc 12.3.1 20230508 (Red Hat 12.3.1-1)

Fedora 38
	Kernel: Depends on container host
	Compiler: gcc 13.2.1 20240316 (Red Hat 13.2.1-7)

To view detailed results, visit:
https://lab.dpdk.org/results/dashboard/patchsets/31521/

UNH-IOL DPDK Community Lab

To manage your email subscriptions, visit: 
https://lab.dpdk.org/results/dashboard/preferences/subscriptions/