From mboxrd@z Thu Jan  1 00:00:00 1970
Return-Path: <test-report-bounces@dpdk.org>
Received: from mails.dpdk.org (mails.dpdk.org [217.70.189.124])
	by inbox.dpdk.org (Postfix) with ESMTP id D68DD45B75
	for <public@inbox.dpdk.org>; Sat, 19 Oct 2024 12:30:03 +0200 (CEST)
Received: from mails.dpdk.org (localhost [127.0.0.1])
	by mails.dpdk.org (Postfix) with ESMTP id CD9B640268;
	Sat, 19 Oct 2024 12:30:03 +0200 (CEST)
Received: from mail-pl1-f225.google.com (mail-pl1-f225.google.com
 [209.85.214.225])
 by mails.dpdk.org (Postfix) with ESMTP id 59B534025C
 for <test-report@dpdk.org>; Sat, 19 Oct 2024 12:30:02 +0200 (CEST)
Received: by mail-pl1-f225.google.com with SMTP id
 d9443c01a7336-20cb7139d9dso27810625ad.1
 for <test-report@dpdk.org>; Sat, 19 Oct 2024 03:30:02 -0700 (PDT)
DKIM-Signature: v=1; a=rsa-sha256; c=relaxed/relaxed;
 d=iol.unh.edu; s=unh-iol; t=1729333801; x=1729938601; darn=dpdk.org;
 h=references:in-reply-to:cc:to:from:subject:message-id:date:from:to
 :cc:subject:date:message-id:reply-to;
 bh=1I7f1r15AtL5MTPfXO6s2830UHFTeZ3sKE9vVRTiMuI=;
 b=g+YpfCJt82pSMNIPL+D9QlDB5RR537M5IYekRgE2zDrJ+FCeCB95v1vvHoIeyIOopm
 /s8IWQTkHf+ud5CYhNy9+2afCKBgsXyGzEXCzbyfH4Mj/3NUpkYDetjHYSBzv33EiszW
 2pDHHTL40Th+KsfjEZLeu2rOQEcx+PsxWLZFs=
X-Google-DKIM-Signature: v=1; a=rsa-sha256; c=relaxed/relaxed;
 d=1e100.net; s=20230601; t=1729333801; x=1729938601;
 h=references:in-reply-to:cc:to:from:subject:message-id:date
 :x-gm-message-state:from:to:cc:subject:date:message-id:reply-to;
 bh=1I7f1r15AtL5MTPfXO6s2830UHFTeZ3sKE9vVRTiMuI=;
 b=tcNSQIuff5TCI+d/13dLTJxZR25TirMfmgfz6XR/YL2tnNU0A+iaz9foheDa7Vu7Il
 wd/ahrgsPBm7FqJstBh/dNlq2ZJtBEywoJjJ0w/I/8caH86HEebfnmagaMhqz/X5IcK7
 vkT22BTveH6Teg2cqWT19U0MYbzuzoUYviYYmy84Yrgu953isBB7teGKlg+wOev9ZhHK
 G4dHlRMMYTP3dFU7hlY1j5Je3X+uOtEa7PpgE/DBhg312yPDnSKgeWiGg5InpdJYPSdR
 W5cuSCLadkiPCH9NCgROXXZpZO+wo3rw1EubcJMo1J7/OPXTA3KeYh2420/VY0tQZhPP
 EKDQ==
X-Gm-Message-State: AOJu0Yx8NRbjfX9vcYKfIYuXLuUqABT8gf4MspRajO1QF73cNG7vE9e0
 pFmecod7WhPQ8HGAPKgWvg8S0aM4i5Ns9ah9JhAcXDW2nHaHpFdUclPIoFRXKCrvJW4HGtKyHT9
 0tlc65VpOmSAiEjVDC9CGUZmxB8/HsUP7
X-Google-Smtp-Source: AGHT+IHw7jPC71/uAP29do7neKTIKuAxYaWE/jhvvIINnSyaSDPzWLdBt9wmgQh874qgfouhle/BUCO0fhXg
X-Received: by 2002:a17:902:db04:b0:20e:5997:c107 with SMTP id
 d9443c01a7336-20e5a8fb320mr74549005ad.39.1729333801481; 
 Sat, 19 Oct 2024 03:30:01 -0700 (PDT)
Received: from postal.iol.unh.edu (postal.iol.unh.edu. [132.177.123.84])
 by smtp-relay.gmail.com with ESMTPS id
 d9443c01a7336-20e5a8f0fa2sm1090015ad.112.2024.10.19.03.30.01
 (version=TLS1_2 cipher=ECDHE-ECDSA-AES128-GCM-SHA256 bits=128/128);
 Sat, 19 Oct 2024 03:30:01 -0700 (PDT)
X-Relaying-Domain: iol.unh.edu
Date: Sat, 19 Oct 2024 03:30:01 -0700 (PDT)
Message-ID: <67138a29.170a0220.392fc7.770bSMTPIN_ADDED_MISSING@mx.google.com>
Received: from [172.17.0.2] (unknown [172.18.0.217])
 by postal.iol.unh.edu (Postfix) with ESMTP id A25546052471;
 Sat, 19 Oct 2024 06:30:00 -0400 (EDT)
Subject: |FAILURE| pw146117-146121 [PATCH] [6/6] net/nfp: correct of misspell
From: dpdklab@iol.unh.edu
To: Test Report <test-report@dpdk.org>
Cc: dpdk-test-reports@iol.unh.edu, Chaoyong He <chaoyong.he@corigine.com>
In-Reply-To: <20241017061547.4068520-7-chaoyong.he@corigine.com>
References: <20241017061547.4068520-7-chaoyong.he@corigine.com>
Content-Type: text/plain
X-BeenThere: test-report@dpdk.org
X-Mailman-Version: 2.1.29
Precedence: list
List-Id: automatic DPDK test reports <test-report.dpdk.org>
List-Unsubscribe: <https://mails.dpdk.org/options/test-report>,
 <mailto:test-report-request@dpdk.org?subject=unsubscribe>
List-Archive: <http://mails.dpdk.org/archives/test-report/>
List-Post: <mailto:test-report@dpdk.org>
List-Help: <mailto:test-report-request@dpdk.org?subject=help>
List-Subscribe: <https://mails.dpdk.org/listinfo/test-report>,
 <mailto:test-report-request@dpdk.org?subject=subscribe>
Errors-To: test-report-bounces@dpdk.org

Test-Label: iol-unit-amd64-testing
Test-Status: FAILURE
http://dpdk.org/patch/146121

_Testing issues_

Submitter: Chaoyong He <chaoyong.he@corigine.com>
Date: Thursday, October 17 2024 06:15:47 
DPDK git baseline: Repo:dpdk
  Branch: master
  CommitID:f0d9e787747dda0715654da9f0501f54fe105868

146117-146121 --> testing issues

Upstream job id: Generic-Unit-Test-DPDK#277964

Test environment and result as below:

+---------------------+----------------+
|     Environment     | dpdk_unit_test |
+=====================+================+
| Windows Server 2022 | PEND           |
+---------------------+----------------+
| CentOS Stream 9     | PASS           |
+---------------------+----------------+
| Debian Bullseye     | PASS           |
+---------------------+----------------+
| Debian 12           | FAIL           |
+---------------------+----------------+
| Fedora 37           | PEND           |
+---------------------+----------------+
| Fedora 38           | PEND           |
+---------------------+----------------+
| Fedora 38 (Clang)   | PEND           |
+---------------------+----------------+

==== Unit test summary for Debian 12 (dpdk_unit_test): ====
ninja: Entering directory `/home-local/jenkins-local/jenkins-agent/workspace/Generic-Unit-Test-DPDK/dpdk/build'
ninja: no work to do.


Ok:                 0   
Expected Fail:      0   
Fail:               0   
Unexpected Pass:    0   
Skipped:            0   
Timeout:            0   

Full log written to /home-local/jenkins-local/jenkins-agent/workspace/Generic-Unit-Test-DPDK/dpdk/build/meson-logs/testlog.txt

==== End log output ====

Windows Server 2022
	Kernel: 10.0.20348.2031
	Compiler: clang 15.0.7, gcc 14.1.0 (MinGW), and MSVC VS 19.39.33521

CentOS Stream 9
	Kernel: Depends on container host
	Compiler: gcc 11.4.1 20231218 (Red Hat 11.4.1-3)

Debian Bullseye
	Kernel: Depends on container host
	Compiler: gcc (Debian 10.2.1-6) 10.2.1 20210110

Debian 12
	Kernel: Depends on container host
	Compiler: gcc (Debian 12.2.0-14) 12.2.0

Fedora 37
	Kernel: Depends on container host system
	Compiler: gcc 12.3.1 20230508 (Red Hat 12.3.1-1)

Fedora 38
	Kernel: Depends on container host
	Compiler: gcc 13.2.1 20240316 (Red Hat 13.2.1-7)

Fedora 38 (Clang)
	Kernel: Depends on container host
	Compiler: clang 16.0.6 (Fedora 16.0.6-4.fc38)

To view detailed results, visit:
https://lab.dpdk.org/results/dashboard/patchsets/31521/

UNH-IOL DPDK Community Lab

To manage your email subscriptions, visit: 
https://lab.dpdk.org/results/dashboard/preferences/subscriptions/