From mboxrd@z Thu Jan  1 00:00:00 1970
Return-Path: <test-report-bounces@dpdk.org>
Received: from mails.dpdk.org (mails.dpdk.org [217.70.189.124])
	by inbox.dpdk.org (Postfix) with ESMTP id DB32E45B22
	for <public@inbox.dpdk.org>; Sun, 20 Oct 2024 01:01:12 +0200 (CEST)
Received: from mails.dpdk.org (localhost [127.0.0.1])
	by mails.dpdk.org (Postfix) with ESMTP id D656B40290;
	Sun, 20 Oct 2024 01:01:12 +0200 (CEST)
Received: from mail-oo1-f100.google.com (mail-oo1-f100.google.com
 [209.85.161.100])
 by mails.dpdk.org (Postfix) with ESMTP id 82AE040289
 for <test-report@dpdk.org>; Sun, 20 Oct 2024 01:01:11 +0200 (CEST)
Received: by mail-oo1-f100.google.com with SMTP id
 006d021491bc7-5eb8099f2e2so1173756eaf.3
 for <test-report@dpdk.org>; Sat, 19 Oct 2024 16:01:11 -0700 (PDT)
DKIM-Signature: v=1; a=rsa-sha256; c=relaxed/relaxed;
 d=iol.unh.edu; s=unh-iol; t=1729378870; x=1729983670; darn=dpdk.org;
 h=references:in-reply-to:cc:to:from:subject:message-id:date:from:to
 :cc:subject:date:message-id:reply-to;
 bh=jZmZ7U4PbUM+x4Sc/rdzdonYYE1Ds2Cs+xK09rI2HvU=;
 b=Ih38flDJZmkAkKIaHCdWQ4zHEiaWnqsf+AgThiC9qmKHPDUJenZHPxWDMAnUINkClp
 Aq7n1YzVyv3Fw/TIytxAiWfwfMOLnsNymplfxZhihmE0FGmkY1HCIXUI0dDxmroP+DY1
 fNFULs8744IAD9FF7N7NBK/c/8cJI+5Y2RSck=
X-Google-DKIM-Signature: v=1; a=rsa-sha256; c=relaxed/relaxed;
 d=1e100.net; s=20230601; t=1729378870; x=1729983670;
 h=references:in-reply-to:cc:to:from:subject:message-id:date
 :x-gm-message-state:from:to:cc:subject:date:message-id:reply-to;
 bh=jZmZ7U4PbUM+x4Sc/rdzdonYYE1Ds2Cs+xK09rI2HvU=;
 b=pJVtQOAEvCY6jhmOXUlGFLkUHxBmauJ9mHBz99B0g+PIoVl/bsmAzQGzM1brfLaF3Y
 086UxRTMleNvoOJKLgTv9CscmJETabzDoSgZ+FHAg7v/Fng2hzHaYmsH7RJ32ntdMT0c
 ElOWIAR1taxSkWqi+KE8xKpJn+hnTVJ/7WvzG4ClffbgA8K1l3Jao8nxD/s0Cpw2EQMf
 7ilLmquACtY7NXRGeAlchbmwaerzEA1S7PQDrlPzMulYeNlZs310w9dVgH0nWrx51OId
 QGkfs5lSU77YCVd+pnKgjebopvMDDbp9ZWSUEF1iZgvq0KUbT06mnxRswZvttUsKz/mI
 M+9A==
X-Gm-Message-State: AOJu0YxoqIFIztKkGtOpJU/GP07tNms2OeCxYFE6VBq3UEHVsaVx6fEc
 CGK2F7uR3AhuV9LS4j/TLcp+tSMX59NuCWEK8dp5fWGGr6Ml3xr1QZOo5MZEP1pu1hf8GSreaxe
 1CU36QUl15mX88I8QtK1KI+PBHOq+mIXXsP2wTSDD6HTOKyJRFhGXdgC4
X-Google-Smtp-Source: AGHT+IFuzdyHGiNoXfVyajifem5q+Ih9fl8fvibqdPSG2Y0cQ3Zc0QlX7nr99Ua2+VRzUNXEH10km7DX2vuq
X-Received: by 2002:a05:6870:8a11:b0:277:e08a:23a0 with SMTP id
 586e51a60fabf-2892c544414mr5142832fac.41.1729378870550; 
 Sat, 19 Oct 2024 16:01:10 -0700 (PDT)
Received: from postal.iol.unh.edu (postal.iol.unh.edu.
 [2606:4100:3880:1234::84]) by smtp-relay.gmail.com with ESMTPS id
 586e51a60fabf-28c792a2956sm30736fac.21.2024.10.19.16.01.10
 (version=TLS1_2 cipher=ECDHE-ECDSA-AES128-GCM-SHA256 bits=128/128);
 Sat, 19 Oct 2024 16:01:10 -0700 (PDT)
X-Relaying-Domain: iol.unh.edu
Date: Sat, 19 Oct 2024 16:01:10 -0700 (PDT)
Message-ID: <67143a36.050a0220.22762a.1645SMTPIN_ADDED_MISSING@mx.google.com>
Received: from [172.17.0.5] (unknown [172.18.0.217])
 by postal.iol.unh.edu (Postfix) with ESMTP id D758D6052471;
 Sat, 19 Oct 2024 19:01:09 -0400 (EDT)
Subject: |FAILURE| pw146309-146312 [PATCH] [v3,4/4] net/ice: limit the number
From: dpdklab@iol.unh.edu
To: Test Report <test-report@dpdk.org>
Cc: dpdk-test-reports@iol.unh.edu,
 Bruce Richardson <bruce.richardson@intel.com>
In-Reply-To: <20241018143822.2784548-5-bruce.richardson@intel.com>
References: <20241018143822.2784548-5-bruce.richardson@intel.com>
Content-Type: text/plain
X-BeenThere: test-report@dpdk.org
X-Mailman-Version: 2.1.29
Precedence: list
List-Id: automatic DPDK test reports <test-report.dpdk.org>
List-Unsubscribe: <https://mails.dpdk.org/options/test-report>,
 <mailto:test-report-request@dpdk.org?subject=unsubscribe>
List-Archive: <http://mails.dpdk.org/archives/test-report/>
List-Post: <mailto:test-report@dpdk.org>
List-Help: <mailto:test-report-request@dpdk.org?subject=help>
List-Subscribe: <https://mails.dpdk.org/listinfo/test-report>,
 <mailto:test-report-request@dpdk.org?subject=subscribe>
Errors-To: test-report-bounces@dpdk.org

Test-Label: iol-unit-amd64-testing
Test-Status: FAILURE
http://dpdk.org/patch/146312

_Testing issues_

Submitter: Bruce Richardson <bruce.richardson@intel.com>
Date: Friday, October 18 2024 14:38:22 
DPDK git baseline: Repo:dpdk
  Branch: master
  CommitID:e214d58eb87b8af488272f084220617ecabb510a

146309-146312 --> testing issues

Upstream job id: Generic-Unit-Test-DPDK#278376

Test environment and result as below:

+---------------------+----------------+
|     Environment     | dpdk_unit_test |
+=====================+================+
| Windows Server 2022 | PASS           |
+---------------------+----------------+
| CentOS Stream 9     | PASS           |
+---------------------+----------------+
| Debian 12           | PEND           |
+---------------------+----------------+
| Debian Bullseye     | PEND           |
+---------------------+----------------+
| Fedora 37           | PEND           |
+---------------------+----------------+
| Fedora 38           | PEND           |
+---------------------+----------------+
| Fedora 39           | PEND           |
+---------------------+----------------+
| Fedora 39 (Clang)   | PEND           |
+---------------------+----------------+
| Fedora 40           | PEND           |
+---------------------+----------------+
| Fedora 40 (Clang)   | PEND           |
+---------------------+----------------+
| RHEL8               | PEND           |
+---------------------+----------------+
| RHEL9               | PEND           |
+---------------------+----------------+
| Ubuntu 20.04        | PEND           |
+---------------------+----------------+
| Ubuntu 22.04        | PEND           |
+---------------------+----------------+
| Ubuntu 24.04        | PEND           |
+---------------------+----------------+
| Fedora 38 (Clang)   | FAIL           |
+---------------------+----------------+

==== Unit test summary for Fedora 38 (Clang) (dpdk_unit_test): ====
ninja: Entering directory `/home-local/jenkins-local/jenkins-agent/workspace/Generic-Unit-Test-DPDK/dpdk/build'
ninja: no work to do.


Ok:                 0   
Expected Fail:      0   
Fail:               0   
Unexpected Pass:    0   
Skipped:            0   
Timeout:            0   

Full log written to /home-local/jenkins-local/jenkins-agent/workspace/Generic-Unit-Test-DPDK/dpdk/build/meson-logs/testlog.txt

==== End log output ====

Windows Server 2022
	Kernel: 10.0.20348.2031
	Compiler: clang 15.0.7, gcc 14.1.0 (MinGW), and MSVC VS 19.39.33521

CentOS Stream 9
	Kernel: Depends on container host
	Compiler: gcc 11.4.1 20231218 (Red Hat 11.4.1-3)

Debian 12
	Kernel: Depends on container host
	Compiler: gcc (Debian 12.2.0-14) 12.2.0

Debian Bullseye
	Kernel: Depends on container host
	Compiler: gcc (Debian 10.2.1-6) 10.2.1 20210110

Fedora 37
	Kernel: Depends on container host system
	Compiler: gcc 12.3.1 20230508 (Red Hat 12.3.1-1)

Fedora 38
	Kernel: Depends on container host
	Compiler: gcc 13.2.1 20240316 (Red Hat 13.2.1-7)

Fedora 39
	Kernel: Depends on container host
	Compiler: gcc 13.3.1 20240522 (Red Hat 13.3.1-1)

Fedora 39 (Clang)
	Kernel: Depends on container host
	Compiler: clang 17.0.6 (Fedora 17.0.6-2.fc39)

Fedora 40
	Kernel: Depends on container host
	Compiler: gcc 14.2.1 20240801 (Red Hat 14.2.1-1)

Fedora 40 (Clang)
	Kernel: Depends on container host
	Compiler: clang 18.1.6 (Fedora 18.1.6-3.fc40)

RHEL8
	Kernel: Depends on container host
	Compiler: gcc 8.5.0 20210514 (Red Hat 8.5.0-22)

RHEL9
	Kernel: Depends on container host
	Compiler: gcc 11.4.1 20231218 (Red Hat 11.4.1-3)

Ubuntu 20.04
	Kernel: Depends on container host
	Compiler: gcc (Ubuntu 9.4.0-1ubuntu1~20.04.2) 9.4.0

Ubuntu 22.04
	Kernel: Depends on container host
	Compiler: gcc (Ubuntu 11.4.0-1ubuntu1~22.04) 11.4.0

Ubuntu 24.04
	Kernel: Depends on container host
	Compiler: gcc (Ubuntu 13.2.0-23ubuntu4) 13.2.0

Fedora 38 (Clang)
	Kernel: Depends on container host
	Compiler: clang 16.0.6 (Fedora 16.0.6-4.fc38)

To view detailed results, visit:
https://lab.dpdk.org/results/dashboard/patchsets/31554/

UNH-IOL DPDK Community Lab

To manage your email subscriptions, visit: 
https://lab.dpdk.org/results/dashboard/preferences/subscriptions/