From mboxrd@z Thu Jan  1 00:00:00 1970
Return-Path: <test-report-bounces@dpdk.org>
Received: from mails.dpdk.org (mails.dpdk.org [217.70.189.124])
	by inbox.dpdk.org (Postfix) with ESMTP id 3EAD145B7A
	for <public@inbox.dpdk.org>; Sun, 20 Oct 2024 02:51:39 +0200 (CEST)
Received: from mails.dpdk.org (localhost [127.0.0.1])
	by mails.dpdk.org (Postfix) with ESMTP id 3869640279;
	Sun, 20 Oct 2024 02:51:39 +0200 (CEST)
Received: from mail-qt1-f226.google.com (mail-qt1-f226.google.com
 [209.85.160.226])
 by mails.dpdk.org (Postfix) with ESMTP id BF15E40268
 for <test-report@dpdk.org>; Sun, 20 Oct 2024 02:51:37 +0200 (CEST)
Received: by mail-qt1-f226.google.com with SMTP id
 d75a77b69052e-460c2418e37so7010711cf.0
 for <test-report@dpdk.org>; Sat, 19 Oct 2024 17:51:37 -0700 (PDT)
DKIM-Signature: v=1; a=rsa-sha256; c=relaxed/relaxed;
 d=iol.unh.edu; s=unh-iol; t=1729385497; x=1729990297; darn=dpdk.org;
 h=references:in-reply-to:cc:to:from:subject:message-id:date:from:to
 :cc:subject:date:message-id:reply-to;
 bh=c6wEp0jz8xs1iDyhz73/KQGvd9Pd5sVIYKX3QeuoGGc=;
 b=abEGGIXQpsOsjSq+kRfX4ItduR2/fWpbJ3bMd1polpdxSP4fimM9b2rvuu4JIPk1OG
 upyd6MFS4XbBA8nj1oQ7Ol/t0eipm9MlzWh7HdHnLLu7UkovoIrBIerq+bUR5lj1rmrf
 ViO2z4w/dv4TC8zoHwBt13ZuNB9OkxxkMkNk8=
X-Google-DKIM-Signature: v=1; a=rsa-sha256; c=relaxed/relaxed;
 d=1e100.net; s=20230601; t=1729385497; x=1729990297;
 h=references:in-reply-to:cc:to:from:subject:message-id:date
 :x-gm-message-state:from:to:cc:subject:date:message-id:reply-to;
 bh=c6wEp0jz8xs1iDyhz73/KQGvd9Pd5sVIYKX3QeuoGGc=;
 b=AzBRRiHZvj314ST6/eBZ5Y5rj3EMCbr/RC4oXw9S+bKDV5Op024IMIH+MbkUwVDtsl
 n0nVK0z5jyug/wUzl3jUXSfUG2BDMH3ecEhHf/i9Ip9UiTuJW15rzEIW90/nsQ3RC/48
 BBT748Mf7soF1VLKaafPRZlxGHtahucRRX1sPGHIqR8uowxCTvGpsojRlcUBIKnwpwU2
 pHngBhJxxeN3V6c5/EHAZxOUamgnl+BZKIu16xfQUg0YPCh2lkh0Mqrcv6Tk2pfubded
 OUhQOIVLFhUKQoUslHsdg1wSZWli9unTFmW0dbrtKpZN2IDKCciSeoJpejTsYDqqhJQ+
 8Xxg==
X-Gm-Message-State: AOJu0YwArRVTjafgZM+fZg8P+eMkJrJNb1kWANL/G/Yff+x1QiFZC+i5
 aV/ZVIyn7ioqEF1f373QHCh+bQ0opCGpri91E/nJ7flJU/yngabsn8MbhrxTv3hv9EqMhezmfF8
 lYJl3oiiOR8mQbben+8MgLsAbUmN+US0S086z79IJOclLZawTuYlmswzT
X-Google-Smtp-Source: AGHT+IEeHA8FvzyszveCgupKnNVEWKnlMIJ7OF/rD5Ui1ShqBF5HBCC/PlL8mJcM+GmRjfldfSL4waECD9z6
X-Received: by 2002:ac8:5a01:0:b0:460:9bea:d74d with SMTP id
 d75a77b69052e-460aee21c52mr101333271cf.59.1729385497003; 
 Sat, 19 Oct 2024 17:51:37 -0700 (PDT)
Received: from postal.iol.unh.edu (postal.iol.unh.edu.
 [2606:4100:3880:1234::84]) by smtp-relay.gmail.com with ESMTPS id
 d75a77b69052e-460d3b25042sm210241cf.6.2024.10.19.17.51.36
 (version=TLS1_2 cipher=ECDHE-ECDSA-AES128-GCM-SHA256 bits=128/128);
 Sat, 19 Oct 2024 17:51:36 -0700 (PDT)
X-Relaying-Domain: iol.unh.edu
Date: Sat, 19 Oct 2024 17:51:36 -0700 (PDT)
Message-ID: <67145418.c80a0220.1dbc8.0f48SMTPIN_ADDED_MISSING@mx.google.com>
Received: from [172.21.0.2] (unknown [172.18.0.240])
 by postal.iol.unh.edu (Postfix) with ESMTP id AC6EB6052471;
 Sat, 19 Oct 2024 20:51:36 -0400 (EDT)
Subject: |FAILURE| pw146324-146331 [PATCH] [v12,12/12] crypto/zsda: add zsda 
From: dpdklab@iol.unh.edu
To: Test Report <test-report@dpdk.org>
Cc: dpdk-test-reports@iol.unh.edu, Hanxiao Li <li.hanxiao@zte.com.cn>
In-Reply-To: <20241019110428.1970056-13-li.hanxiao@zte.com.cn>
References: <20241019110428.1970056-13-li.hanxiao@zte.com.cn>
Content-Type: text/plain
X-BeenThere: test-report@dpdk.org
X-Mailman-Version: 2.1.29
Precedence: list
List-Id: automatic DPDK test reports <test-report.dpdk.org>
List-Unsubscribe: <https://mails.dpdk.org/options/test-report>,
 <mailto:test-report-request@dpdk.org?subject=unsubscribe>
List-Archive: <http://mails.dpdk.org/archives/test-report/>
List-Post: <mailto:test-report@dpdk.org>
List-Help: <mailto:test-report-request@dpdk.org?subject=help>
List-Subscribe: <https://mails.dpdk.org/listinfo/test-report>,
 <mailto:test-report-request@dpdk.org?subject=subscribe>
Errors-To: test-report-bounces@dpdk.org

Test-Label: iol-unit-amd64-testing
Test-Status: FAILURE
http://dpdk.org/patch/146331

_Testing issues_

Submitter: Hanxiao Li <li.hanxiao@zte.com.cn>
Date: Saturday, October 19 2024 11:04:14 
DPDK git baseline: Repo:dpdk
  Branch: master
  CommitID:98613d32e3dac58d685f4f236cf8cc9733abaaf3

146324-146331 --> testing issues

Upstream job id: Generic-Unit-Test-DPDK#278470

Test environment and result as below:

+---------------------+----------------+
|     Environment     | dpdk_unit_test |
+=====================+================+
| Windows Server 2022 | PASS           |
+---------------------+----------------+
| Debian Bullseye     | PASS           |
+---------------------+----------------+
| CentOS Stream 9     | PASS           |
+---------------------+----------------+
| Debian 12           | PASS           |
+---------------------+----------------+
| Fedora 38           | PASS           |
+---------------------+----------------+
| Fedora 37           | PASS           |
+---------------------+----------------+
| Fedora 38 (Clang)   | FAIL           |
+---------------------+----------------+
| Fedora 39           | PASS           |
+---------------------+----------------+
| Fedora 39 (Clang)   | PASS           |
+---------------------+----------------+
| Fedora 40           | PASS           |
+---------------------+----------------+
| Fedora 40 (Clang)   | PASS           |
+---------------------+----------------+
| RHEL8               | PASS           |
+---------------------+----------------+
| RHEL9               | PASS           |
+---------------------+----------------+
| Ubuntu 20.04        | PASS           |
+---------------------+----------------+
| Ubuntu 22.04        | PASS           |
+---------------------+----------------+
| Ubuntu 24.04        | PASS           |
+---------------------+----------------+

==== Unit test summary for Fedora 38 (Clang) (dpdk_unit_test): ====
ninja: Entering directory `/home-local/jenkins-local/jenkins-agent/workspace/Generic-Unit-Test-DPDK/dpdk/build'
ninja: no work to do.
  1/113 DPDK:fast-tests / acl_autotest          OK       2.53 s 
  2/113 DPDK:fast-tests / alarm_autotest        OK       1.17 s 
  3/113 DPDK:fast-tests / argparse_autotest     OK       0.17 s 
  4/113 DPDK:fast-tests / atomic_autotest       OK       0.37 s 
  5/113 DPDK:fast-tests / bitcount_autotest     OK       0.22 s 
  6/113 DPDK:fast-tests / bitmap_autotest       OK       0.17 s 
  7/113 DPDK:fast-tests / bitops_autotest       OK       1.67 s 
  8/113 DPDK:fast-tests / bitratestats_autotest  OK       0.22 s 
  9/113 DPDK:fast-tests / bpf_autotest          OK       0.17 s 
 10/113 DPDK:fast-tests / bpf_convert_autotest  OK       0.22 s 
 11/113 DPDK:fast-tests / byteorder_autotest    OK       0.17 s 
 12/113 DPDK:fast-tests / cksum_autotest        OK       0.17 s 
 13/113 DPDK:fast-tests / cmdline_autotest      OK       0.17 s 
 14/113 DPDK:fast-tests / common_autotest       OK       0.42 s 
 15/113 DPDK:fast-tests / compressdev_autotest  SKIP     0.17 s 
 16/113 DPDK:fast-tests / cpuflags_autotest     OK       0.22 s 
 17/113 DPDK:fast-tests / crc_autotest          OK       0.22 s 
 18/113 DPDK:fast-tests / user_delay_us         OK       0.22 s 
 19/113 DPDK:fast-tests / debug_autotest        OK       0.47 s 
 20/113 DPDK:fast-tests / devargs_autotest      OK       0.22 s 
 21/113 DPDK:fast-tests / dispatcher_autotest   SKIP     0.17 s 
 22/113 DPDK:fast-tests / distributor_autotest  OK       0.87 s 
 23/113 DPDK:fast-tests / eal_flags_c_opt_autotest  OK       0.67 s 
 24/113 DPDK:fast-tests / eal_flags_main_opt_autotest  OK       0.27 s 
 25/113 DPDK:fast-tests / eal_flags_n_opt_autotest  OK       0.47 s 
 26/113 DPDK:fast-tests / eal_flags_hpet_autotest  OK       0.22 s 
 27/113 DPDK:fast-tests / eal_flags_no_huge_autotest  OK       0.52 s 
 28/113 DPDK:fast-tests / eal_flags_a_opt_autotest  OK       0.37 s 
 29/113 DPDK:fast-tests / eal_flags_b_opt_autotest  OK       0.32 s 
 30/113 DPDK:fast-tests / eal_flags_vdev_opt_autotest  OK       0.57 s 
 31/113 DPDK:fast-tests / eal_flags_r_opt_autotest  OK       0.27 s 
 32/113 DPDK:fast-tests / eal_flags_mem_autotest  OK       0.72 s 
 33/113 DPDK:fast-tests / eal_flags_file_prefix_autotest  OK       2.07 s 
 34/113 DPDK:fast-tests / eal_flags_misc_autotest  FAIL     1.93 s (killed by signal 11 SIGSEGV)
 35/113 DPDK:fast-tests / eal_fs_autotest       OK       0.22 s 
 36/113 DPDK:fast-tests / errno_autotest        OK       0.17 s 
 37/113 DPDK:fast-tests / ethdev_link_status    OK       0.17 s 
 38/113 DPDK:fast-tests / event_eth_tx_adapter_autotest  OK       0.47 s 
 39/113 DPDK:fast-tests / event_ring_autotest   OK       0.22 s 
 40/113 DPDK:fast-tests / eventdev_common_autotest  OK       0.23 s 
 41/113 DPDK:fast-tests / eventdev_selftest_sw  OK       0.22 s 
 42/113 DPDK:fast-tests / fbarray_autotest      OK       0.17 s 
 43/113 DPDK:fast-tests / fib_autotest          OK       0.72 s 
 44/113 DPDK:fast-tests / fib6_autotest         OK       0.62 s 
 45/113 DPDK:fast-tests / func_reentrancy_autotest  OK       0.52 s 
 46/113 DPDK:fast-tests / graph_autotest        OK       0.22 s 
 47/113 DPDK:fast-tests / node_list_dump        OK       0.22 s 
 48/113 DPDK:fast-tests / hash_autotest         OK       0.32 s 
 49/113 DPDK:fast-tests / hash_readwrite_func_autotest  SKIP     0.17 s 
 50/113 DPDK:fast-tests / interrupt_autotest    OK       1.23 s 
 51/113 DPDK:fast-tests / ipfrag_autotest       OK       0.17 s 
 52/113 DPDK:fast-tests / ipsec_autotest        SKIP     0.22 s 
 53/113 DPDK:fast-tests / kvargs_autotest       OK       0.22 s 
 54/113 DPDK:fast-tests / latencystats_autotest  OK       0.22 s 
 55/113 DPDK:fast-tests / lcores_autotest       OK      24.18 s 
 56/113 DPDK:fast-tests / logs_autotest         OK       0.22 s 
 57/113 DPDK:fast-tests / lpm_autotest          OK       2.78 s 
 58/113 DPDK:fast-tests / lpm6_autotest         OK       5.23 s 
 59/113 DPDK:fast-tests / malloc_autotest       OK       0.97 s 
 60/113 DPDK:fast-tests / mbuf_autotest         OK       0.22 s 
 61/113 DPDK:fast-tests / mcslock_autotest      OK       0.87 s 
 62/113 DPDK:fast-tests / member_autotest       OK       1.37 s 
 63/113 DPDK:fast-tests / memcpy_autotest       OK       2.82 s 
 64/113 DPDK:fast-tests / memory_autotest       OK       0.17 s 
 65/113 DPDK:fast-tests / mempool_autotest      OK       0.52 s 
 66/113 DPDK:fast-tests / memzone_autotest      OK       0.17 s 
 67/113 DPDK:fast-tests / meter_autotest        OK       0.22 s 
 68/113 DPDK:fast-tests / metrics_autotest      OK       0.22 s 
 69/113 DPDK:fast-tests / multiprocess_autotest  OK       0.42 s 
 70/113 DPDK:fast-tests / net_ether_autotest    OK       0.82 s 
 71/113 DPDK:fast-tests / pdcp_autotest         SKIP     0.17 s 
 72/113 DPDK:fast-tests / pdump_autotest        OK       0.42 s 
 73/113 DPDK:fast-tests / per_lcore_autotest    OK       0.32 s 
 74/113 DPDK:fast-tests / pflock_autotest       OK       0.32 s 
 75/113 DPDK:fast-tests / pie_autotest          OK       0.22 s 
 76/113 DPDK:fast-tests / ring_pmd_autotest     OK       0.22 s 
 77/113 DPDK:fast-tests / power_autotest        OK       0.22 s 
 78/113 DPDK:fast-tests / power_cpufreq_autotest  SKIP     0.17 s 
 79/113 DPDK:fast-tests / power_intel_uncore_autotest  SKIP     0.22 s 
 80/113 DPDK:fast-tests / power_kvm_vm_autotest  SKIP     0.17 s 
 81/113 DPDK:fast-tests / prefetch_autotest     OK       0.22 s 
 82/113 DPDK:fast-tests / ptr_compress_autotest  OK       0.22 s 
 83/113 DPDK:fast-tests / rawdev_autotest       OK       0.22 s 
 84/113 DPDK:fast-tests / rcu_qsbr_autotest     OK       0.32 s 
 85/113 DPDK:fast-tests / reorder_autotest      OK       0.47 s 
 86/113 DPDK:fast-tests / rib_autotest          OK       7.59 s 
 87/113 DPDK:fast-tests / rib6_autotest         OK       4.43 s 
 88/113 DPDK:fast-tests / ring_autotest         OK       0.22 s 
 89/113 DPDK:fast-tests / rwlock_test1_autotest  OK       0.32 s 
 90/113 DPDK:fast-tests / rwlock_rda_autotest   OK       5.17 s 
 91/113 DPDK:fast-tests / rwlock_rds_wrm_autotest  OK       5.17 s 
 92/113 DPDK:fast-tests / rwlock_rde_wro_autotest  OK       5.17 s 
 93/113 DPDK:fast-tests / sched_autotest        OK       0.22 s 
 94/113 DPDK:fast-tests / security_autotest     OK       0.17 s 
 95/113 DPDK:fast-tests / seqlock_autotest      SKIP     0.22 s 
 96/113 DPDK:fast-tests / service_autotest      OK       0.32 s 
 97/113 DPDK:fast-tests / spinlock_autotest     OK       0.22 s 
 98/113 DPDK:fast-tests / stack_autotest        OK       0.22 s 
 99/113 DPDK:fast-tests / stack_lf_autotest     OK       0.27 s 
100/113 DPDK:fast-tests / string_autotest       OK       0.22 s 
101/113 DPDK:fast-tests / table_autotest        OK       5.88 s 
102/113 DPDK:fast-tests / tailq_autotest        OK       0.22 s 
103/113 DPDK:fast-tests / telemetry_data_autotest  OK       0.22 s 
104/113 DPDK:fast-tests / telemetry_json_autotest  OK       0.17 s 
105/113 DPDK:fast-tests / thash_autotest        OK       0.22 s 
106/113 DPDK:fast-tests / threads_autotest      OK       0.37 s 
107/113 DPDK:fast-tests / ticketlock_autotest   OK       0.22 s 
108/113 DPDK:fast-tests / timer_autotest        OK       2.47 s 
109/113 DPDK:fast-tests / trace_autotest        OK       0.22 s 
110/113 DPDK:fast-tests / trace_autotest_with_traces  OK       0.22 s 
111/113 DPDK:fast-tests / vdev_autotest         OK       0.22 s 
112/113 DPDK:fast-tests / version_autotest      OK       0.22 s 
113/113 DPDK:fast-tests / telemetry_all         SKIP     0.01 s 

Ok:                  102
Expected Fail:         0
Fail:                  1
Unexpected Pass:       0
Skipped:              10
Timeout:               0

Full log written to /home-local/jenkins-local/jenkins-agent/workspace/Generic-Unit-Test-DPDK/dpdk/build/meson-logs/testlog.txt



Test log output from the failed test eal_flags_misc_autotest:

Sorry, we were not able to find the logs for this test.
Download the log output from the CI site for this test run.
==== End log output ====

Windows Server 2022
	Kernel: 10.0.20348.2031
	Compiler: clang 15.0.7, gcc 14.1.0 (MinGW), and MSVC VS 19.39.33521

Debian Bullseye
	Kernel: Depends on container host
	Compiler: gcc (Debian 10.2.1-6) 10.2.1 20210110

CentOS Stream 9
	Kernel: Depends on container host
	Compiler: gcc 11.4.1 20231218 (Red Hat 11.4.1-3)

Debian 12
	Kernel: Depends on container host
	Compiler: gcc (Debian 12.2.0-14) 12.2.0

Fedora 38
	Kernel: Depends on container host
	Compiler: gcc 13.2.1 20240316 (Red Hat 13.2.1-7)

Fedora 37
	Kernel: Depends on container host system
	Compiler: gcc 12.3.1 20230508 (Red Hat 12.3.1-1)

Fedora 38 (Clang)
	Kernel: Depends on container host
	Compiler: clang 16.0.6 (Fedora 16.0.6-4.fc38)

Fedora 39
	Kernel: Depends on container host
	Compiler: gcc 13.3.1 20240522 (Red Hat 13.3.1-1)

Fedora 39 (Clang)
	Kernel: Depends on container host
	Compiler: clang 17.0.6 (Fedora 17.0.6-2.fc39)

Fedora 40
	Kernel: Depends on container host
	Compiler: gcc 14.2.1 20240801 (Red Hat 14.2.1-1)

Fedora 40 (Clang)
	Kernel: Depends on container host
	Compiler: clang 18.1.6 (Fedora 18.1.6-3.fc40)

RHEL8
	Kernel: Depends on container host
	Compiler: gcc 8.5.0 20210514 (Red Hat 8.5.0-22)

RHEL9
	Kernel: Depends on container host
	Compiler: gcc 11.4.1 20231218 (Red Hat 11.4.1-3)

Ubuntu 20.04
	Kernel: Depends on container host
	Compiler: gcc (Ubuntu 9.4.0-1ubuntu1~20.04.2) 9.4.0

Ubuntu 22.04
	Kernel: Depends on container host
	Compiler: gcc (Ubuntu 11.4.0-1ubuntu1~22.04) 11.4.0

Ubuntu 24.04
	Kernel: Depends on container host
	Compiler: gcc (Ubuntu 13.2.0-23ubuntu4) 13.2.0

To view detailed results, visit:
https://lab.dpdk.org/results/dashboard/patchsets/31559/

UNH-IOL DPDK Community Lab

To manage your email subscriptions, visit: 
https://lab.dpdk.org/results/dashboard/preferences/subscriptions/