From mboxrd@z Thu Jan  1 00:00:00 1970
Return-Path: <test-report-bounces@dpdk.org>
Received: from mails.dpdk.org (mails.dpdk.org [217.70.189.124])
	by inbox.dpdk.org (Postfix) with ESMTP id 3A9C045B7E
	for <public@inbox.dpdk.org>; Sun, 20 Oct 2024 06:30:07 +0200 (CEST)
Received: from mails.dpdk.org (localhost [127.0.0.1])
	by mails.dpdk.org (Postfix) with ESMTP id 13FDD40279;
	Sun, 20 Oct 2024 06:30:07 +0200 (CEST)
Received: from mail-qk1-f226.google.com (mail-qk1-f226.google.com
 [209.85.222.226])
 by mails.dpdk.org (Postfix) with ESMTP id 7A23140268
 for <test-report@dpdk.org>; Sun, 20 Oct 2024 06:30:05 +0200 (CEST)
Received: by mail-qk1-f226.google.com with SMTP id
 af79cd13be357-7b1539faa0bso206181185a.1
 for <test-report@dpdk.org>; Sat, 19 Oct 2024 21:30:05 -0700 (PDT)
DKIM-Signature: v=1; a=rsa-sha256; c=relaxed/relaxed;
 d=iol.unh.edu; s=unh-iol; t=1729398605; x=1730003405; darn=dpdk.org;
 h=references:in-reply-to:cc:to:from:subject:message-id:date:from:to
 :cc:subject:date:message-id:reply-to;
 bh=yO41Gx8B1ePOCsSjPFliBnaIjIFmzyMX6t7JAZcWbTk=;
 b=GnJ/oJ6hgiLs9UwWvPc0Wj8hZM70NZfPrAx7dOGZs2JWzuKnCPgkWxCWYOv+Lr1VIj
 WZnItiB/JVwpo3ctSmoYwRLCqN7ulpVcv5quibCzypPUQ21NNHzrPMTnsOyrLYznwAfj
 khfX1e2XaRGl1vA52WMEalTNCsH/u4OgA2SSM=
X-Google-DKIM-Signature: v=1; a=rsa-sha256; c=relaxed/relaxed;
 d=1e100.net; s=20230601; t=1729398605; x=1730003405;
 h=references:in-reply-to:cc:to:from:subject:message-id:date
 :x-gm-message-state:from:to:cc:subject:date:message-id:reply-to;
 bh=yO41Gx8B1ePOCsSjPFliBnaIjIFmzyMX6t7JAZcWbTk=;
 b=Sjotjfjf0iYCg71yCZ+e9koyf/nXjKD0nw+LmyvCr5w1aZ49G6l9fLZrvlTf9gd4y8
 GmM5e3aLTqt1R1bZmtq4f9lpjIR5ZbjgTiI/AOIwSSX4CZdy5C5x4fcAuLK2E98LW2rg
 w8SQJppF2uDUVvwjfzXi6h4UzBYtOfbzoi8eEtyPUp7Jez2fGj9aUBnEX0UHWnMVJPpa
 yEnn1BzC+B93RZD5/0Z99bxolHChbzBln9ZlssIDZ9qtsgiY6TiRFsgIIB9Xly9a3gic
 BzlbQfga3S6B4557QLGyzinzP4x9x1p4AQ31q+7CKHKW0YXopJXYdG8EyhD283rVas0i
 F5VQ==
X-Gm-Message-State: AOJu0YytmuEq8KxhOXmNhXmov1XW1zLeSVUQBXhERasDu4Hb+i1S0i3H
 JHWdqVzEZq7hhYQu50JGspCQpVhxaBcBIfaXPYMoDmt8/DMq++JBBJ1lLuDn+torZLrgU3bag7d
 diQZ05xpv2g6NQocR2b2t93nFgI+4U9jX
X-Google-Smtp-Source: AGHT+IEIPJIJi21BozWNoavENV2jTHzjIAACPHxChx537wjDHZ+UKifweYcdeYexsVvAG1k2q63ievWXdsvf
X-Received: by 2002:ac8:5801:0:b0:460:dd3a:8f68 with SMTP id
 d75a77b69052e-460dd3a8facmr3450191cf.3.1729398604625; 
 Sat, 19 Oct 2024 21:30:04 -0700 (PDT)
Received: from postal.iol.unh.edu (postal.iol.unh.edu. [132.177.123.84])
 by smtp-relay.gmail.com with ESMTPS id
 d75a77b69052e-460d3b25042sm325821cf.6.2024.10.19.21.30.04
 (version=TLS1_2 cipher=ECDHE-ECDSA-AES128-GCM-SHA256 bits=128/128);
 Sat, 19 Oct 2024 21:30:04 -0700 (PDT)
X-Relaying-Domain: iol.unh.edu
Date: Sat, 19 Oct 2024 21:30:04 -0700 (PDT)
Message-ID: <6714874c.c80a0220.1dbc8.1aaeSMTPIN_ADDED_MISSING@mx.google.com>
Received: from [172.17.0.2] (unknown [172.18.0.217])
 by postal.iol.unh.edu (Postfix) with ESMTP id 5580A6052471;
 Sun, 20 Oct 2024 00:30:04 -0400 (EDT)
Subject: |FAILURE| pw146227-146260 [PATCH] [v5,47/47] net/bnxt: tf_ulp: add s
From: dpdklab@iol.unh.edu
To: Test Report <test-report@dpdk.org>
Cc: dpdk-test-reports@iol.unh.edu,
 Sriharsha Basavapatna <sriharsha.basavapatna@broadcom.com>
In-Reply-To: <20241018091124.3373258-48-sriharsha.basavapatna@broadcom.com>
References: <20241018091124.3373258-48-sriharsha.basavapatna@broadcom.com>
Content-Type: text/plain
X-BeenThere: test-report@dpdk.org
X-Mailman-Version: 2.1.29
Precedence: list
List-Id: automatic DPDK test reports <test-report.dpdk.org>
List-Unsubscribe: <https://mails.dpdk.org/options/test-report>,
 <mailto:test-report-request@dpdk.org?subject=unsubscribe>
List-Archive: <http://mails.dpdk.org/archives/test-report/>
List-Post: <mailto:test-report@dpdk.org>
List-Help: <mailto:test-report-request@dpdk.org?subject=help>
List-Subscribe: <https://mails.dpdk.org/listinfo/test-report>,
 <mailto:test-report-request@dpdk.org?subject=subscribe>
Errors-To: test-report-bounces@dpdk.org

Test-Label: iol-compile-arm64-testing
Test-Status: FAILURE
http://dpdk.org/patch/146260

_Testing issues_

Submitter: Sriharsha Basavapatna <sriharsha.basavapatna@broadcom.com>
Date: Friday, October 18 2024 09:11:24 
DPDK git baseline: Repo:dpdk
  Branch: master
  CommitID:f2e424aeb6edf8c4990abf266aaa8814a8050616

146227-146260 --> testing issues

Upstream job id: Generic-DPDK-Compile-Meson#319261

Test environment and result as below:

+----------------------------------------+--------------------+
|              Environment               | dpdk_meson_compile |
+========================================+====================+
| RHEL9 (ARM)                            | FAIL               |
+----------------------------------------+--------------------+
| Ubuntu 20.04 ARM GCC Cross Compile     | PASS               |
+----------------------------------------+--------------------+
| Ubuntu 20.04 ARM SVE                   | PASS               |
+----------------------------------------+--------------------+
| Debian 12 with MUSDK                   | PASS               |
+----------------------------------------+--------------------+
| Fedora 37 (ARM)                        | FAIL               |
+----------------------------------------+--------------------+
| Fedora 38 (ARM)                        | FAIL               |
+----------------------------------------+--------------------+
| Fedora 38 (ARM Clang)                  | PASS               |
+----------------------------------------+--------------------+
| Fedora 39 (ARM)                        | FAIL               |
+----------------------------------------+--------------------+
| Fedora 39 (ARM Clang)                  | PASS               |
+----------------------------------------+--------------------+
| Fedora 40 (ARM)                        | FAIL               |
+----------------------------------------+--------------------+
| Fedora 40 (ARM Clang)                  | PASS               |
+----------------------------------------+--------------------+
| Ubuntu 20.04 (ARM)                     | PASS               |
+----------------------------------------+--------------------+
| Ubuntu 24.04 (ARM)                     | FAIL               |
+----------------------------------------+--------------------+
| Ubuntu 22.04 (ARM)                     | FAIL               |
+----------------------------------------+--------------------+
| CentOS Stream 9 (ARM)                  | FAIL               |
+----------------------------------------+--------------------+
| Debian 11 (Buster) (ARM)               | PASS               |
+----------------------------------------+--------------------+
| Debian 12 (arm)                        | FAIL               |
+----------------------------------------+--------------------+
| Ubuntu 20.04 ARM Clang Cross Compile   | PASS               |
+----------------------------------------+--------------------+
| Ubuntu 20.04 aarch32 GCC Cross Compile | PASS               |
+----------------------------------------+--------------------+

==== 20 line log output for Debian 12 (arm) (dpdk_meson_compile): ====
../drivers/net/bnxt/tf_core/v3/tfc_msg.c:87:17: error: 'rte_free' called on a pointer to an unallocated object '18446744073709551615' [-Werror=free-nonheap-object]
87 |                 rte_free((void *)(uintptr_t)buf->pa_addr);
|                 ^~~~~~~~~~~~~~~~~~~~~~~~~~~~~~~~~~~~~~~~~
In function 'tfc_msg_alloc_dma_buf',
inlined from 'tfc_msg_global_id_alloc' at ../drivers/net/bnxt/tf_core/v3/tfc_msg.c:656:7:
../drivers/net/bnxt/tf_core/v3/tfc_msg.c:87:17: error: 'rte_free' called on a pointer to an unallocated object '18446744073709551615' [-Werror=free-nonheap-object]
87 |                 rte_free((void *)(uintptr_t)buf->pa_addr);
|                 ^~~~~~~~~~~~~~~~~~~~~~~~~~~~~~~~~~~~~~~~~
In function 'tfc_msg_alloc_dma_buf',
inlined from 'tfc_msg_tcam_alloc_set' at ../drivers/net/bnxt/tf_core/v3/tfc_msg.c:953:8:
../drivers/net/bnxt/tf_core/v3/tfc_msg.c:87:17: error: 'rte_free' called on a pointer to an unallocated object '18446744073709551615' [-Werror=free-nonheap-object]
87 |                 rte_free((void *)(uintptr_t)buf->pa_addr);
|                 ^~~~~~~~~~~~~~~~~~~~~~~~~~~~~~~~~~~~~~~~~
In function 'tfc_msg_alloc_dma_buf',
inlined from 'tfc_msg_tcam_set' at ../drivers/net/bnxt/tf_core/v3/tfc_msg.c:1008:8:
../drivers/net/bnxt/tf_core/v3/tfc_msg.c:87:17: error: 'rte_free' called on a pointer to an unallocated object '18446744073709551615' [-Werror=free-nonheap-object]
87 |                 rte_free((void *)(uintptr_t)buf->pa_addr);
|                 ^~~~~~~~~~~~~~~~~~~~~~~~~~~~~~~~~~~~~~~~~
cc1: all warnings being treated as errors
ninja: build stopped: subcommand failed.
==== End log output ====

RHEL9 (ARM)
	Kernel: Depends on container host
	Compiler: gcc 11.4.1 20231218 (Red Hat 11.4.1-3)

Ubuntu 20.04 ARM GCC Cross Compile
	Kernel: Depends on container host
	Compiler: aarch64-linux-gnu-gcc (Ubuntu 9.4.0-1ubuntu1~20.04.2) 9.4.0

Ubuntu 20.04 ARM SVE
	Kernel: Depends on container host
	Compiler: gcc (Ubuntu 10.5.0-1ubuntu1~20.04) 10.5.0

Debian 12 with MUSDK
	Kernel: Depends on container host
	Compiler: gcc (Debian 12.2.0-14) 12.2.0

Fedora 37 (ARM)
	Kernel: Depends on container host
	Compiler: gcc 12.3.1 20230508 (Red Hat 12.3.1-1)

Fedora 38 (ARM)
	Kernel: Depends on container host
	Compiler: gcc 13.2.1 20240316 (Red Hat 13.2.1-7)

Fedora 38 (ARM Clang)
	Kernel: Depends on container host
	Compiler: clang 16.0.6 (Fedora 16.0.6-4.fc38)

Fedora 39 (ARM)
	Kernel: Depends on container host
	Compiler: gcc 13.3.1 20240522 (Red Hat 13.3.1-1)

Fedora 39 (ARM Clang)
	Kernel: Depends on container host
	Compiler: clang 17.0.6 (Fedora 17.0.6-2.fc39)

Fedora 40 (ARM)
	Kernel: Depends on container host
	Compiler: gcc 14.2.1 20240801 (Red Hat 14.2.1-1)

Fedora 40 (ARM Clang)
	Kernel: Depends on container host
	Compiler: clang 18.1.6 (Fedora 18.1.6-3.fc40)

Ubuntu 20.04 (ARM)
	Kernel: Depends on container host
	Compiler: gcc (Ubuntu 9.4.0-1ubuntu1~20.04.2) 9.4.0

Ubuntu 24.04 (ARM)
	Kernel: Depends on container host
	Compiler: gcc (Ubuntu 13.2.0-23ubuntu4) 13.2.0

Ubuntu 22.04 (ARM)
	Kernel: Depends on container host
	Compiler: gcc (Ubuntu 11.4.0-1ubuntu1~22.04) 11.4.0

CentOS Stream 9 (ARM)
	Kernel: Depends on container host
	Compiler: gcc 11.4.1 20231218 (Red Hat 11.4.1-3)

Debian 11 (Buster) (ARM)
	Kernel: Depends on container host
	Compiler: gcc (Debian 10.2.1-6) 10.2.1 20210110

Debian 12 (arm)
	Kernel: Depends on container host
	Compiler: gcc (Debian 12.2.0-14) 12.2.0

Ubuntu 20.04 ARM Clang Cross Compile
	Kernel: Depends on container host
	Compiler: clang 10.0.0-4ubuntu1

Ubuntu 20.04 aarch32 GCC Cross Compile
	Kernel: Depends on container host
	Compiler: gcc 9.4.0

To view detailed results, visit:
https://lab.dpdk.org/results/dashboard/patchsets/31551/

UNH-IOL DPDK Community Lab

To manage your email subscriptions, visit: 
https://lab.dpdk.org/results/dashboard/preferences/subscriptions/