From mboxrd@z Thu Jan  1 00:00:00 1970
Return-Path: <test-report-bounces@dpdk.org>
Received: from mails.dpdk.org (mails.dpdk.org [217.70.189.124])
	by inbox.dpdk.org (Postfix) with ESMTP id 3CDAB45B82
	for <public@inbox.dpdk.org>; Sun, 20 Oct 2024 10:27:53 +0200 (CEST)
Received: from mails.dpdk.org (localhost [127.0.0.1])
	by mails.dpdk.org (Postfix) with ESMTP id 0852A40285;
	Sun, 20 Oct 2024 10:27:53 +0200 (CEST)
Received: from mail-oo1-f99.google.com (mail-oo1-f99.google.com
 [209.85.161.99]) by mails.dpdk.org (Postfix) with ESMTP id B86D4402A9
 for <test-report@dpdk.org>; Sun, 20 Oct 2024 10:27:51 +0200 (CEST)
Received: by mail-oo1-f99.google.com with SMTP id
 006d021491bc7-5ebc05007daso51299eaf.1
 for <test-report@dpdk.org>; Sun, 20 Oct 2024 01:27:51 -0700 (PDT)
DKIM-Signature: v=1; a=rsa-sha256; c=relaxed/relaxed;
 d=iol.unh.edu; s=unh-iol; t=1729412871; x=1730017671; darn=dpdk.org;
 h=references:in-reply-to:cc:to:from:subject:message-id:date:from:to
 :cc:subject:date:message-id:reply-to;
 bh=iGSIFya8KekXmpqtvFBbL2I+ItV4r2GBnJkUQRdATe8=;
 b=hRMfEBFooTrhcf7zZFtHE3AE5F6IQ8VLSl1wGxB3ScfX/yowyR2u+AcpBF6QM9+MYi
 tNbQM5w/uCtOTShHnJSFwsY28GHQvEH4AjylidLUHFenDmYqnaD5UZzhXBQrzfcaWvpC
 OZ19+wgnnePOlF1QW195Nd8R5i40j489liSCI=
X-Google-DKIM-Signature: v=1; a=rsa-sha256; c=relaxed/relaxed;
 d=1e100.net; s=20230601; t=1729412871; x=1730017671;
 h=references:in-reply-to:cc:to:from:subject:message-id:date
 :x-gm-message-state:from:to:cc:subject:date:message-id:reply-to;
 bh=iGSIFya8KekXmpqtvFBbL2I+ItV4r2GBnJkUQRdATe8=;
 b=Q+bMOjPvhHag0rQtdYeHk+nyejhCJexgBYvN7CB3uHsPcCYqCartbdgWSZK4gYiSKh
 ibd6UczClP2CIoN93O4DI8VWS4grwrVJ/o3t95bgozP0RIMSRnh1/nZYCWPEscjH9WAl
 orQ3ZBLvHxGsRoI1Ra1MdHWtNKUVINwaZswdqXGE4xFrZamYAZW3O+kV3jIGgs1Jm28R
 K/HV0i41FLVPvGivlY6vWznfH8WV3rYBJJi3Bf1xXW65C9sqVdbKlIqfofvyy8XrhLhZ
 BsCImw+7j0dLBDpGcexWR1WA/46qaC2o4+am01czCHuU+3UyAAQ5yUi5LyGs1lj1NHNR
 Ia/g==
X-Gm-Message-State: AOJu0Yx205yPxYmjqO0G1aiCZwsJcfkq4OrF5u+sjEY0LhxmdQbwhFA7
 3kn7BacvCSMvpVUZ11MD/f2FR/sL/z34PwmMR1j7rF8Y/Cbz2l/mrSp8BSC1zi9Xg7EsFUNFa6B
 DvvGysL4s4t0Iwr6fDIoV6excVf2d9H3XiMZW61kZG87kvQTrSrMiq4vj
X-Google-Smtp-Source: AGHT+IEz8iGex5dzWjzmIweCb3ImHpN5O+l71C+w9f2Yy4hdyIA+JD/3YsGUd07JdO8VOzQkl9I8DtLhLi8v
X-Received: by 2002:a05:6870:f112:b0:289:1652:1d5d with SMTP id
 586e51a60fabf-2892c2d07f1mr6689001fac.12.1729412870807; 
 Sun, 20 Oct 2024 01:27:50 -0700 (PDT)
Received: from postal.iol.unh.edu (postal.iol.unh.edu.
 [2606:4100:3880:1234::84]) by smtp-relay.gmail.com with ESMTPS id
 586e51a60fabf-28c791f976esm52137fac.9.2024.10.20.01.27.50
 (version=TLS1_2 cipher=ECDHE-ECDSA-AES128-GCM-SHA256 bits=128/128);
 Sun, 20 Oct 2024 01:27:50 -0700 (PDT)
X-Relaying-Domain: iol.unh.edu
Date: Sun, 20 Oct 2024 01:27:50 -0700 (PDT)
Message-ID: <6714bf06.050a0220.3c04c8.2cf6SMTPIN_ADDED_MISSING@mx.google.com>
Received: from [172.21.0.2] (unknown [172.18.0.240])
 by postal.iol.unh.edu (Postfix) with ESMTP id 448B66052471;
 Sun, 20 Oct 2024 04:27:50 -0400 (EDT)
Subject: |FAILURE| pw146314 [PATCH] net/netvsc: force TX VLAN offload on 801.
From: dpdklab@iol.unh.edu
To: Test Report <test-report@dpdk.org>
Cc: dpdk-test-reports@iol.unh.edu, Long Li <longli@linuxonhyperv.com>
In-Reply-To: <1729275230-16011-1-git-send-email-longli@linuxonhyperv.com>
References: <1729275230-16011-1-git-send-email-longli@linuxonhyperv.com>
Content-Type: text/plain
X-BeenThere: test-report@dpdk.org
X-Mailman-Version: 2.1.29
Precedence: list
List-Id: automatic DPDK test reports <test-report.dpdk.org>
List-Unsubscribe: <https://mails.dpdk.org/options/test-report>,
 <mailto:test-report-request@dpdk.org?subject=unsubscribe>
List-Archive: <http://mails.dpdk.org/archives/test-report/>
List-Post: <mailto:test-report@dpdk.org>
List-Help: <mailto:test-report-request@dpdk.org?subject=help>
List-Subscribe: <https://mails.dpdk.org/listinfo/test-report>,
 <mailto:test-report-request@dpdk.org?subject=subscribe>
Errors-To: test-report-bounces@dpdk.org

Test-Label: iol-unit-arm64-testing
Test-Status: FAILURE
http://dpdk.org/patch/146314

_Testing issues_

Submitter: Long Li <longli@linuxonhyperv.com>
Date: Friday, October 18 2024 18:13:50 
DPDK git baseline: Repo:dpdk
  Branch: master
  CommitID:03d37ac13b61563fb31e4a0f5d0e427a61d548d5

146314 --> testing issues

Upstream job id: Generic-Unit-Test-DPDK#278422

Test environment and result as below:

+-----------------------------+--------------+----------------+------------------------------+---------------------------+
|         Environment         | lpm_autotest | dpdk_unit_test | cryptodev_sw_snow3g_autotest | cryptodev_sw_zuc_autotest |
+=============================+==============+================+==============================+===========================+
| Ubuntu 20.04 ARM SVE        | PASS         | SKIPPED        | SKIPPED                      | SKIPPED                   |
+-----------------------------+--------------+----------------+------------------------------+---------------------------+
| CentOS Stream 9 (ARM)       | SKIPPED      | PASS           | SKIPPED                      | SKIPPED                   |
+-----------------------------+--------------+----------------+------------------------------+---------------------------+
| Debian 11 (Buster) (ARM)    | SKIPPED      | PASS           | SKIPPED                      | SKIPPED                   |
+-----------------------------+--------------+----------------+------------------------------+---------------------------+
| Debian 12 (arm)             | SKIPPED      | FAIL           | WARN                         | WARN                      |
+-----------------------------+--------------+----------------+------------------------------+---------------------------+
| Fedora 37 (ARM)             | SKIPPED      | FAIL           | SKIPPED                      | SKIPPED                   |
+-----------------------------+--------------+----------------+------------------------------+---------------------------+
| Fedora 38 (ARM)             | SKIPPED      | FAIL           | SKIPPED                      | SKIPPED                   |
+-----------------------------+--------------+----------------+------------------------------+---------------------------+
| Fedora 38 (ARM Clang)       | SKIPPED      | FAIL           | SKIPPED                      | SKIPPED                   |
+-----------------------------+--------------+----------------+------------------------------+---------------------------+
| Fedora 39 (ARM Clang)       | SKIPPED      | FAIL           | SKIPPED                      | SKIPPED                   |
+-----------------------------+--------------+----------------+------------------------------+---------------------------+
| Fedora 39 (ARM)             | SKIPPED      | FAIL           | SKIPPED                      | SKIPPED                   |
+-----------------------------+--------------+----------------+------------------------------+---------------------------+
| Fedora 40 (ARM)             | SKIPPED      | FAIL           | SKIPPED                      | SKIPPED                   |
+-----------------------------+--------------+----------------+------------------------------+---------------------------+
| Fedora 40 (ARM Clang)       | SKIPPED      | FAIL           | SKIPPED                      | SKIPPED                   |
+-----------------------------+--------------+----------------+------------------------------+---------------------------+
| RHEL9 (ARM)                 | SKIPPED      | PASS           | SKIPPED                      | SKIPPED                   |
+-----------------------------+--------------+----------------+------------------------------+---------------------------+
| Ubuntu 20.04 (ARM)          | SKIPPED      | PASS           | SKIPPED                      | SKIPPED                   |
+-----------------------------+--------------+----------------+------------------------------+---------------------------+
| Ubuntu 22.04 (ARM)          | SKIPPED      | PASS           | SKIPPED                      | SKIPPED                   |
+-----------------------------+--------------+----------------+------------------------------+---------------------------+
| Ubuntu 24.04 (ARM)          | SKIPPED      | FAIL           | SKIPPED                      | SKIPPED                   |
+-----------------------------+--------------+----------------+------------------------------+---------------------------+
| 32-bit Ubuntu 20.04.4 (ARM) | SKIPPED      | PASS           | SKIPPED                      | SKIPPED                   |
+-----------------------------+--------------+----------------+------------------------------+---------------------------+

==== Unit test summary for Ubuntu 24.04 (ARM) (dpdk_unit_test): ====
ninja: Entering directory `/home-local/jenkins-local/jenkins-agent/workspace/Generic-Unit-Test-DPDK/dpdk/build'
ninja: no work to do.


Ok:                 0   
Expected Fail:      0   
Fail:               0   
Unexpected Pass:    0   
Skipped:            0   
Timeout:            0   

Full log written to /home-local/jenkins-local/jenkins-agent/workspace/Generic-Unit-Test-DPDK/dpdk/build/meson-logs/testlog.txt

==== End log output ====

Ubuntu 20.04 ARM SVE
	Kernel: Depends on container host
	Compiler: gcc (Ubuntu 10.5.0-1ubuntu1~20.04) 10.5.0

CentOS Stream 9 (ARM)
	Kernel: Depends on container host
	Compiler: gcc 11.4.1 20231218 (Red Hat 11.4.1-3)

Debian 11 (Buster) (ARM)
	Kernel: Depends on container host
	Compiler: gcc (Debian 10.2.1-6) 10.2.1 20210110

Debian 12 (arm)
	Kernel: Depends on container host
	Compiler: gcc (Debian 12.2.0-14) 12.2.0

Fedora 37 (ARM)
	Kernel: Depends on container host
	Compiler: gcc 12.3.1 20230508 (Red Hat 12.3.1-1)

Fedora 38 (ARM)
	Kernel: Depends on container host
	Compiler: gcc 13.2.1 20240316 (Red Hat 13.2.1-7)

Fedora 38 (ARM Clang)
	Kernel: Depends on container host
	Compiler: clang 16.0.6 (Fedora 16.0.6-4.fc38)

Fedora 39 (ARM Clang)
	Kernel: Depends on container host
	Compiler: clang 17.0.6 (Fedora 17.0.6-2.fc39)

Fedora 39 (ARM)
	Kernel: Depends on container host
	Compiler: gcc 13.3.1 20240522 (Red Hat 13.3.1-1)

Fedora 40 (ARM)
	Kernel: Depends on container host
	Compiler: gcc 14.2.1 20240801 (Red Hat 14.2.1-1)

Fedora 40 (ARM Clang)
	Kernel: Depends on container host
	Compiler: clang 18.1.6 (Fedora 18.1.6-3.fc40)

RHEL9 (ARM)
	Kernel: Depends on container host
	Compiler: gcc 11.4.1 20231218 (Red Hat 11.4.1-3)

Ubuntu 20.04 (ARM)
	Kernel: Depends on container host
	Compiler: gcc (Ubuntu 9.4.0-1ubuntu1~20.04.2) 9.4.0

Ubuntu 22.04 (ARM)
	Kernel: Depends on container host
	Compiler: gcc (Ubuntu 11.4.0-1ubuntu1~22.04) 11.4.0

Ubuntu 24.04 (ARM)
	Kernel: Depends on container host
	Compiler: gcc (Ubuntu 13.2.0-23ubuntu4) 13.2.0

32-bit Ubuntu 20.04.4 (ARM)
	Kernel: 5.4.0-155-generic aarch64
	Compiler: gcc 9.4

To view detailed results, visit:
https://lab.dpdk.org/results/dashboard/patchsets/31557/

UNH-IOL DPDK Community Lab

To manage your email subscriptions, visit: 
https://lab.dpdk.org/results/dashboard/preferences/subscriptions/