From mboxrd@z Thu Jan  1 00:00:00 1970
Return-Path: <test-report-bounces@dpdk.org>
Received: from mails.dpdk.org (mails.dpdk.org [217.70.189.124])
	by inbox.dpdk.org (Postfix) with ESMTP id C9A2F45A6D
	for <public@inbox.dpdk.org>; Sun, 20 Oct 2024 11:58:21 +0200 (CEST)
Received: from mails.dpdk.org (localhost [127.0.0.1])
	by mails.dpdk.org (Postfix) with ESMTP id C1C004021F;
	Sun, 20 Oct 2024 11:58:21 +0200 (CEST)
Received: from mail-yw1-f225.google.com (mail-yw1-f225.google.com
 [209.85.128.225])
 by mails.dpdk.org (Postfix) with ESMTP id D5D2C400EF
 for <test-report@dpdk.org>; Sun, 20 Oct 2024 11:58:20 +0200 (CEST)
Received: by mail-yw1-f225.google.com with SMTP id
 00721157ae682-6e2e3e4f65dso38176147b3.3
 for <test-report@dpdk.org>; Sun, 20 Oct 2024 02:58:20 -0700 (PDT)
DKIM-Signature: v=1; a=rsa-sha256; c=relaxed/relaxed;
 d=iol.unh.edu; s=unh-iol; t=1729418300; x=1730023100; darn=dpdk.org;
 h=references:in-reply-to:cc:to:from:subject:message-id:date:from:to
 :cc:subject:date:message-id:reply-to;
 bh=AX3fjVBJKFkhrKIKo3UDHY8fPHvIb+6iuZt+mWrk8Oc=;
 b=UVA4Q3FN+Gm25UIUmnne4W1OrWw6Of2Lu2cTInc7aMEVW/lJQdEfaUuamrXEVsSYvG
 m6MwockChYVKZjLeWvLfEPmorvFeVduEoLbAIfdEgYupylwX63yrkZxOrPrvvRRVnqSj
 Oq4YtNOx/IFRjeOBj2DoBqYldp0HGbNXA4sIA=
X-Google-DKIM-Signature: v=1; a=rsa-sha256; c=relaxed/relaxed;
 d=1e100.net; s=20230601; t=1729418300; x=1730023100;
 h=references:in-reply-to:cc:to:from:subject:message-id:date
 :x-gm-message-state:from:to:cc:subject:date:message-id:reply-to;
 bh=AX3fjVBJKFkhrKIKo3UDHY8fPHvIb+6iuZt+mWrk8Oc=;
 b=KNMxMyXL83SmYr0BaktZw2Vb/WdvEzBXN7GHjTWAhxIjeun+sKWxukXCRtEh0D4ikn
 qQH7h7P4mH1pYOXnpAMrx7isL4HpCM+/oME1mgeneRPyqMRu953KqIJGdm/wdrkFe7FQ
 6dyd6beat/FOXa+upjZ4wCeljv64HcW3qTBklPNVERDnj6hsAvG7t3B77Z8aq8dxGKxa
 MSpAAd1ojZrcrFEnLFy8SW+4WB0Vrmzr8LXAVfwEeRdJT+QvTmPHejvd0KKEGECjWNoP
 KqOVifwnDgL0nTcgAgpKttdY9+L5WOLJ8rusOco7JLyhdVPxHrYeSmG6cyHDNr9HeA/+
 1WEA==
X-Gm-Message-State: AOJu0YwoWNo8sVIz8jmsIxTaUkivQS3wcwBQEElFWuH16HyRLEtr2YCy
 9LyWy10PwL877XCWsQvzT7qKwO+0jhfzJA0SGMRRz+uocxVJiG46dEKPnmKQfbTf7dS5s9lg3hF
 onb08ZR0COJ3lyNScY9rZj6+hb2hhhhHlqVM9Ir+3
X-Google-Smtp-Source: AGHT+IHOYlBIfyeyTvynh4YFOo9+USb4VAIAeqzDaPp4axO0Dm7F9Z8qjnAMcbkNNRs0zwCsvtsOodOvdD25
X-Received: by 2002:a05:690c:4907:b0:6e5:de2d:39e0 with SMTP id
 00721157ae682-6e5de2d5659mr40713187b3.42.1729418300169; 
 Sun, 20 Oct 2024 02:58:20 -0700 (PDT)
Received: from postal.iol.unh.edu (postal.iol.unh.edu. [132.177.123.84])
 by smtp-relay.gmail.com with ESMTPS id
 00721157ae682-6e5f5a0c0a9sm672877b3.28.2024.10.20.02.58.20
 (version=TLS1_2 cipher=ECDHE-ECDSA-AES128-GCM-SHA256 bits=128/128);
 Sun, 20 Oct 2024 02:58:20 -0700 (PDT)
X-Relaying-Domain: iol.unh.edu
Date: Sun, 20 Oct 2024 02:58:20 -0700 (PDT)
Message-ID: <6714d43c.050a0220.3b31ab.3f22SMTPIN_ADDED_MISSING@mx.google.com>
Received: from [172.21.0.3] (unknown [172.18.0.240])
 by postal.iol.unh.edu (Postfix) with ESMTP id CEF326052471;
 Sun, 20 Oct 2024 05:58:19 -0400 (EDT)
Subject: |FAILURE| pw146313 [PATCH] common/cnxk: replace deprecated function 
From: dpdklab@iol.unh.edu
To: Test Report <test-report@dpdk.org>
Cc: dpdk-test-reports@iol.unh.edu, David Marchand <david.marchand@redhat.com>
In-Reply-To: <20241018160043.1265490-1-david.marchand@redhat.com>
References: <20241018160043.1265490-1-david.marchand@redhat.com>
Content-Type: text/plain
X-BeenThere: test-report@dpdk.org
X-Mailman-Version: 2.1.29
Precedence: list
List-Id: automatic DPDK test reports <test-report.dpdk.org>
List-Unsubscribe: <https://mails.dpdk.org/options/test-report>,
 <mailto:test-report-request@dpdk.org?subject=unsubscribe>
List-Archive: <http://mails.dpdk.org/archives/test-report/>
List-Post: <mailto:test-report@dpdk.org>
List-Help: <mailto:test-report-request@dpdk.org?subject=help>
List-Subscribe: <https://mails.dpdk.org/listinfo/test-report>,
 <mailto:test-report-request@dpdk.org?subject=subscribe>
Errors-To: test-report-bounces@dpdk.org

Test-Label: iol-compile-arm64-testing
Test-Status: FAILURE
http://dpdk.org/patch/146313

_Testing issues_

Submitter: David Marchand <david.marchand@redhat.com>
Date: Friday, October 18 2024 16:00:43 
DPDK git baseline: Repo:dpdk
  Branch: master
  CommitID:9a723449a5b30626db66bb27cd96834261d11971

146313 --> testing issues

Upstream job id: Generic-DPDK-Compile-Meson#319330

Test environment and result as below:

+----------------------------------------+--------------------+
|              Environment               | dpdk_meson_compile |
+========================================+====================+
| Ubuntu 20.04 ARM GCC Cross Compile     | FAIL               |
+----------------------------------------+--------------------+
| Ubuntu 20.04 ARM SVE                   | PASS               |
+----------------------------------------+--------------------+
| RHEL9 (ARM)                            | PASS               |
+----------------------------------------+--------------------+
| Debian 12 with MUSDK                   | PASS               |
+----------------------------------------+--------------------+
| Fedora 37 (ARM)                        | PASS               |
+----------------------------------------+--------------------+
| Fedora 38 (ARM)                        | PASS               |
+----------------------------------------+--------------------+
| Fedora 38 (ARM Clang)                  | PASS               |
+----------------------------------------+--------------------+
| Fedora 39 (ARM)                        | PASS               |
+----------------------------------------+--------------------+
| Fedora 39 (ARM Clang)                  | PASS               |
+----------------------------------------+--------------------+
| Fedora 40 (ARM)                        | PASS               |
+----------------------------------------+--------------------+
| Fedora 40 (ARM Clang)                  | PASS               |
+----------------------------------------+--------------------+
| Ubuntu 20.04 (ARM)                     | PASS               |
+----------------------------------------+--------------------+
| Ubuntu 22.04 (ARM)                     | PASS               |
+----------------------------------------+--------------------+
| Ubuntu 24.04 (ARM)                     | PASS               |
+----------------------------------------+--------------------+
| CentOS Stream 9 (ARM)                  | PASS               |
+----------------------------------------+--------------------+
| Debian 11 (Buster) (ARM)               | PASS               |
+----------------------------------------+--------------------+
| Debian 12 (arm)                        | PASS               |
+----------------------------------------+--------------------+
| Ubuntu 20.04 ARM Clang Cross Compile   | FAIL               |
+----------------------------------------+--------------------+
| Ubuntu 20.04 aarch32 GCC Cross Compile | PASS               |
+----------------------------------------+--------------------+

==== 20 line log output for Ubuntu 20.04 ARM Clang Cross Compile (dpdk_meson_compile): ====
Message: drivers/common/idpf: Defining dependency "common_idpf"
Message: drivers/common/ionic: Defining dependency "common_ionic"
Run-time dependency libmusdk found: NO (tried pkgconfig)
Message: drivers/common/octeontx: Defining dependency "common_octeontx"
Message: drivers/bus/auxiliary: Defining dependency "bus_auxiliary"
Message: drivers/bus/cdx: Defining dependency "bus_cdx"
Compiler for C supports arguments -Wno-cast-qual: YES (cached)
Compiler for C supports arguments -Wno-pointer-arith: YES (cached)
Message: drivers/bus/dpaa: Defining dependency "bus_dpaa"
Message: drivers/bus/fslmc: Defining dependency "bus_fslmc"
Message: drivers/bus/ifpga: Defining dependency "bus_ifpga"
Message: drivers/bus/pci: Defining dependency "bus_pci"
Message: drivers/bus/platform: Defining dependency "bus_platform"
Message: drivers/bus/uacce: Defining dependency "bus_uacce"
Message: drivers/bus/vdev: Defining dependency "bus_vdev"
Message: drivers/bus/vmbus: Defining dependency "bus_vmbus"

drivers/common/cnxk/meson.build:95:4: ERROR: Unknown method "get_external_property" in object.

A full log can be found at /home-local/jenkins-local/jenkins-agent/workspace/Generic-DPDK-Compile-Meson/dpdk/build/meson-logs/meson-log.txt
==== End log output ====

Ubuntu 20.04 ARM GCC Cross Compile
	Kernel: Depends on container host
	Compiler: aarch64-linux-gnu-gcc (Ubuntu 9.4.0-1ubuntu1~20.04.2) 9.4.0

Ubuntu 20.04 ARM SVE
	Kernel: Depends on container host
	Compiler: gcc (Ubuntu 10.5.0-1ubuntu1~20.04) 10.5.0

RHEL9 (ARM)
	Kernel: Depends on container host
	Compiler: gcc 11.4.1 20231218 (Red Hat 11.4.1-3)

Debian 12 with MUSDK
	Kernel: Depends on container host
	Compiler: gcc (Debian 12.2.0-14) 12.2.0

Fedora 37 (ARM)
	Kernel: Depends on container host
	Compiler: gcc 12.3.1 20230508 (Red Hat 12.3.1-1)

Fedora 38 (ARM)
	Kernel: Depends on container host
	Compiler: gcc 13.2.1 20240316 (Red Hat 13.2.1-7)

Fedora 38 (ARM Clang)
	Kernel: Depends on container host
	Compiler: clang 16.0.6 (Fedora 16.0.6-4.fc38)

Fedora 39 (ARM)
	Kernel: Depends on container host
	Compiler: gcc 13.3.1 20240522 (Red Hat 13.3.1-1)

Fedora 39 (ARM Clang)
	Kernel: Depends on container host
	Compiler: clang 17.0.6 (Fedora 17.0.6-2.fc39)

Fedora 40 (ARM)
	Kernel: Depends on container host
	Compiler: gcc 14.2.1 20240801 (Red Hat 14.2.1-1)

Fedora 40 (ARM Clang)
	Kernel: Depends on container host
	Compiler: clang 18.1.6 (Fedora 18.1.6-3.fc40)

Ubuntu 20.04 (ARM)
	Kernel: Depends on container host
	Compiler: gcc (Ubuntu 9.4.0-1ubuntu1~20.04.2) 9.4.0

Ubuntu 22.04 (ARM)
	Kernel: Depends on container host
	Compiler: gcc (Ubuntu 11.4.0-1ubuntu1~22.04) 11.4.0

Ubuntu 24.04 (ARM)
	Kernel: Depends on container host
	Compiler: gcc (Ubuntu 13.2.0-23ubuntu4) 13.2.0

CentOS Stream 9 (ARM)
	Kernel: Depends on container host
	Compiler: gcc 11.4.1 20231218 (Red Hat 11.4.1-3)

Debian 11 (Buster) (ARM)
	Kernel: Depends on container host
	Compiler: gcc (Debian 10.2.1-6) 10.2.1 20210110

Debian 12 (arm)
	Kernel: Depends on container host
	Compiler: gcc (Debian 12.2.0-14) 12.2.0

Ubuntu 20.04 ARM Clang Cross Compile
	Kernel: Depends on container host
	Compiler: clang 10.0.0-4ubuntu1

Ubuntu 20.04 aarch32 GCC Cross Compile
	Kernel: Depends on container host
	Compiler: gcc 9.4.0

To view detailed results, visit:
https://lab.dpdk.org/results/dashboard/patchsets/31556/

UNH-IOL DPDK Community Lab

To manage your email subscriptions, visit: 
https://lab.dpdk.org/results/dashboard/preferences/subscriptions/