From mboxrd@z Thu Jan  1 00:00:00 1970
Return-Path: <test-report-bounces@dpdk.org>
Received: from mails.dpdk.org (mails.dpdk.org [217.70.189.124])
	by inbox.dpdk.org (Postfix) with ESMTP id 934DB45B8A
	for <public@inbox.dpdk.org>; Mon, 21 Oct 2024 00:52:34 +0200 (CEST)
Received: from mails.dpdk.org (localhost [127.0.0.1])
	by mails.dpdk.org (Postfix) with ESMTP id 73EF04027E;
	Mon, 21 Oct 2024 00:52:34 +0200 (CEST)
Received: from mail-pl1-f228.google.com (mail-pl1-f228.google.com
 [209.85.214.228])
 by mails.dpdk.org (Postfix) with ESMTP id D1F944021F
 for <test-report@dpdk.org>; Mon, 21 Oct 2024 00:52:32 +0200 (CEST)
Received: by mail-pl1-f228.google.com with SMTP id
 d9443c01a7336-20c767a9c50so34767895ad.1
 for <test-report@dpdk.org>; Sun, 20 Oct 2024 15:52:32 -0700 (PDT)
DKIM-Signature: v=1; a=rsa-sha256; c=relaxed/relaxed;
 d=iol.unh.edu; s=unh-iol; t=1729464752; x=1730069552; darn=dpdk.org;
 h=references:in-reply-to:cc:to:from:subject:message-id:date:from:to
 :cc:subject:date:message-id:reply-to;
 bh=iXouXFgcbDV31D0OAVMyt0Zi632E+1jX1oy2RiaVnSw=;
 b=fIUqTL5sdSEtWXFXeVd1nIshYIkFyfnyPxVOoXn1gRDiIHJqBI57pZXp2vl8lzGvhU
 r6hGMoRV5Jip7CWN8laoNw3o2XESuyiZfYg+dATAB7j0h1bMOOATuX3vRT9nqdMj8Mlk
 uaHykjecgZR9/Bl3jbdsM8HtyfMJFLPMMa76g=
X-Google-DKIM-Signature: v=1; a=rsa-sha256; c=relaxed/relaxed;
 d=1e100.net; s=20230601; t=1729464752; x=1730069552;
 h=references:in-reply-to:cc:to:from:subject:message-id:date
 :x-gm-message-state:from:to:cc:subject:date:message-id:reply-to;
 bh=iXouXFgcbDV31D0OAVMyt0Zi632E+1jX1oy2RiaVnSw=;
 b=GrkM9GJkdf0BCoTK78NKTm4xCbwWKkXHP6TX6gnMz0juHwUZg9H9+gUm59f2HZJKAz
 kNsRXIMr7T7jlDTEr/JtNcFa323nYnsKvmfq1UIIGvc97mcsgDmAXnE4aY08B2MHXekA
 Z+WaHz558fLU0XSnmWewhWbW2z1pSNHQTIu2tMgk8cKE/xG7wAn2mmiTkellQ2XjyMvi
 Wz8hfNRx6+tQ/I05M1p5L4kUY8EYyRgo3HQhkG6R7LXCeKcQ7ZKX/REPAn8P6XfHKh9a
 +AROlT4OtfNZiOg9ZY5VM4kZ/Z6FMQkZDumBlynz+GfGOURCv+r91BbINJSXqlQRzAsj
 P7UQ==
X-Gm-Message-State: AOJu0YzattqwY8Y5g0zUIJzE2R+AKMWQmwLNZayfmYTGHGZqumogpIiG
 Gw+x8NsRSPFlhrgmWXiIpsBiRpFI4ndEE386Zivj61H6oVASKf0n5wpwBPARl2Rs/32CXCZk2zb
 AWgglCc3+D+pm4DjX9/fBNANxcg0/b/NwZH5mmT5M
X-Google-Smtp-Source: AGHT+IFByrnZ0EiW08fnbJ0hc2vHo14aAxIp4SBmue3Gyx4w7XQESERDZaK3IydaQx8iA3s9TN+kKjxXWeuR
X-Received: by 2002:a17:902:e74e:b0:20c:8763:b3f7 with SMTP id
 d9443c01a7336-20e5a78adfbmr148090625ad.17.1729464751892; 
 Sun, 20 Oct 2024 15:52:31 -0700 (PDT)
Received: from postal.iol.unh.edu (postal.iol.unh.edu. [132.177.123.84])
 by smtp-relay.gmail.com with ESMTPS id
 d9443c01a7336-20e7f17ac9dsm724415ad.113.2024.10.20.15.52.31
 (version=TLS1_2 cipher=ECDHE-ECDSA-AES128-GCM-SHA256 bits=128/128);
 Sun, 20 Oct 2024 15:52:31 -0700 (PDT)
X-Relaying-Domain: iol.unh.edu
Date: Sun, 20 Oct 2024 15:52:31 -0700 (PDT)
Message-ID: <671589af.170a0220.1288b0.47f7SMTPIN_ADDED_MISSING@mx.google.com>
Received: from [172.21.0.3] (unknown [172.18.0.240])
 by postal.iol.unh.edu (Postfix) with ESMTP id 069B46052471;
 Sun, 20 Oct 2024 18:52:31 -0400 (EDT)
Subject: |WARNING| pw145844 [PATCH] [v3] hash: separate param checks in hash 
From: dpdklab@iol.unh.edu
To: Test Report <test-report@dpdk.org>
Cc: dpdk-test-reports@iol.unh.edu
In-Reply-To: <20241014101916.2043948-1-niall.meade@intel.com>
References: <20241014101916.2043948-1-niall.meade@intel.com>
Content-Type: text/plain
X-BeenThere: test-report@dpdk.org
X-Mailman-Version: 2.1.29
Precedence: list
List-Id: automatic DPDK test reports <test-report.dpdk.org>
List-Unsubscribe: <https://mails.dpdk.org/options/test-report>,
 <mailto:test-report-request@dpdk.org?subject=unsubscribe>
List-Archive: <http://mails.dpdk.org/archives/test-report/>
List-Post: <mailto:test-report@dpdk.org>
List-Help: <mailto:test-report-request@dpdk.org?subject=help>
List-Subscribe: <https://mails.dpdk.org/listinfo/test-report>,
 <mailto:test-report-request@dpdk.org?subject=subscribe>
Errors-To: test-report-bounces@dpdk.org

Test-Label: iol-compile-amd64-testing
Test-Status: WARNING
http://dpdk.org/patch/145844

_Testing issues RETEST #1_

Submitter: Meade, Niall <niall.meade@intel.com>
Date: Monday, October 14 2024 10:19:16 
DPDK git baseline: Repo:dpdk
  Branch: master
  CommitID:5f7b98189de733080656989d63b0e7ffd249830a

145844 --> testing issues

Upstream job id: Generic-DPDK-Compile-Meson#319691

Test environment and result as below:

+---------------------+--------------------+------------------+-------------------+-----------------------+----------------------+-------------------+
|     Environment     | dpdk_meson_compile | dpdk_compile_ovs | dpdk_compile_spdk | dpdk_win_llvm_compile | dpdk_mingw64_compile | dpdk_msvc_compile |
+=====================+====================+==================+===================+=======================+======================+===================+
| CentOS Stream 9     | PASS               | PASS             | PASS              | SKIPPED               | SKIPPED              | SKIPPED           |
+---------------------+--------------------+------------------+-------------------+-----------------------+----------------------+-------------------+
| Debian Bullseye     | PASS               | PASS             | PASS              | SKIPPED               | SKIPPED              | SKIPPED           |
+---------------------+--------------------+------------------+-------------------+-----------------------+----------------------+-------------------+
| Debian 12           | PASS               | PASS             | PASS              | SKIPPED               | SKIPPED              | SKIPPED           |
+---------------------+--------------------+------------------+-------------------+-----------------------+----------------------+-------------------+
| Fedora 38 (Clang)   | PASS               | PASS             | PASS              | SKIPPED               | SKIPPED              | SKIPPED           |
+---------------------+--------------------+------------------+-------------------+-----------------------+----------------------+-------------------+
| Fedora 39 (Clang)   | PEND               | PEND             | PEND              | SKIPPED               | SKIPPED              | SKIPPED           |
+---------------------+--------------------+------------------+-------------------+-----------------------+----------------------+-------------------+
| Fedora 40           | PEND               | PEND             | PEND              | SKIPPED               | SKIPPED              | SKIPPED           |
+---------------------+--------------------+------------------+-------------------+-----------------------+----------------------+-------------------+
| Fedora 40 (Clang)   | PEND               | PEND             | PEND              | SKIPPED               | SKIPPED              | SKIPPED           |
+---------------------+--------------------+------------------+-------------------+-----------------------+----------------------+-------------------+
| Fedora 39           | PASS               | PASS             | PASS              | SKIPPED               | SKIPPED              | SKIPPED           |
+---------------------+--------------------+------------------+-------------------+-----------------------+----------------------+-------------------+
| openSUSE Leap 15    | PEND               | PEND             | SKIPPED           | SKIPPED               | SKIPPED              | SKIPPED           |
+---------------------+--------------------+------------------+-------------------+-----------------------+----------------------+-------------------+
| RHEL8               | PASS               | PASS             | SKIPPED           | SKIPPED               | SKIPPED              | SKIPPED           |
+---------------------+--------------------+------------------+-------------------+-----------------------+----------------------+-------------------+
| RHEL9               | PASS               | PASS             | SKIPPED           | SKIPPED               | SKIPPED              | SKIPPED           |
+---------------------+--------------------+------------------+-------------------+-----------------------+----------------------+-------------------+
| Ubuntu 20.04        | PASS               | PASS             | SKIPPED           | SKIPPED               | SKIPPED              | SKIPPED           |
+---------------------+--------------------+------------------+-------------------+-----------------------+----------------------+-------------------+
| Alpine              | PASS               | PASS             | SKIPPED           | SKIPPED               | SKIPPED              | SKIPPED           |
+---------------------+--------------------+------------------+-------------------+-----------------------+----------------------+-------------------+
| FreeBSD 13.4        | PASS               | SKIPPED          | SKIPPED           | SKIPPED               | SKIPPED              | SKIPPED           |
+---------------------+--------------------+------------------+-------------------+-----------------------+----------------------+-------------------+
| FreeBSD 14.1        | PASS               | SKIPPED          | SKIPPED           | SKIPPED               | SKIPPED              | SKIPPED           |
+---------------------+--------------------+------------------+-------------------+-----------------------+----------------------+-------------------+
| Fedora 38           | PEND               | PEND             | PEND              | SKIPPED               | SKIPPED              | SKIPPED           |
+---------------------+--------------------+------------------+-------------------+-----------------------+----------------------+-------------------+
| Fedora 37           | PEND               | PEND             | PEND              | SKIPPED               | SKIPPED              | SKIPPED           |
+---------------------+--------------------+------------------+-------------------+-----------------------+----------------------+-------------------+
| Ubuntu 24.04        | PEND               | PEND             | PEND              | SKIPPED               | SKIPPED              | SKIPPED           |
+---------------------+--------------------+------------------+-------------------+-----------------------+----------------------+-------------------+
| Ubuntu 22.04        | PEND               | PEND             | PEND              | SKIPPED               | SKIPPED              | SKIPPED           |
+---------------------+--------------------+------------------+-------------------+-----------------------+----------------------+-------------------+
| Windows Server 2022 | SKIPPED            | SKIPPED          | SKIPPED           | PASS                  | PASS                 | FAIL              |
+---------------------+--------------------+------------------+-------------------+-----------------------+----------------------+-------------------+

==== 20 line log output for Windows Server 2022 (dpdk_msvc_compile): ====
�[�2�2�/�9�5�]� �C�o�m�p�i�l�i�n�g� �C� �o�b�j�e�c�t� �l�i�b�/�l�i�b�r�t�e�_�e�a�l�.�a�.�p�/�e�a�l�_�c�o�m�m�o�n�_�e�a�l�_�c�o�m�m�o�n�_�l�a�u�n�c�h�.�c�.�o�b�j�
�
�[�2�3�/�9�5�]� �C�o�m�p�i�l�i�n�g� �C� �o�b�j�e�c�t� �l�i�b�/�l�i�b�r�t�e�_�e�a�l�.�a�.�p�/�e�a�l�_�c�o�m�m�o�n�_�e�a�l�_�c�o�m�m�o�n�_�m�c�f�g�.�c�.�o�b�j�
�
�[�2�4�/�9�5�]� �C�o�m�p�i�l�i�n�g� �C� �o�b�j�e�c�t� �l�i�b�/�l�i�b�r�t�e�_�e�a�l�.�a�.�p�/�e�a�l�_�c�o�m�m�o�n�_�e�a�l�_�c�o�m�m�o�n�_�m�e�m�a�l�l�o�c�.�c�.�o�b�j�
�
�[�2�5�/�9�5�]� �C�o�m�p�i�l�i�n�g� �C� �o�b�j�e�c�t� �l�i�b�/�l�i�b�r�t�e�_�e�a�l�.�a�.�p�/�e�a�l�_�c�o�m�m�o�n�_�e�a�l�_�c�o�m�m�o�n�_�m�e�m�z�o�n�e�.�c�.�o�b�j�
�
�[�2�6�/�9�5�]� �C�o�m�p�i�l�i�n�g� �C� �o�b�j�e�c�t� �l�i�b�/�l�i�b�r�t�e�_�e�a�l�.�a�.�p�/�e�a�l�_�c�o�m�m�o�n�_�e�a�l�_�c�o�m�m�o�n�_�u�u�i�d�.�c�.�o�b�j�
�
�[�2�7�/�9�5�]� �C�o�m�p�i�l�i�n�g� �C� �o�b�j�e�c�t� �l�i�b�/�l�i�b�r�t�e�_�e�a�l�.�a�.�p�/�e�a�l�_�c�o�m�m�o�n�_�e�a�l�_�c�o�m�m�o�n�_�t�a�i�l�q�s�.�c�.�o�b�j�
�
�[�2�8�/�9�5�]� �C�o�m�p�i�l�i�n�g� �C� �o�b�j�e�c�t� �l�i�b�/�l�i�b�r�t�e�_�e�a�l�.�a�.�p�/�e�a�l�_�c�o�m�m�o�n�_�e�a�l�_�c�o�m�m�o�n�_�m�e�m�o�r�y�.�c�.�o�b�j�
�
�[�2�9�/�9�5�]� �C�o�m�p�i�l�i�n�g� �C� �o�b�j�e�c�t� �l�i�b�/�l�i�b�r�t�e�_�e�a�l�.�a�.�p�/�e�a�l�_�c�o�m�m�o�n�_�e�a�l�_�c�o�m�m�o�n�_�t�r�a�c�e�_�p�o�i�n�t�s�.�c�.�o�b�j�
�
�[�3�0�/�9�5�]� �C�o�m�p�i�l�i�n�g� �C� �o�b�j�e�c�t� �l�i�b�/�l�i�b�r�t�e�_�e�a�l�.�a�.�p�/�e�a�l�_�c�o�m�m�o�n�_�r�t�e�_�b�i�t�s�e�t�.�c�.�o�b�j�
�
�F�A�I�L�E�D�:� �l�i�b�/�l�i�b�r�t�e�_�e�a�l�.�a�.�p�/�e�a�l�_�c�o�m�m�o�n�_�r�t�e�_�b�i�t�s�e�t�.�c�.�o�b�j� �
�
�"�c�l�"� �"�-�I�l�i�b�\�l�i�b�r�t�e�_�e�a�l�.�a�.�p�"� �"�-�I�l�i�b�"� �"�-�I�.�.�\�l�i�b�"� �"�-�I�.�"� �"�-�I�.�.�"� �"�-�I�c�o�n�f�i�g�"� �"�-�I�.�.�\�c�o�n�f�i�g�"� �"�-�I�l�i�b�\�e�a�l�\�i�n�c�l�u�d�e�"� �"�-�I�.�.�\�l�i�b�\�e�a�l�\�i�n�c�l�u�d�e�"� �"�-�I�l�i�b�\�e�a�l�\�w�i�n�d�o�w�s�\�i�n�c�l�u�d�e�"� �"�-�I�.�.�\�l�i�b�\�e�a�l�\�w�i�n�d�o�w�s�\�i�n�c�l�u�d�e�"� �"�-�I�l�i�b�\�e�a�l�\�x�8�6�\�i�n�c�l�u�d�e�"� �"�-�I�.�.�\�l�i�b�\�e�a�l�\�x�8�6�\�i�n�c�l�u�d�e�"� �"�-�I�l�i�b�\�e�a�l�\�c�o�m�m�o�n�"� �"�-�I�.�.�\�l�i�b�\�e�a�l�\�c�o�m�m�o�n�"� �"�-�I�l�i�b�\�e�a�l�"� �"�-�I�.�.�\�l�i�b�\�e�a�l�"� �"�-�I�l�i�b�\�l�o�g�"� �"�-�I�.�.�\�l�i�b�\�l�o�g�"� �"�-�I�l�i�b�\�k�v�a�r�g�s�"� �"�-�I�.�.�\�l�i�b�\�k�v�a�r�g�s�"� �"�-�I�C�:�\�P�r�o�g�r�a�m� �F�i�l�e�s�\�M�e�l�l�a�n�o�x�\�M�L�N�X�_�W�i�n�O�F�2�_�D�e�v�X�_�S�D�K�\�i�n�c�"� �"�/�M�D�"� �"�/�n�o�l�o�g�o�"� �"�/�s�h�o�w�I�n�c�l�u�d�e�s�"� �"�/�W�3�"� �"�/�W�X�"� �"�/�s�t�d�:�c�1�1�"� �"�/�O�2�"� �"�/�G�w�"� �"�/�w�d�4�2�4�4�"� �"
 �/�w�d�4�2�6�7�"� �"�/�w�d�4�1�4�6�"� �"�/�e�x�p�e�r�i�m�e�n�t�a�l�:�c�1�1�a�t�o�m�i�c�s�"� �"�/�d�1�e�x�p�e�r�i�m�e�n�t�a�l�:�t�y�p�e�o�f�"� �"�/�e�x�p�e�r�i�m�e�n�t�a�l�:�s�t�a�t�e�m�e�n�t�E�x�p�r�e�s�s�i�o�n�s�"� �"�/�F�I�"� �"�r�t�e�_�c�o�n�f�i�g�.�h�"� �"�-�D�_�G�N�U�_�S�O�U�R�C�E�"� �"�-�D�_�W�I�N�3�2�_�W�I�N�N�T�=�0�x�0�A�0�0�"� �"�-�D�A�L�L�O�W�_�E�X�P�E�R�I�M�E�N�T�A�L�_�A�P�I�"� �"�-�D�A�L�L�O�W�_�I�N�T�E�R�N�A�L�_�A�P�I�"� �"�-�D�A�B�I�_�V�E�R�S�I�O�N�=�\�"�2�5�.�0�\�"�"� �"�-�D�R�T�E�_�L�O�G�_�D�E�F�A�U�L�T�_�L�O�G�T�Y�P�E�=�l�i�b�.�e�a�l�"� �"�/�F�d�l�i�b�\�l�i�b�r�t�e�_�e�a�l�.�a�.�p�\�e�a�l�_�c�o�m�m�o�n�_�r�t�e�_�b�i�t�s�e�t�.�c�.�p�d�b�"� �/�F�o�l�i�b�/�l�i�b�r�t�e�_�e�a�l�.�a�.�p�/�e�a�l�_�c�o�m�m�o�n�_�r�t�e�_�b�i�t�s�e�t�.�c�.�o�b�j� �"�/�c�"� �.�.�/�l�i�b�/�e�a�l�/�c�o�m�m�o�n�/�r�t�e�_�b�i�t�s�e�t�.�c�
�
�.�.�\�l�i�b�\�e�a�l�\�i�n�c�l�u�d�e�\�r�t�e�_�b�i�t�s�e�t�.�h�(�6�1�2�)�:� �e�r�r�o�r� �C�2�2�2�0�:� �t�h�e� �f�o�l�l�o�w�i�n�g� �w�a�r�n�i�n�g� �i�s� �t�r�e�a�t�e�d� �a�s� �a�n� �e�r�r�o�r�
�
�.�.�\�l�i�b�\�e�a�l�\�i�n�c�l�u�d�e�\�r�t�e�_�b�i�t�s�e�t�.�h�(�6�1�2�)�:� �w�a�r�n�i�n�g� �C�4�0�1�3�:� �'�_�_�b�u�i�l�t�i�n�_�f�f�s�l�l�'� �u�n�d�e�f�i�n�e�d�;� �a�s�s�u�m�i�n�g� �e�x�t�e�r�n� �r�e�t�u�r�n�i�n�g� �i�n�t�
�
�[�3�1�/�9�5�]� �C�o�m�p�i�l�i�n�g� �C� �o�b�j�e�c�t� �l�i�b�/�l�i�b�r�t�e�_�e�a�l�.�a�.�p�/�e�a�l�_�c�o�m�m�o�n�_�e�a�l�_�c�o�m�m�o�n�_�t�i�m�e�r�.�c�.�o�b�j�
�
�[�3�2�/�9�5�]� �C�o�m�p�i�l�i�n�g� �C� �o�b�j�e�c�t� �l�i�b�/�l�i�b�r�t�e�_�e�a�l�.�a�.�p�/�e�a�l�_�c�o�m�m�o�n�_�m�a�l�l�o�c�_�e�l�e�m�.�c�.�o�b�j�
�
�[�3�3�/�9�5�]� �C�o�m�p�i�l�i�n�g� �C� �o�b�j�e�c�t� �l�i�b�/�l�i�b�r�t�e�_�e�a�l�.�a�.�p�/�e�a�l�_�c�o�m�m�o�n�_�e�a�l�_�c�o�m�m�o�n�_�t�h�r�e�a�d�.�c�.�o�b�j�
�
�[�3�4�/�9�5�]� �C�o�m�p�i�l�i�n�g� �C� �o�b�j�e�c�t� �l�i�b�/�l�i�b�r�t�e�_�e�a�l�.�a�.�p�/�e�a�l�_�c�o�m�m�o�n�_�e�a�l�_�c�o�m�m�o�n�_�o�p�t�i�o�n�s�.�c�.�o�b�j�
�
�[�3�5�/�9�5�]� �C�o�m�p�i�l�i�n�g� �C� �o�b�j�e�c�t� �l�i�b�/�l�i�b�r�t�e�_�e�a�l�.�a�.�p�/�e�a�l�_�c�o�m�m�o�n�_�m�a�l�l�o�c�_�h�e�a�p�.�c�.�o�b�j�
�
�n�i�n�j�a�:� �b�u�i�l�d� �s�t�o�p�p�e�d�:� �s�u�b�c�o�m�m�a�n�d� �f�a�i�l�e�d�.�
�
�
==== End log output ====

CentOS Stream 9
	Kernel: Depends on container host
	Compiler: gcc 11.4.1 20231218 (Red Hat 11.4.1-3)

Debian Bullseye
	Kernel: Depends on container host
	Compiler: gcc (Debian 10.2.1-6) 10.2.1 20210110

Debian 12
	Kernel: Depends on container host
	Compiler: gcc (Debian 12.2.0-14) 12.2.0

Fedora 38 (Clang)
	Kernel: Depends on container host
	Compiler: clang 16.0.6 (Fedora 16.0.6-4.fc38)

Fedora 39 (Clang)
	Kernel: Depends on container host
	Compiler: clang 17.0.6 (Fedora 17.0.6-2.fc39)

Fedora 40
	Kernel: Depends on container host
	Compiler: gcc 14.2.1 20240801 (Red Hat 14.2.1-1)

Fedora 40 (Clang)
	Kernel: Depends on container host
	Compiler: clang 18.1.6 (Fedora 18.1.6-3.fc40)

Fedora 39
	Kernel: Depends on container host
	Compiler: gcc 13.3.1 20240522 (Red Hat 13.3.1-1)

openSUSE Leap 15
	Kernel: Depends on container host
	Compiler: gcc (SUSE Linux) 7.5.0

RHEL8
	Kernel: Depends on container host
	Compiler: gcc 8.5.0 20210514 (Red Hat 8.5.0-22)

RHEL9
	Kernel: Depends on container host
	Compiler: gcc 11.4.1 20231218 (Red Hat 11.4.1-3)

Ubuntu 20.04
	Kernel: Depends on container host
	Compiler: gcc (Ubuntu 9.4.0-1ubuntu1~20.04.2) 9.4.0

Alpine
	Kernel: Depends on container host
	Compiler: gcc (Alpine 13.2.1_git20240309) 13.2.1 20240309

FreeBSD 13.4
	Kernel: 13.4-RELEASE-p1
	Compiler: clang 18.1.6

FreeBSD 14.1
	Kernel: 14.1-RELEASE-p3
	Compiler: clang 18.1.5

Fedora 38
	Kernel: Depends on container host
	Compiler: gcc 13.2.1 20240316 (Red Hat 13.2.1-7)

Fedora 37
	Kernel: Depends on container host system
	Compiler: gcc 12.3.1 20230508 (Red Hat 12.3.1-1)

Ubuntu 24.04
	Kernel: Depends on container host
	Compiler: gcc (Ubuntu 13.2.0-23ubuntu4) 13.2.0

Ubuntu 22.04
	Kernel: Depends on container host
	Compiler: gcc (Ubuntu 11.4.0-1ubuntu1~22.04) 11.4.0

Windows Server 2022
	Kernel: 10.0.20348.2031
	Compiler: clang 15.0.7, gcc 14.1.0 (MinGW), and MSVC VS 19.39.33521

To view detailed results, visit:
https://lab.dpdk.org/results/dashboard/patchsets/31464/

UNH-IOL DPDK Community Lab

To manage your email subscriptions, visit: 
https://lab.dpdk.org/results/dashboard/preferences/subscriptions/