From mboxrd@z Thu Jan 1 00:00:00 1970 Return-Path: Received: from mails.dpdk.org (mails.dpdk.org [217.70.189.124]) by inbox.dpdk.org (Postfix) with ESMTP id 02DC845B8B for ; Mon, 21 Oct 2024 03:39:40 +0200 (CEST) Received: from mails.dpdk.org (localhost [127.0.0.1]) by mails.dpdk.org (Postfix) with ESMTP id 05CA14021F; Mon, 21 Oct 2024 03:39:40 +0200 (CEST) Received: from mail-pg1-f226.google.com (mail-pg1-f226.google.com [209.85.215.226]) by mails.dpdk.org (Postfix) with ESMTP id BF654400EF for ; Mon, 21 Oct 2024 03:39:37 +0200 (CEST) Received: by mail-pg1-f226.google.com with SMTP id 41be03b00d2f7-7db908c9c83so2427149a12.2 for ; Sun, 20 Oct 2024 18:39:37 -0700 (PDT) DKIM-Signature: v=1; a=rsa-sha256; c=relaxed/relaxed; d=iol.unh.edu; s=unh-iol; t=1729474777; x=1730079577; darn=dpdk.org; h=references:in-reply-to:cc:to:from:subject:message-id:date:from:to :cc:subject:date:message-id:reply-to; bh=Fv22eHY10pxET5IwKnF7+HkBvOyo1KRVxBN6+4gK2PM=; b=UPTcstlomsww4awSiuaO7OtE03j+8JvsPzSPC+4nVBu/opp9vEv6gC4NY9yu926ip+ brqWzHud6HPWo3f9zmn0/xS4Hu78GQyMV+8idqgXqdaDkRD9A26OwK7nnMdMReadGwdN 34ZYrOiMu7cXkuOt291i9RdyKcOcY7ii3w0rI= X-Google-DKIM-Signature: v=1; a=rsa-sha256; c=relaxed/relaxed; d=1e100.net; s=20230601; t=1729474777; x=1730079577; h=references:in-reply-to:cc:to:from:subject:message-id:date :x-gm-message-state:from:to:cc:subject:date:message-id:reply-to; bh=Fv22eHY10pxET5IwKnF7+HkBvOyo1KRVxBN6+4gK2PM=; b=P8ER6SvDN0GrKWeHgOBgn4bZQG11u/U4UPToUy3HZnDG3+tQbEwTaNZQ4AZzyTAxdF jWpO4BCuemc8vZMbKm+dPZpUUOb+wQI6m4r0GEAzED+k4oioru5V8CeD6kmlnKsImoL/ XSSFcRHSOo0N8L8P47nIZaliVde6Umf7O8+vZW66bN8lf6Bnn/1nS83QR0u5+61ArEBo +qOZFKsCVoI4qehPWonHcDVxwFU/qzvS0KBFw90M8ePlvaGx7taxcCt4SgoLcPz6l/gJ +4umIlkYASy3W9zCofFgVrakzxtOEQRc0Z26q56kOVWNmO/2VSyMsxt03tJcRI6Y1btR eicg== X-Gm-Message-State: AOJu0YwZcIfQiBu+IUiOEq72n0fLFWooEHhrSnboNkM5XSawLvjKEdAJ 4Jd2QqR/lqDtd8b+yLHa4LWYz2/gMa2RUhV78PfpSUyqqxqt9Xh/63JDHzcgI25CZLxmFMb73mf ZiBV1Rf0LaY1zDr9HDIgkFHmwiWL/GMLDblOmhWeHYJpq/dhBLSr3Mzan X-Google-Smtp-Source: AGHT+IE4l41Vna6jT34hUxhiI+rKZrzeXbaIC9dlQi+YrXMZG3ief0D3otmr3hDecMcE+RkQQWBYk5xY1KzQ X-Received: by 2002:a05:6a21:3a94:b0:1d9:282f:3d16 with SMTP id adf61e73a8af0-1d92c56cad7mr14377482637.32.1729474776757; Sun, 20 Oct 2024 18:39:36 -0700 (PDT) Received: from postal.iol.unh.edu (postal.iol.unh.edu. [2606:4100:3880:1234::84]) by smtp-relay.gmail.com with ESMTPS id d2e1a72fcca58-71ec13902a9sm153139b3a.13.2024.10.20.18.39.36 (version=TLS1_2 cipher=ECDHE-ECDSA-AES128-GCM-SHA256 bits=128/128); Sun, 20 Oct 2024 18:39:36 -0700 (PDT) X-Relaying-Domain: iol.unh.edu Date: Sun, 20 Oct 2024 18:39:36 -0700 (PDT) Message-ID: <6715b0d8.050a0220.164548.9c3bSMTPIN_ADDED_MISSING@mx.google.com> Received: from [172.21.0.2] (unknown [172.18.0.240]) by postal.iol.unh.edu (Postfix) with ESMTP id EBB886052471; Sun, 20 Oct 2024 21:39:35 -0400 (EDT) Subject: |FAILURE| pw145708 [PATCH] doc: correct definition of Stats per queu From: dpdklab@iol.unh.edu To: Test Report Cc: dpdk-test-reports@iol.unh.edu, Stephen Hemminger In-Reply-To: <20241011013827.5945-1-stephen@networkplumber.org> References: <20241011013827.5945-1-stephen@networkplumber.org> Content-Type: text/plain X-BeenThere: test-report@dpdk.org X-Mailman-Version: 2.1.29 Precedence: list List-Id: automatic DPDK test reports List-Unsubscribe: , List-Archive: List-Post: List-Help: List-Subscribe: , Errors-To: test-report-bounces@dpdk.org Test-Label: iol-unit-amd64-testing Test-Status: FAILURE http://dpdk.org/patch/145708 _Testing issues_ Submitter: Stephen Hemminger Date: Friday, October 11 2024 01:38:27 DPDK git baseline: Repo:dpdk Branch: master CommitID:d8381a8f54cdc789c4260efefb5a17b9612f417e 145708 --> testing issues Upstream job id: Generic-Unit-Test-DPDK#278756 Test environment and result as below: +-------------------+----------------+ | Environment | dpdk_unit_test | +===================+================+ | CentOS Stream 9 | FAIL | +-------------------+----------------+ | Debian Bullseye | FAIL | +-------------------+----------------+ | Fedora 37 | FAIL | +-------------------+----------------+ | Debian 12 | FAIL | +-------------------+----------------+ | Fedora 39 (Clang) | FAIL | +-------------------+----------------+ | Fedora 38 | FAIL | +-------------------+----------------+ | Fedora 39 | FAIL | +-------------------+----------------+ | Fedora 40 | FAIL | +-------------------+----------------+ | Fedora 40 (Clang) | FAIL | +-------------------+----------------+ | RHEL8 | FAIL | +-------------------+----------------+ | Ubuntu 20.04 | FAIL | +-------------------+----------------+ | RHEL9 | FAIL | +-------------------+----------------+ | Ubuntu 24.04 | FAIL | +-------------------+----------------+ | Ubuntu 22.04 | FAIL | +-------------------+----------------+ | Fedora 38 (Clang) | FAIL | +-------------------+----------------+ ==== Unit test summary for Fedora 38 (Clang) (dpdk_unit_test): ==== ninja: Entering directory `/home-local/jenkins-local/jenkins-agent/workspace/Generic-Unit-Test-DPDK/dpdk/build' ninja: no work to do. 1/114 DPDK:fast-tests / acl_autotest OK 4.44 s 2/114 DPDK:fast-tests / alarm_autotest OK 1.32 s 3/114 DPDK:fast-tests / argparse_autotest OK 0.35 s 4/114 DPDK:fast-tests / atomic_autotest OK 0.91 s 5/114 DPDK:fast-tests / bitcount_autotest OK 0.31 s 6/114 DPDK:fast-tests / bitmap_autotest OK 0.31 s 7/114 DPDK:fast-tests / bitops_autotest OK 1.95 s 8/114 DPDK:fast-tests / bitset_autotest OK 2.21 s 9/114 DPDK:fast-tests / bitratestats_autotest OK 0.32 s 10/114 DPDK:fast-tests / bpf_autotest OK 0.55 s 11/114 DPDK:fast-tests / bpf_convert_autotest OK 0.35 s 12/114 DPDK:fast-tests / byteorder_autotest OK 0.26 s 13/114 DPDK:fast-tests / cksum_autotest OK 0.33 s 14/114 DPDK:fast-tests / cmdline_autotest OK 0.35 s 15/114 DPDK:fast-tests / common_autotest OK 0.74 s 16/114 DPDK:fast-tests / compressdev_autotest SKIP 0.17 s 17/114 DPDK:fast-tests / cpuflags_autotest OK 0.32 s 18/114 DPDK:fast-tests / crc_autotest OK 0.23 s 19/114 DPDK:fast-tests / user_delay_us OK 0.22 s 20/114 DPDK:fast-tests / debug_autotest OK 0.70 s 21/114 DPDK:fast-tests / devargs_autotest OK 0.28 s 22/114 DPDK:fast-tests / dispatcher_autotest SKIP 0.26 s 23/114 DPDK:fast-tests / distributor_autotest OK 1.30 s 24/114 DPDK:fast-tests / eal_flags_c_opt_autotest OK 1.14 s 25/114 DPDK:fast-tests / eal_flags_main_opt_autotest OK 0.49 s 26/114 DPDK:fast-tests / eal_flags_n_opt_autotest OK 0.69 s 27/114 DPDK:fast-tests / eal_flags_hpet_autotest OK 0.28 s 28/114 DPDK:fast-tests / eal_flags_no_huge_autotest OK 0.77 s 29/114 DPDK:fast-tests / eal_flags_a_opt_autotest OK 0.53 s 30/114 DPDK:fast-tests / eal_flags_b_opt_autotest OK 0.56 s 31/114 DPDK:fast-tests / eal_flags_vdev_opt_autotest OK 0.85 s 32/114 DPDK:fast-tests / eal_flags_r_opt_autotest OK 0.36 s 33/114 DPDK:fast-tests / eal_flags_mem_autotest OK 0.93 s 34/114 DPDK:fast-tests / eal_flags_file_prefix_autotest OK 2.60 s 35/114 DPDK:fast-tests / eal_flags_misc_autotest OK 1.97 s 36/114 DPDK:fast-tests / eal_fs_autotest OK 0.23 s 37/114 DPDK:fast-tests / errno_autotest OK 0.20 s 38/114 DPDK:fast-tests / ethdev_link_status OK 0.25 s 39/114 DPDK:fast-tests / event_eth_tx_adapter_autotest OK 0.70 s 40/114 DPDK:fast-tests / event_ring_autotest OK 0.22 s 41/114 DPDK:fast-tests / eventdev_common_autotest OK 0.34 s 42/114 DPDK:fast-tests / eventdev_selftest_sw OK 0.31 s 43/114 DPDK:fast-tests / fbarray_autotest OK 0.31 s 44/114 DPDK:fast-tests / fib_autotest FAIL 1.45 s (exit status 255 or signal 127 SIGinvalid) 45/114 DPDK:fast-tests / fib6_autotest OK 1.05 s 46/114 DPDK:fast-tests / func_reentrancy_autotest OK 0.74 s 47/114 DPDK:fast-tests / graph_autotest OK 0.24 s 48/114 DPDK:fast-tests / node_list_dump OK 0.30 s 49/114 DPDK:fast-tests / hash_autotest OK 0.36 s 50/114 DPDK:fast-tests / hash_readwrite_func_autotest SKIP 0.22 s 51/114 DPDK:fast-tests / interrupt_autotest OK 1.43 s 52/114 DPDK:fast-tests / ipfrag_autotest OK 0.18 s 53/114 DPDK:fast-tests / ipsec_autotest SKIP 0.27 s 54/114 DPDK:fast-tests / kvargs_autotest OK 0.22 s 55/114 DPDK:fast-tests / latencystats_autotest OK 0.22 s 56/114 DPDK:fast-tests / lcores_autotest OK 25.67 s 57/114 DPDK:fast-tests / logs_autotest OK 0.26 s 58/114 DPDK:fast-tests / lpm_autotest OK 2.35 s 59/114 DPDK:fast-tests / lpm6_autotest OK 3.77 s 60/114 DPDK:fast-tests / malloc_autotest OK 1.66 s 61/114 DPDK:fast-tests / mbuf_autotest OK 0.18 s 62/114 DPDK:fast-tests / mcslock_autotest OK 0.67 s 63/114 DPDK:fast-tests / member_autotest OK 1.26 s 64/114 DPDK:fast-tests / memcpy_autotest OK 2.11 s 65/114 DPDK:fast-tests / memory_autotest OK 0.28 s 66/114 DPDK:fast-tests / mempool_autotest OK 0.61 s 67/114 DPDK:fast-tests / memzone_autotest OK 0.22 s 68/114 DPDK:fast-tests / meter_autotest OK 0.18 s 69/114 DPDK:fast-tests / metrics_autotest OK 0.22 s 70/114 DPDK:fast-tests / multiprocess_autotest OK 0.33 s 71/114 DPDK:fast-tests / net_ether_autotest OK 0.65 s 72/114 DPDK:fast-tests / pdcp_autotest SKIP 0.15 s 73/114 DPDK:fast-tests / pdump_autotest OK 0.46 s 74/114 DPDK:fast-tests / per_lcore_autotest OK 0.36 s 75/114 DPDK:fast-tests / pflock_autotest OK 0.37 s 76/114 DPDK:fast-tests / pie_autotest OK 0.21 s 77/114 DPDK:fast-tests / ring_pmd_autotest OK 0.23 s 78/114 DPDK:fast-tests / power_autotest OK 0.25 s 79/114 DPDK:fast-tests / power_cpufreq_autotest SKIP 0.16 s 80/114 DPDK:fast-tests / power_intel_uncore_autotest SKIP 0.37 s 81/114 DPDK:fast-tests / power_kvm_vm_autotest SKIP 0.18 s 82/114 DPDK:fast-tests / prefetch_autotest OK 0.55 s 83/114 DPDK:fast-tests / ptr_compress_autotest OK 0.36 s 84/114 DPDK:fast-tests / rawdev_autotest OK 0.33 s 85/114 DPDK:fast-tests / rcu_qsbr_autotest OK 0.43 s 86/114 DPDK:fast-tests / reorder_autotest OK 0.42 s 87/114 DPDK:fast-tests / rib_autotest OK 5.51 s 88/114 DPDK:fast-tests / rib6_autotest OK 5.15 s 89/114 DPDK:fast-tests / ring_autotest OK 0.31 s 90/114 DPDK:fast-tests / rwlock_test1_autotest OK 0.28 s 91/114 DPDK:fast-tests / rwlock_rda_autotest OK 5.28 s 92/114 DPDK:fast-tests / rwlock_rds_wrm_autotest OK 5.31 s 93/114 DPDK:fast-tests / rwlock_rde_wro_autotest OK 5.24 s 94/114 DPDK:fast-tests / sched_autotest OK 0.31 s 95/114 DPDK:fast-tests / security_autotest OK 0.17 s 96/114 DPDK:fast-tests / seqlock_autotest SKIP 0.30 s 97/114 DPDK:fast-tests / service_autotest OK 0.34 s 98/114 DPDK:fast-tests / spinlock_autotest OK 0.28 s 99/114 DPDK:fast-tests / stack_autotest OK 0.36 s 100/114 DPDK:fast-tests / stack_lf_autotest OK 0.27 s 101/114 DPDK:fast-tests / string_autotest OK 0.21 s 102/114 DPDK:fast-tests / table_autotest OK 8.53 s 103/114 DPDK:fast-tests / tailq_autotest OK 0.21 s 104/114 DPDK:fast-tests / telemetry_data_autotest OK 0.37 s 105/114 DPDK:fast-tests / telemetry_json_autotest OK 0.21 s 106/114 DPDK:fast-tests / thash_autotest OK 0.28 s 107/114 DPDK:fast-tests / threads_autotest OK 0.84 s 108/114 DPDK:fast-tests / ticketlock_autotest OK 0.22 s 109/114 DPDK:fast-tests / timer_autotest OK 2.78 s 110/114 DPDK:fast-tests / trace_autotest OK 0.25 s 111/114 DPDK:fast-tests / trace_autotest_with_traces OK 0.21 s 112/114 DPDK:fast-tests / vdev_autotest OK 0.19 s 113/114 DPDK:fast-tests / version_autotest OK 0.33 s 114/114 DPDK:fast-tests / telemetry_all SKIP 0.01 s Ok: 103 Expected Fail: 0 Fail: 1 Unexpected Pass: 0 Skipped: 10 Timeout: 0 Full log written to /home-local/jenkins-local/jenkins-agent/workspace/Generic-Unit-Test-DPDK/dpdk/build/meson-logs/testlog.txt Test log output from the failed test fib_autotest: Sorry, we were not able to find the logs for this test. Download the log output from the CI site for this test run. ==== End log output ==== CentOS Stream 9 Kernel: Depends on container host Compiler: gcc 11.4.1 20231218 (Red Hat 11.4.1-3) Debian Bullseye Kernel: Depends on container host Compiler: gcc (Debian 10.2.1-6) 10.2.1 20210110 Fedora 37 Kernel: Depends on container host system Compiler: gcc 12.3.1 20230508 (Red Hat 12.3.1-1) Debian 12 Kernel: Depends on container host Compiler: gcc (Debian 12.2.0-14) 12.2.0 Fedora 39 (Clang) Kernel: Depends on container host Compiler: clang 17.0.6 (Fedora 17.0.6-2.fc39) Fedora 38 Kernel: Depends on container host Compiler: gcc 13.2.1 20240316 (Red Hat 13.2.1-7) Fedora 39 Kernel: Depends on container host Compiler: gcc 13.3.1 20240522 (Red Hat 13.3.1-1) Fedora 40 Kernel: Depends on container host Compiler: gcc 14.2.1 20240801 (Red Hat 14.2.1-1) Fedora 40 (Clang) Kernel: Depends on container host Compiler: clang 18.1.6 (Fedora 18.1.6-3.fc40) RHEL8 Kernel: Depends on container host Compiler: gcc 8.5.0 20210514 (Red Hat 8.5.0-22) Ubuntu 20.04 Kernel: Depends on container host Compiler: gcc (Ubuntu 9.4.0-1ubuntu1~20.04.2) 9.4.0 RHEL9 Kernel: Depends on container host Compiler: gcc 11.4.1 20231218 (Red Hat 11.4.1-3) Ubuntu 24.04 Kernel: Depends on container host Compiler: gcc (Ubuntu 13.2.0-23ubuntu4) 13.2.0 Ubuntu 22.04 Kernel: Depends on container host Compiler: gcc (Ubuntu 11.4.0-1ubuntu1~22.04) 11.4.0 Fedora 38 (Clang) Kernel: Depends on container host Compiler: clang 16.0.6 (Fedora 16.0.6-4.fc38) To view detailed results, visit: https://lab.dpdk.org/results/dashboard/patchsets/31419/ UNH-IOL DPDK Community Lab To manage your email subscriptions, visit: https://lab.dpdk.org/results/dashboard/preferences/subscriptions/