From mboxrd@z Thu Jan 1 00:00:00 1970 Return-Path: Received: from mails.dpdk.org (mails.dpdk.org [217.70.189.124]) by inbox.dpdk.org (Postfix) with ESMTP id BEDD745B91 for ; Mon, 21 Oct 2024 14:42:12 +0200 (CEST) Received: from mails.dpdk.org (localhost [127.0.0.1]) by mails.dpdk.org (Postfix) with ESMTP id A439A40285; Mon, 21 Oct 2024 14:42:12 +0200 (CEST) Received: from mail-qv1-f99.google.com (mail-qv1-f99.google.com [209.85.219.99]) by mails.dpdk.org (Postfix) with ESMTP id 1163F40263 for ; Mon, 21 Oct 2024 14:42:11 +0200 (CEST) Received: by mail-qv1-f99.google.com with SMTP id 6a1803df08f44-6cb97afcec9so30394376d6.2 for ; Mon, 21 Oct 2024 05:42:11 -0700 (PDT) DKIM-Signature: v=1; a=rsa-sha256; c=relaxed/relaxed; d=iol.unh.edu; s=unh-iol; t=1729514530; x=1730119330; darn=dpdk.org; h=cc:to:from:subject:message-id:date:from:to:cc:subject:date :message-id:reply-to; bh=T7jyOAryTNaMWvV+SLllKy+i6ZWbDk1dZVubn+z5+5c=; b=gorr65q9Dy4ZAGGMkQP3Z09OCueWoWyGtRMf+YBmg1+Ujl2eUEQFwZDePTdDjNjmlO D6gdCBh/4NTNgEp/OAkM4o68ASb27x7TYuLVx3WxAR9D/i1Gb9RV8GMmi/guPQ7Q/2rj 0r/djEn+VdhkqKOIK3f8iwMXqzoFmzuZaLYk4= X-Google-DKIM-Signature: v=1; a=rsa-sha256; c=relaxed/relaxed; d=1e100.net; s=20230601; t=1729514530; x=1730119330; h=cc:to:from:subject:message-id:date:x-gm-message-state:from:to:cc :subject:date:message-id:reply-to; bh=T7jyOAryTNaMWvV+SLllKy+i6ZWbDk1dZVubn+z5+5c=; b=pPY601aHZmj6xj+feglR7vwXQa0bA+U3npV95Ey1NDmMqZUgwwUccMFLY0B2DV3aQ2 EAIspI7l7pltjdwqWTOGWStWdW5RFHfSvHeu+LOXnAw+rpD2+g6PIUvof0c3ZviB55wH IdF3hbhKPfdNqjQlNzvBt+9MQgTHs16XEWQEyMxO/izfydRJ/FXSymwaxOThCMh+lyny ebMk+M7hStSMYEB2VCrXe8GLXcF/+kPKa5sPRsln+W7LPcmZAnQWYg9p5ZZmVsxpnG3N 2mrYv/wlEmqZpS0VOLT+uVBwzG4nqt8SlfxYkHvGRYlxc2aefQjjPsChRa5DZhZUXFa4 GNBg== X-Gm-Message-State: AOJu0YzRCSRaAEzS/134mDqphtlxjsPWBezvaXiIHNpnzL8uCh8g/f6I +JTzc417LAViyY+OTI3cVix26ZFoekuHsdZu9K7xHJFeykrnRRCYobLO0NVvNGmUpgum6k0Qeio JTYqvNJ08bBLzm9cXbJW9mY935e1g0CpdTv3FB7VxqlpbxYxt X-Google-Smtp-Source: AGHT+IEgbKQ8FS8GNg/7MbcqZxz9owavJ3D2fERVIJZgtNdJwjpCTn9Q4fb6k/NGhvYIu+1WB0ewWiKIQVtD X-Received: by 2002:a05:6214:328e:b0:6cb:f40c:b868 with SMTP id 6a1803df08f44-6cde163399emr188536996d6.46.1729514530299; Mon, 21 Oct 2024 05:42:10 -0700 (PDT) Received: from postal.iol.unh.edu (postal.iol.unh.edu. [2606:4100:3880:1234::84]) by smtp-relay.gmail.com with ESMTPS id 6a1803df08f44-6ce009006fbsm262826d6.20.2024.10.21.05.42.10 (version=TLS1_2 cipher=ECDHE-ECDSA-AES128-GCM-SHA256 bits=128/128); Mon, 21 Oct 2024 05:42:10 -0700 (PDT) X-Relaying-Domain: iol.unh.edu Date: Mon, 21 Oct 2024 05:42:10 -0700 (PDT) Message-ID: <67164c22.d40a0220.35a9f5.1a27SMTPIN_ADDED_MISSING@mx.google.com> Received: from [172.21.0.6] (unknown [172.18.0.240]) by postal.iol.unh.edu (Postfix) with ESMTP id EF8AD6052471; Mon, 21 Oct 2024 08:42:09 -0400 (EDT) Subject: |WARNING| [GIT MASTER] ff4d4839f9c2a6d05dca0a25ed6b1549402e1682 From: dpdklab@iol.unh.edu To: Test Report Cc: dpdk-test-reports@iol.unh.edu, Xueming Li , Christian Ehrhardt , Kevin Traynor , Luca Boccassi Content-Type: text/plain X-BeenThere: test-report@dpdk.org X-Mailman-Version: 2.1.29 Precedence: list List-Id: automatic DPDK test reports List-Unsubscribe: , List-Archive: List-Post: List-Help: List-Subscribe: , Errors-To: test-report-bounces@dpdk.org _Testing issues_ Branch: tags/v22.11 ff4d4839f9c2a6d05dca0a25ed6b1549402e1682 --> testing issues Upstream job id: Generic-Unit-Test-DPDK#279493 Test environment and result as below: +-----------------------------+---------------------------+--------------+------------------------------+----------------+ | Environment | cryptodev_sw_zuc_autotest | lpm_autotest | cryptodev_sw_snow3g_autotest | dpdk_unit_test | +=============================+===========================+==============+==============================+================+ | Debian 12 (arm) | PASS | SKIPPED | WARN | SKIPPED | +-----------------------------+---------------------------+--------------+------------------------------+----------------+ | Ubuntu 20.04 ARM SVE | SKIPPED | FAIL | SKIPPED | SKIPPED | +-----------------------------+---------------------------+--------------+------------------------------+----------------+ | 32-bit Ubuntu 20.04.4 (ARM) | SKIPPED | SKIPPED | SKIPPED | PASS | +-----------------------------+---------------------------+--------------+------------------------------+----------------+ ==== 20 line log output for Ubuntu 20.04 ARM SVE (lpm_autotest): ==== [671/690] Compiling C object 'app/test/3062f5d@@dpdk-test@exe/test_threads.c.o'. [672/690] Compiling C object 'app/test/3062f5d@@dpdk-test@exe/test_thash.c.o'. [673/690] Compiling C object 'app/test/3062f5d@@dpdk-test@exe/test_thash_perf.c.o'. [674/690] Compiling C object 'app/test/3062f5d@@dpdk-test@exe/test_timer.c.o'. [675/690] Compiling C object 'app/test/3062f5d@@dpdk-test@exe/test_timer_perf.c.o'. [676/690] Compiling C object 'app/test/3062f5d@@dpdk-test@exe/test_timer_racecond.c.o'. [677/690] Compiling C object 'app/test/3062f5d@@dpdk-test@exe/test_timer_secondary.c.o'. [678/690] Compiling C object 'app/test/3062f5d@@dpdk-test@exe/test_ticketlock.c.o'. [679/690] Compiling C object 'app/test/3062f5d@@dpdk-test@exe/test_trace.c.o'. [680/690] Compiling C object 'app/test/3062f5d@@dpdk-test@exe/test_trace_register.c.o'. [681/690] Compiling C object 'app/test/3062f5d@@dpdk-test@exe/test_version.c.o'. [682/690] Compiling C object 'app/test/3062f5d@@dpdk-test@exe/test_ring.c.o'. [683/690] Compiling C object 'app/test/3062f5d@@dpdk-test@exe/test_telemetry_data.c.o'. [684/690] Compiling C object 'app/test/3062f5d@@dpdk-test@exe/test_telemetry_json.c.o'. [685/690] Compiling C object 'app/test/3062f5d@@dpdk-test@exe/test_pcapng.c.o'. [686/690] Compiling C object 'app/test/3062f5d@@dpdk-test@exe/virtual_pmd.c.o'. [687/690] Compiling C object 'app/test/3062f5d@@dpdk-test@exe/test_bpf.c.o'. [688/690] Compiling C object 'app/test/3062f5d@@dpdk-test@exe/test_compressdev.c.o'. [689/690] Compiling C object 'app/test/3062f5d@@dpdk-test@exe/test_trace_perf.c.o'. [690/690] Linking target app/test/dpdk-test. ==== End log output ==== Debian 12 (arm) Kernel: Depends on container host Compiler: gcc (Debian 12.2.0-14) 12.2.0 Ubuntu 20.04 ARM SVE Kernel: Depends on container host Compiler: gcc (Ubuntu 10.5.0-1ubuntu1~20.04) 10.5.0 32-bit Ubuntu 20.04.4 (ARM) Kernel: 5.4.0-155-generic aarch64 Compiler: gcc 9.4 To view detailed results, visit: https://lab.dpdk.org/results/dashboard/tarballs/30970/ UNH-IOL DPDK Community Lab To manage your email subscriptions, visit: https://lab.dpdk.org/results/dashboard/preferences/subscriptions/