From mboxrd@z Thu Jan  1 00:00:00 1970
Return-Path: <test-report-bounces@dpdk.org>
Received: from mails.dpdk.org (mails.dpdk.org [217.70.189.124])
	by inbox.dpdk.org (Postfix) with ESMTP id 9C53045B95
	for <public@inbox.dpdk.org>; Mon, 21 Oct 2024 21:57:20 +0200 (CEST)
Received: from mails.dpdk.org (localhost [127.0.0.1])
	by mails.dpdk.org (Postfix) with ESMTP id 748AD40263;
	Mon, 21 Oct 2024 21:57:20 +0200 (CEST)
Received: from mail-yw1-f227.google.com (mail-yw1-f227.google.com
 [209.85.128.227])
 by mails.dpdk.org (Postfix) with ESMTP id A12174021F
 for <test-report@dpdk.org>; Mon, 21 Oct 2024 21:57:19 +0200 (CEST)
Received: by mail-yw1-f227.google.com with SMTP id
 00721157ae682-6e3d7e6f832so46604627b3.0
 for <test-report@dpdk.org>; Mon, 21 Oct 2024 12:57:19 -0700 (PDT)
DKIM-Signature: v=1; a=rsa-sha256; c=relaxed/relaxed;
 d=iol.unh.edu; s=unh-iol; t=1729540639; x=1730145439; darn=dpdk.org;
 h=references:in-reply-to:cc:to:from:subject:message-id:date:from:to
 :cc:subject:date:message-id:reply-to;
 bh=5TJ++/4otr4DjmLTrWlh0dkByFmAOoWcUVg9JgLGyE4=;
 b=h6XrfdggI78UOh1O6LSYik6BEHanhp3yPGaxIp181j1dvWsOwYGdnQ24COE0lOU8au
 Gu/Mwyl+d0zyVg3hxsTNQs0WW6LgGHiInnRcJaIYBlnq3SM6AzyyDSPDpFRxuhaEhbmd
 80IyjBlumhtG6omLtlDw9fxSEsbyRXLP7Vv2o=
X-Google-DKIM-Signature: v=1; a=rsa-sha256; c=relaxed/relaxed;
 d=1e100.net; s=20230601; t=1729540639; x=1730145439;
 h=references:in-reply-to:cc:to:from:subject:message-id:date
 :x-gm-message-state:from:to:cc:subject:date:message-id:reply-to;
 bh=5TJ++/4otr4DjmLTrWlh0dkByFmAOoWcUVg9JgLGyE4=;
 b=Iz2rO91BYbo/2QN/DM4MgCBi5EgDuZ2CIWAghV/BJUiPHGlcv0ydo4ADA7v/j/8id5
 /MAaFa3B2dI0SJoBX9FARs7N4wlGQJRjosFN0Bd430bq87eybNsPYU2sStDiV+khiW7Y
 w7pvd9FWyQ6nyiwjarWy5Zfi4zD1hMPeFeP4eYwEBO/3qOvUCF46t1Y+VseEKME0UmdI
 f/8GRdosIfDnO/kF26gycTApk0SoCOfEt8qg5hpDn9pGQrPgSs4tYHQkIscT5RxKKONM
 c/4YRl26G5MERHNCtyhSwzmr6kbtaPq2eF0GfXFU84zRu9EjZspB89oej1RSvRM8hnlp
 wkMA==
X-Gm-Message-State: AOJu0YzrTBauJNzXLZpb5HcgbByuhIlj6wI2Okv8q1sm6DImBIi9HJv4
 b7POGdYiiJRk250bCdAboCzbVX2GLhzrJXjRem4nwH+OfxYEd87dA1XRKcdeONVUH74EprWKt5I
 nD1QozQPn5j8Ee5O8am89IOZGdAXJP+YC
X-Google-Smtp-Source: AGHT+IF7WdAs/18ibvEqAGFl5cuuhVXkBACwnnZ9mjPpPOnx0GP6fDbdMpM8AM++YYUw/kOo5/QOApEKP4EY
X-Received: by 2002:a05:690c:6786:b0:6e5:b495:27d1 with SMTP id
 00721157ae682-6e5bf9e8015mr129203827b3.19.1729540638839; 
 Mon, 21 Oct 2024 12:57:18 -0700 (PDT)
Received: from postal.iol.unh.edu (postal.iol.unh.edu. [132.177.123.84])
 by smtp-relay.gmail.com with ESMTPS id
 00721157ae682-6e5f5727ff2sm1682687b3.0.2024.10.21.12.57.18
 (version=TLS1_2 cipher=ECDHE-ECDSA-AES128-GCM-SHA256 bits=128/128);
 Mon, 21 Oct 2024 12:57:18 -0700 (PDT)
X-Relaying-Domain: iol.unh.edu
Date: Mon, 21 Oct 2024 12:57:18 -0700 (PDT)
Message-ID: <6716b21e.050a0220.e70c6.a672SMTPIN_ADDED_MISSING@mx.google.com>
Received: from [172.21.0.3] (unknown [172.18.0.240])
 by postal.iol.unh.edu (Postfix) with ESMTP id 7AE5C6052471;
 Mon, 21 Oct 2024 15:57:18 -0400 (EDT)
Subject: |FAILURE| pw145926-145930 [PATCH] [v4,5/5] maintainers: update for d
From: dpdklab@iol.unh.edu
To: Test Report <test-report@dpdk.org>
Cc: dpdk-test-reports@iol.unh.edu,
 Sivaprasad Tummala <Sivaprasad.Tummala@amd.com>
In-Reply-To: <20241015024959.3478399-6-sivaprasad.tummala@amd.com>
References: <20241015024959.3478399-6-sivaprasad.tummala@amd.com>
Content-Type: text/plain
X-BeenThere: test-report@dpdk.org
X-Mailman-Version: 2.1.29
Precedence: list
List-Id: automatic DPDK test reports <test-report.dpdk.org>
List-Unsubscribe: <https://mails.dpdk.org/options/test-report>,
 <mailto:test-report-request@dpdk.org?subject=unsubscribe>
List-Archive: <http://mails.dpdk.org/archives/test-report/>
List-Post: <mailto:test-report@dpdk.org>
List-Help: <mailto:test-report-request@dpdk.org?subject=help>
List-Subscribe: <https://mails.dpdk.org/listinfo/test-report>,
 <mailto:test-report-request@dpdk.org?subject=subscribe>
Errors-To: test-report-bounces@dpdk.org

Test-Label: iol-compile-arm64-testing
Test-Status: FAILURE
http://dpdk.org/patch/145930

_Testing issues_

Submitter: Sivaprasad Tummala <Sivaprasad.Tummala@amd.com>
Date: Tuesday, October 15 2024 02:49:58 
DPDK git baseline: Repo:dpdk
  Branch: master
  CommitID:d8381a8f54cdc789c4260efefb5a17b9612f417e

145926-145930 --> testing issues

Upstream job id: Generic-DPDK-Compile-Meson#320086

Test environment and result as below:

+----------------------------------------+--------------------+
|              Environment               | dpdk_meson_compile |
+========================================+====================+
| RHEL9 (ARM)                            | FAIL               |
+----------------------------------------+--------------------+
| Ubuntu 20.04 ARM GCC Cross Compile     | FAIL               |
+----------------------------------------+--------------------+
| Ubuntu 20.04 ARM SVE                   | PASS               |
+----------------------------------------+--------------------+
| Debian 12 with MUSDK                   | FAIL               |
+----------------------------------------+--------------------+
| Fedora 37 (ARM)                        | FAIL               |
+----------------------------------------+--------------------+
| Fedora 38 (ARM)                        | FAIL               |
+----------------------------------------+--------------------+
| Fedora 38 (ARM Clang)                  | PEND               |
+----------------------------------------+--------------------+
| Fedora 39 (ARM)                        | FAIL               |
+----------------------------------------+--------------------+
| Fedora 40 (ARM)                        | PEND               |
+----------------------------------------+--------------------+
| Fedora 40 (ARM Clang)                  | FAIL               |
+----------------------------------------+--------------------+
| Ubuntu 20.04 (ARM)                     | PEND               |
+----------------------------------------+--------------------+
| Ubuntu 22.04 (ARM)                     | FAIL               |
+----------------------------------------+--------------------+
| Ubuntu 24.04 (ARM)                     | FAIL               |
+----------------------------------------+--------------------+
| CentOS Stream 9 (ARM)                  | FAIL               |
+----------------------------------------+--------------------+
| Debian 11 (Buster) (ARM)               | FAIL               |
+----------------------------------------+--------------------+
| Debian 12 (arm)                        | FAIL               |
+----------------------------------------+--------------------+
| Ubuntu 20.04 ARM Clang Cross Compile   | FAIL               |
+----------------------------------------+--------------------+
| Ubuntu 20.04 aarch32 GCC Cross Compile | FAIL               |
+----------------------------------------+--------------------+
| Fedora 39 (ARM Clang)                  | FAIL               |
+----------------------------------------+--------------------+

==== 20 line log output for Fedora 39 (ARM Clang) (dpdk_meson_compile): ====
/usr/bin/ld: test_power_cpufreq.c:(.text+0x180): undefined reference to `rte_power_get_core_ops'
/usr/bin/ld: test_power_cpufreq.c:(.text+0x1ac): undefined reference to `rte_power_get_core_ops'
/usr/bin/ld: test_power_cpufreq.c:(.text+0x240): undefined reference to `rte_power_get_core_ops'
/usr/bin/ld: app/a172ced@@dpdk-test@exe/test_test_power_cpufreq.c.o:test_power_cpufreq.c:(.text+0x264): more undefined references to `rte_power_get_core_ops' follow
/usr/bin/ld: app/a172ced@@dpdk-test@exe/test_test_power_intel_uncore.c.o: in function `test_power_intel_uncore':
test_power_intel_uncore.c:(.text+0x28): undefined reference to `rte_power_get_uncore_ops'
/usr/bin/ld: test_power_intel_uncore.c:(.text+0x48): undefined reference to `rte_power_get_uncore_ops'
/usr/bin/ld: test_power_intel_uncore.c:(.text+0x58): undefined reference to `rte_power_get_uncore_ops'
/usr/bin/ld: test_power_intel_uncore.c:(.text+0x78): undefined reference to `rte_power_get_uncore_ops'
/usr/bin/ld: test_power_intel_uncore.c:(.text+0x94): undefined reference to `rte_power_get_uncore_ops'
/usr/bin/ld: app/a172ced@@dpdk-test@exe/test_test_power_intel_uncore.c.o:test_power_intel_uncore.c:(.text+0xa4): more undefined references to `rte_power_get_uncore_ops' follow
/usr/bin/ld: app/a172ced@@dpdk-test@exe/test_test_power_kvm_vm.c.o: in function `test_power_kvm_vm':
test_power_kvm_vm.c:(.text+0xac): undefined reference to `rte_power_get_core_ops'
/usr/bin/ld: test_power_kvm_vm.c:(.text+0x100): undefined reference to `rte_power_get_core_ops'
/usr/bin/ld: test_power_kvm_vm.c:(.text+0x124): undefined reference to `rte_power_get_core_ops'
/usr/bin/ld: test_power_kvm_vm.c:(.text+0x148): undefined reference to `rte_power_get_core_ops'
/usr/bin/ld: test_power_kvm_vm.c:(.text+0x188): undefined reference to `rte_power_get_core_ops'
/usr/bin/ld: app/a172ced@@dpdk-test@exe/test_test_power_kvm_vm.c.o:test_power_kvm_vm.c:(.text+0x1ac): more undefined references to `rte_power_get_core_ops' follow
clang: error: linker command failed with exit code 1 (use -v to see invocation)
ninja: build stopped: subcommand failed.
==== End log output ====

RHEL9 (ARM)
	Kernel: Depends on container host
	Compiler: gcc 11.4.1 20231218 (Red Hat 11.4.1-3)

Ubuntu 20.04 ARM GCC Cross Compile
	Kernel: Depends on container host
	Compiler: aarch64-linux-gnu-gcc (Ubuntu 9.4.0-1ubuntu1~20.04.2) 9.4.0

Ubuntu 20.04 ARM SVE
	Kernel: Depends on container host
	Compiler: gcc (Ubuntu 10.5.0-1ubuntu1~20.04) 10.5.0

Debian 12 with MUSDK
	Kernel: Depends on container host
	Compiler: gcc (Debian 12.2.0-14) 12.2.0

Fedora 37 (ARM)
	Kernel: Depends on container host
	Compiler: gcc 12.3.1 20230508 (Red Hat 12.3.1-1)

Fedora 38 (ARM)
	Kernel: Depends on container host
	Compiler: gcc 13.2.1 20240316 (Red Hat 13.2.1-7)

Fedora 38 (ARM Clang)
	Kernel: Depends on container host
	Compiler: clang 16.0.6 (Fedora 16.0.6-4.fc38)

Fedora 39 (ARM)
	Kernel: Depends on container host
	Compiler: gcc 13.3.1 20240522 (Red Hat 13.3.1-1)

Fedora 40 (ARM)
	Kernel: Depends on container host
	Compiler: gcc 14.2.1 20240801 (Red Hat 14.2.1-1)

Fedora 40 (ARM Clang)
	Kernel: Depends on container host
	Compiler: clang 18.1.6 (Fedora 18.1.6-3.fc40)

Ubuntu 20.04 (ARM)
	Kernel: Depends on container host
	Compiler: gcc (Ubuntu 9.4.0-1ubuntu1~20.04.2) 9.4.0

Ubuntu 22.04 (ARM)
	Kernel: Depends on container host
	Compiler: gcc (Ubuntu 11.4.0-1ubuntu1~22.04) 11.4.0

Ubuntu 24.04 (ARM)
	Kernel: Depends on container host
	Compiler: gcc (Ubuntu 13.2.0-23ubuntu4) 13.2.0

CentOS Stream 9 (ARM)
	Kernel: Depends on container host
	Compiler: gcc 11.4.1 20231218 (Red Hat 11.4.1-3)

Debian 11 (Buster) (ARM)
	Kernel: Depends on container host
	Compiler: gcc (Debian 10.2.1-6) 10.2.1 20210110

Debian 12 (arm)
	Kernel: Depends on container host
	Compiler: gcc (Debian 12.2.0-14) 12.2.0

Ubuntu 20.04 ARM Clang Cross Compile
	Kernel: Depends on container host
	Compiler: clang 10.0.0-4ubuntu1

Ubuntu 20.04 aarch32 GCC Cross Compile
	Kernel: Depends on container host
	Compiler: gcc 9.4.0

Fedora 39 (ARM Clang)
	Kernel: Depends on container host
	Compiler: clang 17.0.6 (Fedora 17.0.6-2.fc39)

To view detailed results, visit:
https://lab.dpdk.org/results/dashboard/patchsets/31483/

UNH-IOL DPDK Community Lab

To manage your email subscriptions, visit: 
https://lab.dpdk.org/results/dashboard/preferences/subscriptions/