From mboxrd@z Thu Jan  1 00:00:00 1970
Return-Path: <test-report-bounces@dpdk.org>
Received: from mails.dpdk.org (mails.dpdk.org [217.70.189.124])
	by inbox.dpdk.org (Postfix) with ESMTP id 2EAF245B99
	for <public@inbox.dpdk.org>; Tue, 22 Oct 2024 04:08:35 +0200 (CEST)
Received: from mails.dpdk.org (localhost [127.0.0.1])
	by mails.dpdk.org (Postfix) with ESMTP id 225E5402BC;
	Tue, 22 Oct 2024 04:08:35 +0200 (CEST)
Received: from mail-pf1-f226.google.com (mail-pf1-f226.google.com
 [209.85.210.226])
 by mails.dpdk.org (Postfix) with ESMTP id 39D7540295
 for <test-report@dpdk.org>; Tue, 22 Oct 2024 04:08:34 +0200 (CEST)
Received: by mail-pf1-f226.google.com with SMTP id
 d2e1a72fcca58-71e953f4e7cso3388509b3a.3
 for <test-report@dpdk.org>; Mon, 21 Oct 2024 19:08:34 -0700 (PDT)
DKIM-Signature: v=1; a=rsa-sha256; c=relaxed/relaxed;
 d=iol.unh.edu; s=unh-iol; t=1729562913; x=1730167713; darn=dpdk.org;
 h=references:in-reply-to:cc:to:from:subject:message-id:date:from:to
 :cc:subject:date:message-id:reply-to;
 bh=paNzH4XNtsVbrfDEVlXddjYB8MC0w3XeUPF3aB+XYaQ=;
 b=Lc7beqxZZvnIKf4B7zgVWxV6G3NuFfCGpWrir0PTG8zPcn7yjxmKt/TijG6n33mNc/
 9DAmN2k1I+QFyAsUG7WLDA4ph1PGCIDClaziNYolyaZXFcC/CILkGH7x+TyeZBplYmDx
 fC+ex41QRwtF9vIrgJmY1jjPw+IRNhXtticqo=
X-Google-DKIM-Signature: v=1; a=rsa-sha256; c=relaxed/relaxed;
 d=1e100.net; s=20230601; t=1729562913; x=1730167713;
 h=references:in-reply-to:cc:to:from:subject:message-id:date
 :x-gm-message-state:from:to:cc:subject:date:message-id:reply-to;
 bh=paNzH4XNtsVbrfDEVlXddjYB8MC0w3XeUPF3aB+XYaQ=;
 b=VyKjtq1Lac6danLeRhLOiwXg6muCmbSDt+MDbmkC0U53tAKMMs4x/iOdgq/dBmLHch
 gz08OVR4/QuvAD3knIwqRVUDiT+PRFPvcNpAxHzq+HbQ+xsF54of8P9CgYyPMqADdnKH
 39FvhlZhbZavm9mJ3IKI8nkJKD3RFfUFMQpy7lKzUimhuieoROUJbAzgZBrXoE8dh+PK
 ukVZO5G7Mc/4tojB0buXIV3yLl7lvRg0MpYOr+G8++WXKoLh082IDhtJHyJPGnIRxETM
 3bxWvog/cO5HMvBNMGS2G6+FlQ1sJRAm42Q8ULvBS2uQa9DdjZkehw1G1yS2zPwXma9l
 nRAw==
X-Gm-Message-State: AOJu0YyrpVXBVnPqrPSAIghrr2pds06D7RHsWoEsq3U5wGlnjlCvLsTD
 I5Lj80UHfqF4RUoyFzInPuyClgHCGLKveIQKNYwd2sewayx17aJIG19dW0ZnjR0aC7NBe1i66Ef
 Tzk3SnXvrCmeTa8uSxxYOokVSN+mRUx55kDIABRi2
X-Google-Smtp-Source: AGHT+IHCSqR74K6x/W+sQKLgyIHf4+O6Q2IB0um4xDqUIVytsURhTVOwmljQqGBhXU1yT3Lu12MWU991PKrJ
X-Received: by 2002:a05:6a00:2314:b0:71d:f4ef:6b57 with SMTP id
 d2e1a72fcca58-71ea31e4c2emr17987937b3a.18.1729562913362; 
 Mon, 21 Oct 2024 19:08:33 -0700 (PDT)
Received: from postal.iol.unh.edu (postal.iol.unh.edu. [132.177.123.84])
 by smtp-relay.gmail.com with ESMTPS id
 d2e1a72fcca58-71ec137421csm264819b3a.8.2024.10.21.19.08.33
 (version=TLS1_2 cipher=ECDHE-ECDSA-AES128-GCM-SHA256 bits=128/128);
 Mon, 21 Oct 2024 19:08:33 -0700 (PDT)
X-Relaying-Domain: iol.unh.edu
Date: Mon, 21 Oct 2024 19:08:33 -0700 (PDT)
Message-ID: <67170921.a70a0220.386225.098cSMTPIN_ADDED_MISSING@mx.google.com>
Received: from [172.21.0.3] (unknown [172.18.0.240])
 by postal.iol.unh.edu (Postfix) with ESMTP id 89DFC6052471;
 Mon, 21 Oct 2024 22:08:32 -0400 (EDT)
Subject: |FAILURE| pw146343-146344 [PATCH] [2/2] net/cnxk: support rte flow o
From: dpdklab@iol.unh.edu
To: Test Report <test-report@dpdk.org>
Cc: dpdk-test-reports@iol.unh.edu,
 Satheesh Paul Antonysamy <psatheesh@marvell.com>
In-Reply-To: <20241021040144.974453-2-psatheesh@marvell.com>
References: <20241021040144.974453-2-psatheesh@marvell.com>
Content-Type: text/plain
X-BeenThere: test-report@dpdk.org
X-Mailman-Version: 2.1.29
Precedence: list
List-Id: automatic DPDK test reports <test-report.dpdk.org>
List-Unsubscribe: <https://mails.dpdk.org/options/test-report>,
 <mailto:test-report-request@dpdk.org?subject=unsubscribe>
List-Archive: <http://mails.dpdk.org/archives/test-report/>
List-Post: <mailto:test-report@dpdk.org>
List-Help: <mailto:test-report-request@dpdk.org?subject=help>
List-Subscribe: <https://mails.dpdk.org/listinfo/test-report>,
 <mailto:test-report-request@dpdk.org?subject=subscribe>
Errors-To: test-report-bounces@dpdk.org

Test-Label: iol-unit-amd64-testing
Test-Status: FAILURE
http://dpdk.org/patch/146344

_Testing issues_

Submitter: Satheesh Paul Antonysamy <psatheesh@marvell.com>
Date: Monday, October 21 2024 04:01:44 
DPDK git baseline: Repo:dpdk
  Branch: master
  CommitID:9a723449a5b30626db66bb27cd96834261d11971

146343-146344 --> testing issues

Upstream job id: Generic-Unit-Test-DPDK#279559

Test environment and result as below:

+---------------------+----------------+
|     Environment     | dpdk_unit_test |
+=====================+================+
| Windows Server 2022 | PASS           |
+---------------------+----------------+
| Debian Bullseye     | WARN           |
+---------------------+----------------+
| Debian 12           | WARN           |
+---------------------+----------------+
| Fedora 37           | WARN           |
+---------------------+----------------+
| Fedora 38           | WARN           |
+---------------------+----------------+
| Fedora 38 (Clang)   | PEND           |
+---------------------+----------------+
| Fedora 39           | WARN           |
+---------------------+----------------+
| Fedora 39 (Clang)   | PEND           |
+---------------------+----------------+
| Fedora 40           | PEND           |
+---------------------+----------------+
| Fedora 40 (Clang)   | PEND           |
+---------------------+----------------+
| RHEL8               | PEND           |
+---------------------+----------------+
| Ubuntu 24.04        | PEND           |
+---------------------+----------------+
| RHEL9               | PEND           |
+---------------------+----------------+
| Ubuntu 20.04        | PEND           |
+---------------------+----------------+
| Ubuntu 22.04        | PEND           |
+---------------------+----------------+

==== 20 line log output for Fedora 39 (dpdk_unit_test): ====
[770/2950] Compiling C object 'drivers/a715181@@tmp_rte_common_cnxk@sta/common_cnxk_roc_npa_debug.c.o'.
[771/2950] Compiling C object 'drivers/a715181@@tmp_rte_common_cnxk@sta/common_cnxk_roc_npa_irq.c.o'.
[772/2950] Compiling C object 'drivers/a715181@@tmp_rte_common_cnxk@sta/common_cnxk_roc_npa.c.o'.
[773/2950] Compiling C object 'drivers/a715181@@tmp_rte_common_cnxk@sta/common_cnxk_roc_npa_type.c.o'.
[774/2950] Compiling C object 'drivers/a715181@@tmp_rte_common_cnxk@sta/common_cnxk_roc_npc_aging.c.o'.
[775/2950] Compiling C object 'drivers/a715181@@tmp_rte_common_cnxk@sta/common_cnxk_roc_npc.c.o'.
[776/2950] Compiling C object 'drivers/a715181@@tmp_rte_common_cnxk@sta/common_cnxk_roc_npc_mcam.c.o'.
FAILED: drivers/a715181@@tmp_rte_common_cnxk@sta/common_cnxk_roc_npc_mcam.c.o
ccache cc -Idrivers/a715181@@tmp_rte_common_cnxk@sta -Idrivers -I../drivers -Idrivers/common/cnxk -I../drivers/common/cnxk -Idrivers/common/cnxk/../../bus/pci -I../drivers/common/cnxk/../../bus/pci -Idrivers/common/cnxk/../../../lib/net -I../drivers/common/cnxk/../../../lib/net -Idrivers/common/cnxk/../../../lib/ethdev -I../drivers/common/cnxk/../../../lib/ethdev -Idrivers/common/cnxk/../../../lib/meter -I../drivers/common/cnxk/../../../lib/meter -I. -I../ -Iconfig -I../config -Ilib/eal/include -I../lib/eal/include -Ilib/eal/linux/include -I../lib/eal/linux/include -Ilib/eal/x86/include -I../lib/eal/x86/include -Ilib/eal/common -I../lib/eal/common -Ilib/eal -I../lib/eal -Ilib/kvargs -I../lib/kvargs -Ilib/log -I../lib/log -Ilib/telemetry/../metrics -I../lib/telemetry/../metrics -Ilib/telemetry -I../lib/telemetry -Ilib/pci -I../lib/pci -Idrivers/bus/pci -I../drivers/bus/pci -I../drivers/bus/pci/linux -Ilib/mbuf -I../lib/mbuf -Ilib/mempool -I../lib/mempool -Ilib/ring -I../lib/ring -Ilib
 /security -I../lib/security -Ilib/cryptodev -I../lib/cryptodev -Ilib/rcu -I../lib/rcu -Ilib/net -I../lib/net -fdiagnostics-color=always -pipe -D_FILE_OFFSET_BITS=64 -Wall -Winvalid-pch -Wextra -Werror -std=c11 -O3 -include rte_config.h -Wcast-qual -Wdeprecated -Wformat -Wformat-nonliteral -Wformat-security -Wmissing-declarations -Wmissing-prototypes -Wnested-externs -Wold-style-definition -Wpointer-arith -Wsign-compare -Wstrict-prototypes -Wundef -Wwrite-strings -Wno-address-of-packed-member -Wno-packed-not-aligned -Wno-missing-field-initializers -Wno-zero-length-bounds -D_GNU_SOURCE -fPIC -march=native -mrtm -DALLOW_EXPERIMENTAL_API -DALLOW_INTERNAL_API -Wno-format-truncation -DRTE_LOG_DEFAULT_LOGTYPE=pmd.common.cnxk -MD -MQ 'drivers/a715181@@tmp_rte_common_cnxk@sta/common_cnxk_roc_npc_mcam.c.o' -MF 'drivers/a715181@@tmp_rte_common_cnxk@sta/common_cnxk_roc_npc_mcam.c.o.d' -o 'drivers/a715181@@tmp_rte_common_cnxk@sta/common_cnxk_roc_npc_mcam.c.o' -c ../drivers/common/cnxk/roc_npc_mc
 am.c
../drivers/common/cnxk/roc_npc_mcam.c: In function 'npc_mcam_write_entry':
../drivers/common/cnxk/roc_npc_mcam.c:520:70: error: iteration 7 invokes undefined behavior [-Werror=aggressive-loop-optimizations]
520 |                         cn20k_req->entry_data.kw[i] = mcam->mcam_data[i];
|                                                       ~~~~~~~~~~~~~~~^~~
../drivers/common/cnxk/roc_npc_mcam.c:519:31: note: within this loop
519 |                 for (i = 0; i < NPC_CN20K_MCAM_KEY_X4_WORDS; i++) {
cc1: all warnings being treated as errors
[777/2950] Compiling C object 'drivers/a715181@@tmp_rte_common_cnxk@sta/common_cnxk_roc_npc_mcam_dump.c.o'.
[778/2950] Compiling C object 'drivers/a715181@@tmp_rte_common_cnxk@sta/common_cnxk_roc_npc_parse.c.o'.
[779/2950] Compiling C object 'drivers/a715181@@tmp_rte_common_cnxk@sta/common_cnxk_roc_npc_utils.c.o'.
ninja: build stopped: subcommand failed.
==== End log output ====

Windows Server 2022
	Kernel: 10.0.20348.2031
	Compiler: clang 15.0.7, gcc 14.1.0 (MinGW), and MSVC VS 19.39.33521

Debian Bullseye
	Kernel: Depends on container host
	Compiler: gcc (Debian 10.2.1-6) 10.2.1 20210110

Debian 12
	Kernel: Depends on container host
	Compiler: gcc (Debian 12.2.0-14) 12.2.0

Fedora 37
	Kernel: Depends on container host system
	Compiler: gcc 12.3.1 20230508 (Red Hat 12.3.1-1)

Fedora 38
	Kernel: Depends on container host
	Compiler: gcc 13.2.1 20240316 (Red Hat 13.2.1-7)

Fedora 38 (Clang)
	Kernel: Depends on container host
	Compiler: clang 16.0.6 (Fedora 16.0.6-4.fc38)

Fedora 39
	Kernel: Depends on container host
	Compiler: gcc 13.3.1 20240522 (Red Hat 13.3.1-1)

Fedora 39 (Clang)
	Kernel: Depends on container host
	Compiler: clang 17.0.6 (Fedora 17.0.6-2.fc39)

Fedora 40
	Kernel: Depends on container host
	Compiler: gcc 14.2.1 20240801 (Red Hat 14.2.1-1)

Fedora 40 (Clang)
	Kernel: Depends on container host
	Compiler: clang 18.1.6 (Fedora 18.1.6-3.fc40)

RHEL8
	Kernel: Depends on container host
	Compiler: gcc 8.5.0 20210514 (Red Hat 8.5.0-22)

Ubuntu 24.04
	Kernel: Depends on container host
	Compiler: gcc (Ubuntu 13.2.0-23ubuntu4) 13.2.0

RHEL9
	Kernel: Depends on container host
	Compiler: gcc 11.4.1 20231218 (Red Hat 11.4.1-3)

Ubuntu 20.04
	Kernel: Depends on container host
	Compiler: gcc (Ubuntu 9.4.0-1ubuntu1~20.04.2) 9.4.0

Ubuntu 22.04
	Kernel: Depends on container host
	Compiler: gcc (Ubuntu 11.4.0-1ubuntu1~22.04) 11.4.0

To view detailed results, visit:
https://lab.dpdk.org/results/dashboard/patchsets/31566/

UNH-IOL DPDK Community Lab

To manage your email subscriptions, visit: 
https://lab.dpdk.org/results/dashboard/preferences/subscriptions/