From mboxrd@z Thu Jan  1 00:00:00 1970
Return-Path: <test-report-bounces@dpdk.org>
Received: from mails.dpdk.org (mails.dpdk.org [217.70.189.124])
	by inbox.dpdk.org (Postfix) with ESMTP id 19F8645BC0
	for <public@inbox.dpdk.org>; Thu, 24 Oct 2024 10:09:56 +0200 (CEST)
Received: from mails.dpdk.org (localhost [127.0.0.1])
	by mails.dpdk.org (Postfix) with ESMTP id 15F4A4339A;
	Thu, 24 Oct 2024 10:09:56 +0200 (CEST)
Received: from mail-io1-f99.google.com (mail-io1-f99.google.com
 [209.85.166.99]) by mails.dpdk.org (Postfix) with ESMTP id 900EA43352
 for <test-report@dpdk.org>; Thu, 24 Oct 2024 10:09:54 +0200 (CEST)
Received: by mail-io1-f99.google.com with SMTP id
 ca18e2360f4ac-83a9be2c028so24514639f.1
 for <test-report@dpdk.org>; Thu, 24 Oct 2024 01:09:54 -0700 (PDT)
DKIM-Signature: v=1; a=rsa-sha256; c=relaxed/relaxed;
 d=iol.unh.edu; s=unh-iol; t=1729757394; x=1730362194; darn=dpdk.org;
 h=cc:to:from:subject:message-id:date:from:to:cc:subject:date
 :message-id:reply-to;
 bh=2FDDPGcqeieRv3j7BYsNCmRWdKWiESj0lUCGaRXkZks=;
 b=MiXR4wzc00XHTwU6ZBBSrXNRc7BO/q6ZLl0Jy/+GfIR4z+yk3EQbXmZXExeSvnEYCj
 W6Jb67mEBtxvLtUwENgPHUdXl3sGTT0yIfqLoq+AHMicR2RjEHoB2wHLLleeDjZHaQzH
 uvBIZocc35faANIZI89rV5HPP8Au14l+RTmZQ=
X-Google-DKIM-Signature: v=1; a=rsa-sha256; c=relaxed/relaxed;
 d=1e100.net; s=20230601; t=1729757394; x=1730362194;
 h=cc:to:from:subject:message-id:date:x-gm-message-state:from:to:cc
 :subject:date:message-id:reply-to;
 bh=2FDDPGcqeieRv3j7BYsNCmRWdKWiESj0lUCGaRXkZks=;
 b=qLK+sWpIvZH7fXNMEHDHVJjPUQEQazLymlZ+1/dcbvZijJEPwInD1xuuW7dVFuRjjB
 IYI9TaUtdR5uVzWUCQhAOWfDp89QPcYLv6xnmABM7Tw+X3FRoyvqOLbWbvfzWambqkyr
 jJFqsnMlhVRt0pJ+ZVXO+nC0ENfelQE9XlVWMwfWqD4sd7gtMdg38m4Fdh8FrpwJV2hL
 3ZnTs1Ovw1pla3K2yVopucawERQRN8jcgqfCeK91xm7F71QnhwtyHBrcCygyXU1NFTFi
 Fx1ysuWiV69zb729Tn2QOO/EBlBMiTUaMqY3JjG7w7nhGdYe88fDeAh1PO8/1WN+snfV
 FSAQ==
X-Gm-Message-State: AOJu0Yx8UpZa+j1ej2FC82EI+B8fMx2rRU/C3JL57PC+llLLUCgBaqUr
 KVQj8DyskGgEWhYsXMlHueQa5q5GINyLp9zUge0maS6rB8ugulXqfabrK3NY2G6vHjUouttr1qV
 3DUXts9b6IA4ehjrkPFFfFEwZ5OOpenrX3yupb+DBalK29RYl
X-Google-Smtp-Source: AGHT+IGqNqYC/Ae3U+50c2GBJ69w6ubwlZxJQB7oIAo21ORrO+CqhBHEINK/6Ai2ZSkzy5l/9giRMW0M0W1t
X-Received: by 2002:a05:6602:14c9:b0:83a:d039:a721 with SMTP id
 ca18e2360f4ac-83af618b6f1mr666798239f.8.1729757393855; 
 Thu, 24 Oct 2024 01:09:53 -0700 (PDT)
Received: from postal.iol.unh.edu (postal.iol.unh.edu.
 [2606:4100:3880:1234::84]) by smtp-relay.gmail.com with ESMTPS id
 ca18e2360f4ac-83ad1c1eeadsm36593939f.6.2024.10.24.01.09.53
 (version=TLS1_2 cipher=ECDHE-ECDSA-AES128-GCM-SHA256 bits=128/128);
 Thu, 24 Oct 2024 01:09:53 -0700 (PDT)
X-Relaying-Domain: iol.unh.edu
Date: Thu, 24 Oct 2024 01:09:53 -0700 (PDT)
Message-ID: <671a00d1.050a0220.39b39a.86edSMTPIN_ADDED_MISSING@mx.google.com>
Received: from [172.21.0.2] (unknown [172.18.0.240])
 by postal.iol.unh.edu (Postfix) with ESMTP id 5BE6C6052471;
 Thu, 24 Oct 2024 04:09:53 -0400 (EDT)
Subject: |WARNING| [GIT MASTER] ff4d4839f9c2a6d05dca0a25ed6b1549402e1682
From: dpdklab@iol.unh.edu
To: Test Report <test-report@dpdk.org>
Cc: dpdk-test-reports@iol.unh.edu, Xueming Li <xuemingl@nvidia.com>,
 Christian Ehrhardt <christian.ehrhardt@canonical.com>,
 Kevin Traynor <ktraynor@redhat.com>, Luca Boccassi <bluca@debian.org>
Content-Type: text/plain
X-BeenThere: test-report@dpdk.org
X-Mailman-Version: 2.1.29
Precedence: list
List-Id: automatic DPDK test reports <test-report.dpdk.org>
List-Unsubscribe: <https://mails.dpdk.org/options/test-report>,
 <mailto:test-report-request@dpdk.org?subject=unsubscribe>
List-Archive: <http://mails.dpdk.org/archives/test-report/>
List-Post: <mailto:test-report@dpdk.org>
List-Help: <mailto:test-report-request@dpdk.org?subject=help>
List-Subscribe: <https://mails.dpdk.org/listinfo/test-report>,
 <mailto:test-report-request@dpdk.org?subject=subscribe>
Errors-To: test-report-bounces@dpdk.org

_Testing issues_

Branch: tags/v22.11

ff4d4839f9c2a6d05dca0a25ed6b1549402e1682 --> testing issues

Upstream job id: Generic-DPDK-Compile-ABI#106111

Test environment and result as below:

+-------------------+----------+
|    Environment    | abi_test |
+===================+==========+
| CentOS Stream 9   | PEND     |
+-------------------+----------+
| Debian Bullseye   | PASS     |
+-------------------+----------+
| Debian 12         | PEND     |
+-------------------+----------+
| Fedora 38 (Clang) | PASS     |
+-------------------+----------+
| Fedora 39 (Clang) | PASS     |
+-------------------+----------+
| Fedora 39         | PEND     |
+-------------------+----------+
| Fedora 40 (Clang) | PASS     |
+-------------------+----------+
| Fedora 40         | PEND     |
+-------------------+----------+
| openSUSE Leap 15  | PEND     |
+-------------------+----------+
| RHEL8             | PEND     |
+-------------------+----------+
| RHEL9             | PEND     |
+-------------------+----------+
| Ubuntu 22.04      | PEND     |
+-------------------+----------+
| RHEL 7            | FAIL     |
+-------------------+----------+
| Ubuntu 24.04      | PEND     |
+-------------------+----------+

==== 20 line log output for RHEL 7 (abi_test): ====
HMAC_CTX_free(ctx);
^
../drivers/crypto/openssl/rte_openssl_pmd.c: In function 'openssl_reset_session':
../drivers/crypto/openssl/rte_openssl_pmd.c:897:2: error: 'for' loop initial declarations are only allowed in C99 mode
for (uint16_t i = 0; i < sess->ctx_copies_len; i++) {
^
../drivers/crypto/openssl/rte_openssl_pmd.c:897:2: note: use option -std=c99 or -std=gnu99 to compile your code
../drivers/crypto/openssl/rte_openssl_pmd.c: In function 'get_local_auth_ctx':
../drivers/crypto/openssl/rte_openssl_pmd.c:1667:3: warning: implicit declaration of function 'EVP_MD_CTX_new' [-Wimplicit-function-declaration]
*lctx = EVP_MD_CTX_new();
^
../drivers/crypto/openssl/rte_openssl_pmd.c:1667:3: warning: nested extern declaration of 'EVP_MD_CTX_new' [-Wnested-externs]
../drivers/crypto/openssl/rte_openssl_pmd.c:1667:9: warning: assignment makes pointer from integer without a cast [enabled by default]
*lctx = EVP_MD_CTX_new();
^
../drivers/crypto/openssl/rte_openssl_pmd.c: At top level:
../drivers/crypto/openssl/rte_openssl_pmd.c:34:13: warning: 'HMAC_CTX_free' defined but not used [-Wunused-function]
static void HMAC_CTX_free(HMAC_CTX *ctx)
^
ninja: build stopped: subcommand failed.
==== End log output ====

CentOS Stream 9
	Kernel: Depends on container host
	Compiler: gcc 11.4.1 20231218 (Red Hat 11.4.1-3)

Debian Bullseye
	Kernel: Depends on container host
	Compiler: gcc (Debian 10.2.1-6) 10.2.1 20210110

Debian 12
	Kernel: Depends on container host
	Compiler: gcc (Debian 12.2.0-14) 12.2.0

Fedora 38 (Clang)
	Kernel: Depends on container host
	Compiler: clang 16.0.6 (Fedora 16.0.6-4.fc38)

Fedora 39 (Clang)
	Kernel: Depends on container host
	Compiler: clang 17.0.6 (Fedora 17.0.6-2.fc39)

Fedora 39
	Kernel: Depends on container host
	Compiler: gcc 13.3.1 20240522 (Red Hat 13.3.1-1)

Fedora 40 (Clang)
	Kernel: Depends on container host
	Compiler: clang 18.1.6 (Fedora 18.1.6-3.fc40)

Fedora 40
	Kernel: Depends on container host
	Compiler: gcc 14.2.1 20240801 (Red Hat 14.2.1-1)

openSUSE Leap 15
	Kernel: Depends on container host
	Compiler: gcc (SUSE Linux) 7.5.0

RHEL8
	Kernel: Depends on container host
	Compiler: gcc 8.5.0 20210514 (Red Hat 8.5.0-22)

RHEL9
	Kernel: Depends on container host
	Compiler: gcc 11.4.1 20231218 (Red Hat 11.4.1-3)

Ubuntu 22.04
	Kernel: Depends on container host
	Compiler: gcc (Ubuntu 11.4.0-1ubuntu1~22.04) 11.4.0

RHEL 7
	Kernel: Depends on container host
	Compiler: gcc 4.8.5 20150623 (Red Hat 4.8.5-44)

Ubuntu 24.04
	Kernel: Depends on container host
	Compiler: gcc (Ubuntu 13.2.0-23ubuntu4) 13.2.0

To view detailed results, visit:
https://lab.dpdk.org/results/dashboard/tarballs/31217/

UNH-IOL DPDK Community Lab

To manage your email subscriptions, visit: 
https://lab.dpdk.org/results/dashboard/preferences/subscriptions/