From mboxrd@z Thu Jan  1 00:00:00 1970
Return-Path: <test-report-bounces@dpdk.org>
Received: from mails.dpdk.org (mails.dpdk.org [217.70.189.124])
	by inbox.dpdk.org (Postfix) with ESMTP id BBD8145BC0
	for <public@inbox.dpdk.org>; Thu, 24 Oct 2024 10:37:16 +0200 (CEST)
Received: from mails.dpdk.org (localhost [127.0.0.1])
	by mails.dpdk.org (Postfix) with ESMTP id B061E433B2;
	Thu, 24 Oct 2024 10:37:16 +0200 (CEST)
Received: from mail-yw1-f226.google.com (mail-yw1-f226.google.com
 [209.85.128.226])
 by mails.dpdk.org (Postfix) with ESMTP id 8060B43352
 for <test-report@dpdk.org>; Thu, 24 Oct 2024 10:37:15 +0200 (CEST)
Received: by mail-yw1-f226.google.com with SMTP id
 00721157ae682-6e2f4c1f79bso5574087b3.1
 for <test-report@dpdk.org>; Thu, 24 Oct 2024 01:37:15 -0700 (PDT)
DKIM-Signature: v=1; a=rsa-sha256; c=relaxed/relaxed;
 d=iol.unh.edu; s=unh-iol; t=1729759035; x=1730363835; darn=dpdk.org;
 h=references:in-reply-to:cc:to:from:subject:message-id:date:from:to
 :cc:subject:date:message-id:reply-to;
 bh=sUBYy/CWxNcb9wKC70UcOkeTq0nQs2b77xuuflklo5I=;
 b=P1BrHRTEgeDb3ccvZKYA6dOGreI+75AWUxB8oKoy/9/f37QLL47Rik6xtptzl49lUz
 faZ8f/cL1Q/MdD74PW40WLLuxEkYtcFXGaqlN/wBvb1547SY4/I7Zc/OltR3GbUUUNUb
 Idop2B6hyHOwEBxn37HTuBIBwBrPWeFyN2CgM=
X-Google-DKIM-Signature: v=1; a=rsa-sha256; c=relaxed/relaxed;
 d=1e100.net; s=20230601; t=1729759035; x=1730363835;
 h=references:in-reply-to:cc:to:from:subject:message-id:date
 :x-gm-message-state:from:to:cc:subject:date:message-id:reply-to;
 bh=sUBYy/CWxNcb9wKC70UcOkeTq0nQs2b77xuuflklo5I=;
 b=RikDw/2NuR83Y25MT6PKUf7JVtoaZpnyeYFuPGebN4t0ezfHPFic9AHJfylwTg7wop
 FUHFHnzYHf4fCHkthGC6ZW9PcmBVN8MZRuQNbrrmnB9+LbLSpRFgbXfNS18m8uq2jNCz
 h9mbnPNdFsTRETJpusaEBe0sn7lyaKNtZvrC4ODwUaPLi+svWTXYFxyziC9fqZpbTMIZ
 39LeQ0/TjbM4ApJvxugkO787ysHoG341vg7/xmmbEeJHEgoOC3HGBWW6RtOdVZTbWVf5
 jLGw1OvyvbVNuTkXpnrzFxl+XPy76091CgM6SsuZ11zwRMxtDf92LenuSXN2qWBHgLxR
 r9pQ==
X-Gm-Message-State: AOJu0Ywy6BTYZ6SOH6HNsrmm+Yeh0ORPWmXaVguhjxGJyXG2gccWxD7t
 47WDWIZ9BDO4rHM6mhrvtwjb94w1j2/+NdgJUH3Ea+7dSRLSRfJbQLim8+D29rEkhWXOJyAPfnS
 DwiM+uxN1/VH4BilvsywMbo42QtQoOkTBlf3/lZJJ
X-Google-Smtp-Source: AGHT+IFhiMLNE4704s/3OoYZPtytlFuvUs51uRIycr5c9G8SaqF0QAoCEBB/Gu8foocjuaEl9vEQs798qBAA
X-Received: by 2002:a05:690c:660e:b0:6e5:a8ce:dd0a with SMTP id
 00721157ae682-6e7f0f89546mr58179977b3.35.1729759034821; 
 Thu, 24 Oct 2024 01:37:14 -0700 (PDT)
Received: from postal.iol.unh.edu (postal.iol.unh.edu. [132.177.123.84])
 by smtp-relay.gmail.com with ESMTPS id
 00721157ae682-6e5f5a7dfc5sm3661367b3.32.2024.10.24.01.37.14
 (version=TLS1_2 cipher=ECDHE-ECDSA-AES128-GCM-SHA256 bits=128/128);
 Thu, 24 Oct 2024 01:37:14 -0700 (PDT)
X-Relaying-Domain: iol.unh.edu
Date: Thu, 24 Oct 2024 01:37:14 -0700 (PDT)
Message-ID: <671a073a.050a0220.2512ea.7593SMTPIN_ADDED_MISSING@mx.google.com>
Received: from [172.21.0.2] (unknown [172.18.0.240])
 by postal.iol.unh.edu (Postfix) with ESMTP id 6EF116052471;
 Thu, 24 Oct 2024 04:37:14 -0400 (EDT)
Subject: |FAILURE| pw146906-146908 [PATCH] [v7,3/3] app/test: add test sm2 C1
From: dpdklab@iol.unh.edu
To: Test Report <test-report@dpdk.org>
Cc: dpdk-test-reports@iol.unh.edu,
 Arkadiusz Kusztal <arkadiuszx.kusztal@intel.com>
In-Reply-To: <20241023081934.84997-4-arkadiuszx.kusztal@intel.com>
References: <20241023081934.84997-4-arkadiuszx.kusztal@intel.com>
Content-Type: text/plain
X-BeenThere: test-report@dpdk.org
X-Mailman-Version: 2.1.29
Precedence: list
List-Id: automatic DPDK test reports <test-report.dpdk.org>
List-Unsubscribe: <https://mails.dpdk.org/options/test-report>,
 <mailto:test-report-request@dpdk.org?subject=unsubscribe>
List-Archive: <http://mails.dpdk.org/archives/test-report/>
List-Post: <mailto:test-report@dpdk.org>
List-Help: <mailto:test-report-request@dpdk.org?subject=help>
List-Subscribe: <https://mails.dpdk.org/listinfo/test-report>,
 <mailto:test-report-request@dpdk.org?subject=subscribe>
Errors-To: test-report-bounces@dpdk.org

Test-Label: iol-unit-arm64-testing
Test-Status: FAILURE
http://dpdk.org/patch/146908

_Testing issues_

Submitter: Arkadiusz Kusztal <arkadiuszx.kusztal@intel.com>
Date: Wednesday, October 23 2024 08:19:34 
DPDK git baseline: Repo:dpdk
  Branch: master
  CommitID:3ee7a3e0e0e0f5a81a4b102a834697bc488fb32f

146906-146908 --> testing issues

Upstream job id: Generic-Unit-Test-DPDK#280707

Test environment and result as below:

+-----------------------------+----------------+--------------+------------------------------+---------------------------+
|         Environment         | dpdk_unit_test | lpm_autotest | cryptodev_sw_snow3g_autotest | cryptodev_sw_zuc_autotest |
+=============================+================+==============+==============================+===========================+
| 32-bit Ubuntu 20.04.4 (ARM) | PASS           | SKIPPED      | SKIPPED                      | SKIPPED                   |
+-----------------------------+----------------+--------------+------------------------------+---------------------------+
| CentOS Stream 9 (ARM)       | PASS           | SKIPPED      | SKIPPED                      | SKIPPED                   |
+-----------------------------+----------------+--------------+------------------------------+---------------------------+
| Debian 12 (arm)             | FAIL           | SKIPPED      | WARN                         | WARN                      |
+-----------------------------+----------------+--------------+------------------------------+---------------------------+
| Debian 11 (Buster) (ARM)    | PASS           | SKIPPED      | SKIPPED                      | SKIPPED                   |
+-----------------------------+----------------+--------------+------------------------------+---------------------------+
| Fedora 37 (ARM)             | PASS           | SKIPPED      | SKIPPED                      | SKIPPED                   |
+-----------------------------+----------------+--------------+------------------------------+---------------------------+
| Fedora 38 (ARM)             | PASS           | SKIPPED      | SKIPPED                      | SKIPPED                   |
+-----------------------------+----------------+--------------+------------------------------+---------------------------+
| Fedora 38 (ARM Clang)       | PASS           | SKIPPED      | SKIPPED                      | SKIPPED                   |
+-----------------------------+----------------+--------------+------------------------------+---------------------------+
| Fedora 39 (ARM)             | PASS           | SKIPPED      | SKIPPED                      | SKIPPED                   |
+-----------------------------+----------------+--------------+------------------------------+---------------------------+
| Fedora 39 (ARM Clang)       | PASS           | SKIPPED      | SKIPPED                      | SKIPPED                   |
+-----------------------------+----------------+--------------+------------------------------+---------------------------+
| Fedora 40 (ARM Clang)       | PASS           | SKIPPED      | SKIPPED                      | SKIPPED                   |
+-----------------------------+----------------+--------------+------------------------------+---------------------------+
| RHEL9 (ARM)                 | PASS           | SKIPPED      | SKIPPED                      | SKIPPED                   |
+-----------------------------+----------------+--------------+------------------------------+---------------------------+
| Ubuntu 22.04 (ARM)          | FAIL           | SKIPPED      | SKIPPED                      | SKIPPED                   |
+-----------------------------+----------------+--------------+------------------------------+---------------------------+
| Ubuntu 20.04 (ARM)          | PASS           | SKIPPED      | SKIPPED                      | SKIPPED                   |
+-----------------------------+----------------+--------------+------------------------------+---------------------------+
| Ubuntu 24.04 (ARM)          | FAIL           | SKIPPED      | SKIPPED                      | SKIPPED                   |
+-----------------------------+----------------+--------------+------------------------------+---------------------------+
| Ubuntu 20.04 ARM SVE        | SKIPPED        | PASS         | SKIPPED                      | SKIPPED                   |
+-----------------------------+----------------+--------------+------------------------------+---------------------------+

==== Unit test summary for Ubuntu 24.04 (ARM) (dpdk_unit_test): ====
ninja: Entering directory `/home-local/jenkins-local/jenkins-agent/workspace/Generic-Unit-Test-DPDK/dpdk/build'
ninja: no work to do.
  1/116 DPDK:fast-tests / acl_autotest                   OK               4.15s
  2/116 DPDK:fast-tests / alarm_autotest                 OK               1.16s
  3/116 DPDK:fast-tests / argparse_autotest              OK               0.17s
  4/116 DPDK:fast-tests / atomic_autotest                OK               5.14s
  5/116 DPDK:fast-tests / bitcount_autotest              OK               0.16s
  6/116 DPDK:fast-tests / bitmap_autotest                OK               0.14s
  7/116 DPDK:fast-tests / bitops_autotest                OK               1.64s
  8/116 DPDK:fast-tests / bitratestats_autotest          OK               0.14s
  9/116 DPDK:fast-tests / bitset_autotest                OK               3.22s
 10/116 DPDK:fast-tests / bpf_autotest                   OK               0.17s
 11/116 DPDK:fast-tests / bpf_convert_autotest           OK               0.21s
 12/116 DPDK:fast-tests / byteorder_autotest             OK               0.17s
 13/116 DPDK:fast-tests / cksum_autotest                 OK               0.15s
 14/116 DPDK:fast-tests / cmdline_autotest               OK               0.14s
 15/116 DPDK:fast-tests / common_autotest                OK               1.07s
 16/116 DPDK:fast-tests / compressdev_autotest           SKIP             0.08s   exit status 77
 17/116 DPDK:fast-tests / cpuflags_autotest              OK               0.16s
 18/116 DPDK:fast-tests / crc_autotest                   OK               0.14s
 19/116 DPDK:fast-tests / user_delay_us                  OK               0.14s
 20/116 DPDK:fast-tests / debug_autotest                 OK               0.93s
 21/116 DPDK:fast-tests / devargs_autotest               OK               0.14s
 22/116 DPDK:fast-tests / dispatcher_autotest            OK               2.40s
 23/116 DPDK:fast-tests / distributor_autotest           OK               0.84s
 24/116 DPDK:fast-tests / eal_flags_c_opt_autotest       OK               0.84s
 25/116 DPDK:fast-tests / eal_flags_main_opt_autotest    OK               0.24s
 26/116 DPDK:fast-tests / eal_flags_n_opt_autotest       OK               0.22s
 27/116 DPDK:fast-tests / eal_flags_hpet_autotest        OK               0.14s
 28/116 DPDK:fast-tests / eal_flags_no_huge_autotest     OK               0.26s
 29/116 DPDK:fast-tests / eal_flags_a_opt_autotest       OK               0.32s
 30/116 DPDK:fast-tests / eal_flags_b_opt_autotest       OK               0.26s
 31/116 DPDK:fast-tests / eal_flags_vdev_opt_autotest    OK               0.23s
 32/116 DPDK:fast-tests / eal_flags_r_opt_autotest       OK               0.19s
 33/116 DPDK:fast-tests / eal_flags_mem_autotest         OK               0.33s
 34/116 DPDK:fast-tests / eal_flags_file_prefix_autotest OK               1.36s
 35/116 DPDK:fast-tests / eal_flags_misc_autotest        OK               0.98s
 36/116 DPDK:fast-tests / eal_fs_autotest                OK               0.19s
 37/116 DPDK:fast-tests / errno_autotest                 OK               0.14s
 38/116 DPDK:fast-tests / ethdev_link_status             OK               0.15s
 39/116 DPDK:fast-tests / event_eth_tx_adapter_autotest  OK               1.08s
 40/116 DPDK:fast-tests / event_ring_autotest            OK               0.19s
 41/116 DPDK:fast-tests / eventdev_common_autotest       OK               0.14s
 42/116 DPDK:fast-tests / eventdev_selftest_sw           OK              10.50s
 43/116 DPDK:fast-tests / fbarray_autotest               OK               0.13s
 44/116 DPDK:fast-tests / fib_autotest                   OK               0.91s
 45/116 DPDK:fast-tests / fib6_autotest                  OK               0.82s
 46/116 DPDK:fast-tests / func_reentrancy_autotest       OK               0.76s
 47/116 DPDK:fast-tests / graph_autotest                 OK               0.15s
 48/116 DPDK:fast-tests / node_list_dump                 OK               0.14s
 49/116 DPDK:fast-tests / hash_autotest                  OK               0.56s
 50/116 DPDK:fast-tests / hash_readwrite_func_autotest   OK               7.91s
 51/116 DPDK:fast-tests / interrupt_autotest             OK               1.18s
 52/116 DPDK:fast-tests / ipfrag_autotest                OK               0.07s
 53/116 DPDK:fast-tests / ipsec_autotest                 SKIP             0.15s   exit status 77
 54/116 DPDK:fast-tests / kvargs_autotest                OK               0.13s
 55/116 DPDK:fast-tests / latencystats_autotest          OK               0.14s
 56/116 DPDK:fast-tests / lcores_autotest                OK              95.90s
 57/116 DPDK:fast-tests / logs_autotest                  OK               0.13s
 58/116 DPDK:fast-tests / lpm_autotest                   OK               1.63s
 59/116 DPDK:fast-tests / lpm6_autotest                  OK               4.98s
 60/116 DPDK:fast-tests / malloc_autotest                OK               0.50s
 61/116 DPDK:fast-tests / mbuf_autotest                  OK               4.73s
 62/116 DPDK:fast-tests / mcslock_autotest               OK               0.77s
 63/116 DPDK:fast-tests / member_autotest                OK               1.50s
 64/116 DPDK:fast-tests / memcpy_autotest                OK               5.90s
 65/116 DPDK:fast-tests / memory_autotest                OK               0.09s
 66/116 DPDK:fast-tests / mempool_autotest               OK               0.45s
 67/116 DPDK:fast-tests / memzone_autotest               OK               0.07s
 68/116 DPDK:fast-tests / meter_autotest                 OK               0.15s
 69/116 DPDK:fast-tests / metrics_autotest               OK               0.13s
 70/116 DPDK:fast-tests / multiprocess_autotest          OK               0.26s
 71/116 DPDK:fast-tests / net_ether_autotest             OK               0.94s
 72/116 DPDK:fast-tests / net_ipv6_autotest              OK               0.13s
 73/116 DPDK:fast-tests / pcapng_autotest                OK               7.43s
 74/116 DPDK:fast-tests / pdcp_autotest                  SKIP             0.06s   exit status 77
 75/116 DPDK:fast-tests / pdump_autotest                 OK               0.37s
 76/116 DPDK:fast-tests / per_lcore_autotest             OK               0.23s
 77/116 DPDK:fast-tests / pflock_autotest                OK               0.46s
 78/116 DPDK:fast-tests / pie_autotest                   OK               0.14s
 79/116 DPDK:fast-tests / ring_pmd_autotest              OK               0.14s
 80/116 DPDK:fast-tests / power_autotest                 OK               0.13s
 81/116 DPDK:fast-tests / power_cpufreq_autotest         SKIP             0.06s   exit status 77
 82/116 DPDK:fast-tests / power_intel_uncore_autotest    SKIP             0.15s   exit status 77
 83/116 DPDK:fast-tests / power_kvm_vm_autotest          SKIP             0.06s   exit status 77
 84/116 DPDK:fast-tests / prefetch_autotest              OK               0.16s
 85/116 DPDK:fast-tests / ptr_compress_autotest          OK               0.14s
 86/116 DPDK:fast-tests / rawdev_autotest                OK               0.13s
 87/116 DPDK:fast-tests / rcu_qsbr_autotest              OK               0.61s
 88/116 DPDK:fast-tests / reorder_autotest               OK               0.39s
 89/116 DPDK:fast-tests / rib_autotest                   OK               3.96s
 90/116 DPDK:fast-tests / rib6_autotest                  OK               3.95s
 91/116 DPDK:fast-tests / ring_autotest                  OK               0.16s
 92/116 DPDK:fast-tests / rwlock_test1_autotest          OK               0.47s
 93/116 DPDK:fast-tests / rwlock_rda_autotest            OK               5.13s
 94/116 DPDK:fast-tests / rwlock_rds_wrm_autotest        OK               5.13s
 95/116 DPDK:fast-tests / rwlock_rde_wro_autotest        OK               5.15s
 96/116 DPDK:fast-tests / sched_autotest                 OK               0.15s
 97/116 DPDK:fast-tests / security_autotest              OK               0.06s
 98/116 DPDK:fast-tests / seqlock_autotest               OK               2.15s
 99/116 DPDK:fast-tests / service_autotest               OK               2.84s
100/116 DPDK:fast-tests / spinlock_autotest              OK               0.17s
101/116 DPDK:fast-tests / stack_autotest                 OK               0.34s
102/116 DPDK:fast-tests / stack_lf_autotest              OK               0.30s
103/116 DPDK:fast-tests / string_autotest                OK               0.15s
104/116 DPDK:fast-tests / table_autotest                 OK               7.07s
105/116 DPDK:fast-tests / tailq_autotest                 OK               0.18s
106/116 DPDK:fast-tests / telemetry_data_autotest        OK               0.13s
107/116 DPDK:fast-tests / telemetry_json_autotest        OK               0.17s
108/116 DPDK:fast-tests / thash_autotest                 OK               0.14s
109/116 DPDK:fast-tests / threads_autotest               OK               0.31s
110/116 DPDK:fast-tests / ticketlock_autotest            OK               0.17s
111/116 DPDK:fast-tests / timer_autotest                 OK               2.80s
112/116 DPDK:fast-tests / trace_autotest                 OK               0.18s
113/116 DPDK:fast-tests / trace_autotest_with_traces     OK               0.17s
114/116 DPDK:fast-tests / vdev_autotest                  OK               0.15s
115/116 DPDK:fast-tests / version_autotest               OK               0.13s
116/116 DPDK:fast-tests / telemetry_all                  OK               1.12s


Ok:                 110 
Expected Fail:      0   
Fail:               0   
Unexpected Pass:    0   
Skipped:            6   
Timeout:            0   

Full log written to /home-local/jenkins-local/jenkins-agent/workspace/Generic-Unit-Test-DPDK/dpdk/build/meson-logs/testlog.txt
ninja: Entering directory `/home-local/jenkins-local/jenkins-agent/workspace/Generic-Unit-Test-DPDK/dpdk/build'
ninja: no work to do.
1/2 DPDK:driver-tests / cryptodev_openssl_autotest      OK                 0.72s
2/2 DPDK:driver-tests / cryptodev_openssl_asym_autotest FAIL               0.13s   (exit status 255 or signal 127 SIGinvalid)
>>> MALLOC_PERTURB_=105 DPDK_TEST=cryptodev_openssl_asym_autotest /home-local/jenkins-local/jenkins-agent/workspace/Generic-Unit-Test-DPDK/dpdk/build/app/dpdk-test --vdev crypto_openssl



Ok:                 1   
Expected Fail:      0   
Fail:               1   
Unexpected Pass:    0   
Skipped:            0   
Timeout:            0   

Full log written to /home-local/jenkins-local/jenkins-agent/workspace/Generic-Unit-Test-DPDK/dpdk/build/meson-logs/testlog.txt



Test log output from the failed test cryptodev_openssl_asym_autotest:

Sorry, we were not able to find the logs for this test.
Download the log output from the CI site for this test run.
==== End log output ====

32-bit Ubuntu 20.04.4 (ARM)
	Kernel: 5.4.0-155-generic aarch64
	Compiler: gcc 9.4

CentOS Stream 9 (ARM)
	Kernel: Depends on container host
	Compiler: gcc 11.4.1 20231218 (Red Hat 11.4.1-3)

Debian 12 (arm)
	Kernel: Depends on container host
	Compiler: gcc (Debian 12.2.0-14) 12.2.0

Debian 11 (Buster) (ARM)
	Kernel: Depends on container host
	Compiler: gcc (Debian 10.2.1-6) 10.2.1 20210110

Fedora 37 (ARM)
	Kernel: Depends on container host
	Compiler: gcc 12.3.1 20230508 (Red Hat 12.3.1-1)

Fedora 38 (ARM)
	Kernel: Depends on container host
	Compiler: gcc 13.2.1 20240316 (Red Hat 13.2.1-7)

Fedora 38 (ARM Clang)
	Kernel: Depends on container host
	Compiler: clang 16.0.6 (Fedora 16.0.6-4.fc38)

Fedora 39 (ARM)
	Kernel: Depends on container host
	Compiler: gcc 13.3.1 20240522 (Red Hat 13.3.1-1)

Fedora 39 (ARM Clang)
	Kernel: Depends on container host
	Compiler: clang 17.0.6 (Fedora 17.0.6-2.fc39)

Fedora 40 (ARM Clang)
	Kernel: Depends on container host
	Compiler: clang 18.1.6 (Fedora 18.1.6-3.fc40)

RHEL9 (ARM)
	Kernel: Depends on container host
	Compiler: gcc 11.4.1 20231218 (Red Hat 11.4.1-3)

Ubuntu 22.04 (ARM)
	Kernel: Depends on container host
	Compiler: gcc (Ubuntu 11.4.0-1ubuntu1~22.04) 11.4.0

Ubuntu 20.04 (ARM)
	Kernel: Depends on container host
	Compiler: gcc (Ubuntu 9.4.0-1ubuntu1~20.04.2) 9.4.0

Ubuntu 24.04 (ARM)
	Kernel: Depends on container host
	Compiler: gcc (Ubuntu 13.2.0-23ubuntu4) 13.2.0

Ubuntu 20.04 ARM SVE
	Kernel: Depends on container host
	Compiler: gcc (Ubuntu 10.5.0-1ubuntu1~20.04) 10.5.0

To view detailed results, visit:
https://lab.dpdk.org/results/dashboard/patchsets/31621/

UNH-IOL DPDK Community Lab

To manage your email subscriptions, visit: 
https://lab.dpdk.org/results/dashboard/preferences/subscriptions/