From mboxrd@z Thu Jan  1 00:00:00 1970
Return-Path: <test-report-bounces@dpdk.org>
Received: from mails.dpdk.org (mails.dpdk.org [217.70.189.124])
	by inbox.dpdk.org (Postfix) with ESMTP id D777845BCF
	for <public@inbox.dpdk.org>; Fri, 25 Oct 2024 05:30:31 +0200 (CEST)
Received: from mails.dpdk.org (localhost [127.0.0.1])
	by mails.dpdk.org (Postfix) with ESMTP id BC8894026B;
	Fri, 25 Oct 2024 05:30:31 +0200 (CEST)
Received: from mail-qv1-f99.google.com (mail-qv1-f99.google.com
 [209.85.219.99]) by mails.dpdk.org (Postfix) with ESMTP id C5EB84025A
 for <test-report@dpdk.org>; Fri, 25 Oct 2024 05:30:30 +0200 (CEST)
Received: by mail-qv1-f99.google.com with SMTP id
 6a1803df08f44-6cc1b20ce54so11248646d6.0
 for <test-report@dpdk.org>; Thu, 24 Oct 2024 20:30:30 -0700 (PDT)
DKIM-Signature: v=1; a=rsa-sha256; c=relaxed/relaxed;
 d=iol.unh.edu; s=unh-iol; t=1729827030; x=1730431830; darn=dpdk.org;
 h=references:in-reply-to:cc:to:from:subject:message-id:date:from:to
 :cc:subject:date:message-id:reply-to;
 bh=z3rPXJP8EGHPkp18QVhbrfA5A9tkAd5fHoaM+ZZ2Rq4=;
 b=hW/NaIKaLIAlOygJvYP6aS2ENMg5S9iWXGg5txu7kD80DUN9OCNBd7etQeBwvpZi9e
 EXUnbevX16byblXX618hJbD7IWAvmLa36scsVLoU0UIU9aEp3ZmwQkudKlrulqyoQ9Cg
 SDputbu2UzokhR48sCsetfevY3N5rqChpxU7g=
X-Google-DKIM-Signature: v=1; a=rsa-sha256; c=relaxed/relaxed;
 d=1e100.net; s=20230601; t=1729827030; x=1730431830;
 h=references:in-reply-to:cc:to:from:subject:message-id:date
 :x-gm-message-state:from:to:cc:subject:date:message-id:reply-to;
 bh=z3rPXJP8EGHPkp18QVhbrfA5A9tkAd5fHoaM+ZZ2Rq4=;
 b=AxsUevbtg7LFSBLyyowHrpjRpYbvl+YuTn8AqSOAya4bLH4166u9zo4ZedaM9fOq7g
 pXDZC56KJJ3r1hQvizu0NJDP7Fqt7XvjdJYl6XQNBxGfQ+37RnLzyRDuE2VmuSuVE+2B
 4WMX4S6lOtq193cNn82wKNETvHA3LfuhiD6WiVVzE7qrcK22GDtS10XuUeyUaCdZZ6/k
 MfuA7VHQN0GzdGOUNuy0Fj2qrbYJvDYhxCQMa9yadl29UeP00FelVjRRptlje69p3PWp
 nBqiEYI2uh1oC2XUKxxtnrAfw0+R8GdjJ5W/KPawW/reFGx6zx6YgSKkwXa86gnLT+Lz
 k0kg==
X-Gm-Message-State: AOJu0Yz1sMCLKvCy15vs3p1GgB7Hp+Q/hG5r1v6hZPOfqiYPozQbVpQt
 AuDBeFV9BJm6Vz8ZKchFpYj932KOfYUeljbCKaoSSq7xeGSylomGADJ/YHadFTnLN1YP/FV12TT
 YD7+FsxMfUqIKv9J+WuIsdmnyF/EGI3Zq5Q+nnP2d
X-Google-Smtp-Source: AGHT+IGAuJ3ZX3+TUVMrrgos3nEu24frszViTiPappwaNPbPdm/gOpkZReWnNuCY6/qhHtvuzqnxmymy9vLm
X-Received: by 2002:a05:6214:5b82:b0:6cb:f853:9eca with SMTP id
 6a1803df08f44-6ce341bc580mr89058286d6.25.1729827030115; 
 Thu, 24 Oct 2024 20:30:30 -0700 (PDT)
Received: from postal.iol.unh.edu (postal.iol.unh.edu. [132.177.123.84])
 by smtp-relay.gmail.com with ESMTPS id
 6a1803df08f44-6d179a7a8d9sm99306d6.66.2024.10.24.20.30.30
 (version=TLS1_2 cipher=ECDHE-ECDSA-AES128-GCM-SHA256 bits=128/128);
 Thu, 24 Oct 2024 20:30:30 -0700 (PDT)
X-Relaying-Domain: iol.unh.edu
Date: Thu, 24 Oct 2024 20:30:30 -0700 (PDT)
Message-ID: <671b10d6.d40a0220.268ae2.0b6aSMTPIN_ADDED_MISSING@mx.google.com>
Received: from [172.17.0.3] (unknown [172.18.0.215])
 by postal.iol.unh.edu (Postfix) with ESMTP id CB99C6052471;
 Thu, 24 Oct 2024 23:30:29 -0400 (EDT)
Subject: |FAILURE| pw146841-146853 [PATCH] [13/13] net/ngbe: restrict configu
From: dpdklab@iol.unh.edu
To: Test Report <test-report@dpdk.org>
Cc: dpdk-test-reports@iol.unh.edu, Jiawen Wu <jiawenwu@trustnetic.com>
In-Reply-To: <20241023064836.2017879-14-jiawenwu@trustnetic.com>
References: <20241023064836.2017879-14-jiawenwu@trustnetic.com>
Content-Type: text/plain
X-BeenThere: test-report@dpdk.org
X-Mailman-Version: 2.1.29
Precedence: list
List-Id: automatic DPDK test reports <test-report.dpdk.org>
List-Unsubscribe: <https://mails.dpdk.org/options/test-report>,
 <mailto:test-report-request@dpdk.org?subject=unsubscribe>
List-Archive: <http://mails.dpdk.org/archives/test-report/>
List-Post: <mailto:test-report@dpdk.org>
List-Help: <mailto:test-report-request@dpdk.org?subject=help>
List-Subscribe: <https://mails.dpdk.org/listinfo/test-report>,
 <mailto:test-report-request@dpdk.org?subject=subscribe>
Errors-To: test-report-bounces@dpdk.org

Test-Label: iol-unit-arm64-testing
Test-Status: FAILURE
http://dpdk.org/patch/146853

_Testing issues_

Submitter: Jiawen Wu <jiawenwu@trustnetic.com>
Date: Wednesday, October 23 2024 06:48:36 
DPDK git baseline: Repo:dpdk
  Branch: master
  CommitID:5bb17458f32befba8a2cccd9553ea65cd8b99581

146841-146853 --> testing issues

Upstream job id: Generic-Unit-Test-DPDK#281173

Test environment and result as below:

+-----------------------------+----------------+---------------------------+
|         Environment         | dpdk_unit_test | cryptodev_sw_zuc_autotest |
+=============================+================+===========================+
| CentOS Stream 9 (ARM)       | WARN           | SKIPPED                   |
+-----------------------------+----------------+---------------------------+
| Debian 11 (Buster) (ARM)    | WARN           | SKIPPED                   |
+-----------------------------+----------------+---------------------------+
| Debian 12 (arm)             | WARN           | WARN                      |
+-----------------------------+----------------+---------------------------+
| Fedora 37 (ARM)             | WARN           | SKIPPED                   |
+-----------------------------+----------------+---------------------------+
| Fedora 38 (ARM)             | WARN           | SKIPPED                   |
+-----------------------------+----------------+---------------------------+
| Fedora 38 (ARM Clang)       | WARN           | SKIPPED                   |
+-----------------------------+----------------+---------------------------+
| Fedora 39 (ARM Clang)       | WARN           | SKIPPED                   |
+-----------------------------+----------------+---------------------------+
| Fedora 40 (ARM Clang)       | WARN           | SKIPPED                   |
+-----------------------------+----------------+---------------------------+
| Ubuntu 20.04 (ARM)          | WARN           | SKIPPED                   |
+-----------------------------+----------------+---------------------------+
| Ubuntu 22.04 (ARM)          | WARN           | SKIPPED                   |
+-----------------------------+----------------+---------------------------+
| Ubuntu 24.04 (ARM)          | WARN           | SKIPPED                   |
+-----------------------------+----------------+---------------------------+
| 32-bit Ubuntu 20.04.4 (ARM) | FAIL           | SKIPPED                   |
+-----------------------------+----------------+---------------------------+

==== Unit test summary for 32-bit Ubuntu 20.04.4 (ARM) (dpdk_unit_test): ====
Failed to get the unit test results.
Displaying the unit test results is not supported for some environments,
such as our aarch32 testing, where meson is not used to run the tests.
Download the logs available on our CI site.
==== End log output ====

CentOS Stream 9 (ARM)
	Kernel: Depends on container host
	Compiler: gcc 11.4.1 20231218 (Red Hat 11.4.1-3)

Debian 11 (Buster) (ARM)
	Kernel: Depends on container host
	Compiler: gcc (Debian 10.2.1-6) 10.2.1 20210110

Debian 12 (arm)
	Kernel: Depends on container host
	Compiler: gcc (Debian 12.2.0-14) 12.2.0

Fedora 37 (ARM)
	Kernel: Depends on container host
	Compiler: gcc 12.3.1 20230508 (Red Hat 12.3.1-1)

Fedora 38 (ARM)
	Kernel: Depends on container host
	Compiler: gcc 13.2.1 20240316 (Red Hat 13.2.1-7)

Fedora 38 (ARM Clang)
	Kernel: Depends on container host
	Compiler: clang 16.0.6 (Fedora 16.0.6-4.fc38)

Fedora 39 (ARM Clang)
	Kernel: Depends on container host
	Compiler: clang 17.0.6 (Fedora 17.0.6-2.fc39)

Fedora 40 (ARM Clang)
	Kernel: Depends on container host
	Compiler: clang 18.1.6 (Fedora 18.1.6-3.fc40)

Ubuntu 20.04 (ARM)
	Kernel: Depends on container host
	Compiler: gcc (Ubuntu 9.4.0-1ubuntu1~20.04.2) 9.4.0

Ubuntu 22.04 (ARM)
	Kernel: Depends on container host
	Compiler: gcc (Ubuntu 11.4.0-1ubuntu1~22.04) 11.4.0

Ubuntu 24.04 (ARM)
	Kernel: Depends on container host
	Compiler: gcc (Ubuntu 13.2.0-23ubuntu4) 13.2.0

32-bit Ubuntu 20.04.4 (ARM)
	Kernel: 5.4.0-155-generic aarch64
	Compiler: gcc 9.4

To view detailed results, visit:
https://lab.dpdk.org/results/dashboard/patchsets/31616/

UNH-IOL DPDK Community Lab

To manage your email subscriptions, visit: 
https://lab.dpdk.org/results/dashboard/preferences/subscriptions/