From mboxrd@z Thu Jan  1 00:00:00 1970
Return-Path: <test-report-bounces@dpdk.org>
Received: from mails.dpdk.org (mails.dpdk.org [217.70.189.124])
	by inbox.dpdk.org (Postfix) with ESMTP id 6CE7945BD4
	for <public@inbox.dpdk.org>; Fri, 25 Oct 2024 11:19:54 +0200 (CEST)
Received: from mails.dpdk.org (localhost [127.0.0.1])
	by mails.dpdk.org (Postfix) with ESMTP id 684F64026C;
	Fri, 25 Oct 2024 11:19:54 +0200 (CEST)
Received: from mail-pl1-f226.google.com (mail-pl1-f226.google.com
 [209.85.214.226])
 by mails.dpdk.org (Postfix) with ESMTP id D02614003C
 for <test-report@dpdk.org>; Fri, 25 Oct 2024 11:19:52 +0200 (CEST)
Received: by mail-pl1-f226.google.com with SMTP id
 d9443c01a7336-20cb7139d9dso15039395ad.1
 for <test-report@dpdk.org>; Fri, 25 Oct 2024 02:19:52 -0700 (PDT)
DKIM-Signature: v=1; a=rsa-sha256; c=relaxed/relaxed;
 d=iol.unh.edu; s=unh-iol; t=1729847992; x=1730452792; darn=dpdk.org;
 h=cc:to:from:subject:message-id:date:from:to:cc:subject:date
 :message-id:reply-to;
 bh=oGhKFtgo48YeuMvakHVVIKOftuXHytWLSivaf6e/R90=;
 b=K/XKajKw8tg4qJuFniwKNigyObHPdY/0k1KpWMswyOfWqObN5Hqaqk0bdE+qK/ec9v
 kBdQb364YAr7n2sOcaf6EJUO/2zOm59ab/CHurzFknXBW4ff51oN34EIOguPcp/C782e
 l3Z50tZ/IFN2tc+8dRd03uOWR8XVfLg7l4uhQ=
X-Google-DKIM-Signature: v=1; a=rsa-sha256; c=relaxed/relaxed;
 d=1e100.net; s=20230601; t=1729847992; x=1730452792;
 h=cc:to:from:subject:message-id:date:x-gm-message-state:from:to:cc
 :subject:date:message-id:reply-to;
 bh=oGhKFtgo48YeuMvakHVVIKOftuXHytWLSivaf6e/R90=;
 b=l5TCrLZP8U6ONaaWl5AvSKOcRRkKxvOgo8KxyvWWKAdVhD5L68ucheub8lJKRocOac
 ZFnWhRDGa8qIY02SrBj8Qmrx5J7UjxvRxGc8ShjqhHJdtk3ye2x9vaHuuHLOUItCrFcN
 +Xyge2Oa+lnwlAnXkGo/F5AoOtu7s8DQFw8QCl5z1AFv0u65qBOowY+h/7m3IJYo677N
 +Hjhkvd3vBnfDplw30ts6rvO4nNILBMO2TFQ+CSf4Bp2xmtH7GfkiHnD88uK2ptsu5QA
 KPmg6OSceaSlcr/JhcyVtdJSIC8DYLxGBbw43/grEkoNcIrKtqgUdAbApXSJuwSfnY4m
 Yrqw==
X-Gm-Message-State: AOJu0YxRBtkS6XDAbzI1YxPeWgJqu5BEQ12IrkY9BAUH8ojisf5DPVOE
 iAaEK5gQYKX8YKTpHFrjtWmiMXv2cbcxGtKH0WBkBlXJ78gW1IIq1Cc2Gqc21Olby1SmCXdBakj
 ehaVFWomPFxC2JveTwbxIuiPF/BAX3Yuk
X-Google-Smtp-Source: AGHT+IHLLJAnrj+0YKyDWpC3Ud83mZxwTWL2FcF+eAZSOTCCcguc/B9a8gR2C5gQp9qQwBq+08JIcvHYs/Wl
X-Received: by 2002:a17:902:cf05:b0:20b:a10c:9bdf with SMTP id
 d9443c01a7336-20fb99d09b2mr64363915ad.32.1729847991976; 
 Fri, 25 Oct 2024 02:19:51 -0700 (PDT)
Received: from postal.iol.unh.edu (postal.iol.unh.edu. [132.177.123.84])
 by smtp-relay.gmail.com with ESMTPS id
 d9443c01a7336-210bbef379fsm334945ad.39.2024.10.25.02.19.51
 (version=TLS1_2 cipher=ECDHE-ECDSA-AES128-GCM-SHA256 bits=128/128);
 Fri, 25 Oct 2024 02:19:51 -0700 (PDT)
X-Relaying-Domain: iol.unh.edu
Date: Fri, 25 Oct 2024 02:19:51 -0700 (PDT)
Message-ID: <671b62b7.170a0220.47e2c.29e1SMTPIN_ADDED_MISSING@mx.google.com>
Received: from [172.17.0.3] (unknown [172.18.0.217])
 by postal.iol.unh.edu (Postfix) with ESMTP id 2999E6052471;
 Fri, 25 Oct 2024 05:19:51 -0400 (EDT)
Subject: |WARNING| [GIT MASTER] ff4d4839f9c2a6d05dca0a25ed6b1549402e1682
From: dpdklab@iol.unh.edu
To: Test Report <test-report@dpdk.org>
Cc: dpdk-test-reports@iol.unh.edu, Xueming Li <xuemingl@nvidia.com>,
 Christian Ehrhardt <christian.ehrhardt@canonical.com>,
 Kevin Traynor <ktraynor@redhat.com>, Luca Boccassi <bluca@debian.org>
Content-Type: text/plain
X-BeenThere: test-report@dpdk.org
X-Mailman-Version: 2.1.29
Precedence: list
List-Id: automatic DPDK test reports <test-report.dpdk.org>
List-Unsubscribe: <https://mails.dpdk.org/options/test-report>,
 <mailto:test-report-request@dpdk.org?subject=unsubscribe>
List-Archive: <http://mails.dpdk.org/archives/test-report/>
List-Post: <mailto:test-report@dpdk.org>
List-Help: <mailto:test-report-request@dpdk.org?subject=help>
List-Subscribe: <https://mails.dpdk.org/listinfo/test-report>,
 <mailto:test-report-request@dpdk.org?subject=subscribe>
Errors-To: test-report-bounces@dpdk.org

_Testing issues_

Branch: tags/v22.11

ff4d4839f9c2a6d05dca0a25ed6b1549402e1682 --> testing issues

Upstream job id: Generic-DPDK-Compile-ABI#106180

Test environment and result as below:

+-------------------+----------+
|    Environment    | abi_test |
+===================+==========+
| CentOS Stream 9   | PASS     |
+-------------------+----------+
| Debian Bullseye   | PASS     |
+-------------------+----------+
| Debian 12         | PASS     |
+-------------------+----------+
| Fedora 37         | PASS     |
+-------------------+----------+
| Fedora 38 (Clang) | PASS     |
+-------------------+----------+
| Fedora 39 (Clang) | PASS     |
+-------------------+----------+
| Fedora 39         | PASS     |
+-------------------+----------+
| Fedora 40 (Clang) | PASS     |
+-------------------+----------+
| Fedora 40         | PEND     |
+-------------------+----------+
| openSUSE Leap 15  | PEND     |
+-------------------+----------+
| RHEL8             | PEND     |
+-------------------+----------+
| RHEL9             | PEND     |
+-------------------+----------+
| Ubuntu 22.04      | PEND     |
+-------------------+----------+
| RHEL 7            | FAIL     |
+-------------------+----------+
| Ubuntu 24.04      | PEND     |
+-------------------+----------+
| Fedora 38         | PEND     |
+-------------------+----------+

==== 20 line log output for RHEL 7 (abi_test): ====
HMAC_CTX_free(ctx);
^
../drivers/crypto/openssl/rte_openssl_pmd.c: In function 'openssl_reset_session':
../drivers/crypto/openssl/rte_openssl_pmd.c:897:2: error: 'for' loop initial declarations are only allowed in C99 mode
for (uint16_t i = 0; i < sess->ctx_copies_len; i++) {
^
../drivers/crypto/openssl/rte_openssl_pmd.c:897:2: note: use option -std=c99 or -std=gnu99 to compile your code
../drivers/crypto/openssl/rte_openssl_pmd.c: In function 'get_local_auth_ctx':
../drivers/crypto/openssl/rte_openssl_pmd.c:1667:3: warning: implicit declaration of function 'EVP_MD_CTX_new' [-Wimplicit-function-declaration]
*lctx = EVP_MD_CTX_new();
^
../drivers/crypto/openssl/rte_openssl_pmd.c:1667:3: warning: nested extern declaration of 'EVP_MD_CTX_new' [-Wnested-externs]
../drivers/crypto/openssl/rte_openssl_pmd.c:1667:9: warning: assignment makes pointer from integer without a cast [enabled by default]
*lctx = EVP_MD_CTX_new();
^
../drivers/crypto/openssl/rte_openssl_pmd.c: At top level:
../drivers/crypto/openssl/rte_openssl_pmd.c:34:13: warning: 'HMAC_CTX_free' defined but not used [-Wunused-function]
static void HMAC_CTX_free(HMAC_CTX *ctx)
^
ninja: build stopped: subcommand failed.
==== End log output ====

CentOS Stream 9
	Kernel: Depends on container host
	Compiler: gcc 11.4.1 20231218 (Red Hat 11.4.1-3)

Debian Bullseye
	Kernel: Depends on container host
	Compiler: gcc (Debian 10.2.1-6) 10.2.1 20210110

Debian 12
	Kernel: Depends on container host
	Compiler: gcc (Debian 12.2.0-14) 12.2.0

Fedora 37
	Kernel: Depends on container host system
	Compiler: gcc 12.3.1 20230508 (Red Hat 12.3.1-1)

Fedora 38 (Clang)
	Kernel: Depends on container host
	Compiler: clang 16.0.6 (Fedora 16.0.6-4.fc38)

Fedora 39 (Clang)
	Kernel: Depends on container host
	Compiler: clang 17.0.6 (Fedora 17.0.6-2.fc39)

Fedora 39
	Kernel: Depends on container host
	Compiler: gcc 13.3.1 20240522 (Red Hat 13.3.1-1)

Fedora 40 (Clang)
	Kernel: Depends on container host
	Compiler: clang 18.1.6 (Fedora 18.1.6-3.fc40)

Fedora 40
	Kernel: Depends on container host
	Compiler: gcc 14.2.1 20240801 (Red Hat 14.2.1-1)

openSUSE Leap 15
	Kernel: Depends on container host
	Compiler: gcc (SUSE Linux) 7.5.0

RHEL8
	Kernel: Depends on container host
	Compiler: gcc 8.5.0 20210514 (Red Hat 8.5.0-22)

RHEL9
	Kernel: Depends on container host
	Compiler: gcc 11.4.1 20231218 (Red Hat 11.4.1-3)

Ubuntu 22.04
	Kernel: Depends on container host
	Compiler: gcc (Ubuntu 11.4.0-1ubuntu1~22.04) 11.4.0

RHEL 7
	Kernel: Depends on container host
	Compiler: gcc 4.8.5 20150623 (Red Hat 4.8.5-44)

Ubuntu 24.04
	Kernel: Depends on container host
	Compiler: gcc (Ubuntu 13.2.0-23ubuntu4) 13.2.0

Fedora 38
	Kernel: Depends on container host
	Compiler: gcc 13.2.1 20240316 (Red Hat 13.2.1-7)

To view detailed results, visit:
https://lab.dpdk.org/results/dashboard/tarballs/31247/

UNH-IOL DPDK Community Lab

To manage your email subscriptions, visit: 
https://lab.dpdk.org/results/dashboard/preferences/subscriptions/