From mboxrd@z Thu Jan  1 00:00:00 1970
Return-Path: <test-report-bounces@dpdk.org>
Received: from mails.dpdk.org (mails.dpdk.org [217.70.189.124])
	by inbox.dpdk.org (Postfix) with ESMTP id 9536045BD8
	for <public@inbox.dpdk.org>; Fri, 25 Oct 2024 23:00:52 +0200 (CEST)
Received: from mails.dpdk.org (localhost [127.0.0.1])
	by mails.dpdk.org (Postfix) with ESMTP id 909E540264;
	Fri, 25 Oct 2024 23:00:52 +0200 (CEST)
Received: from mail-oa1-f100.google.com (mail-oa1-f100.google.com
 [209.85.160.100])
 by mails.dpdk.org (Postfix) with ESMTP id 733D34021F
 for <test-report@dpdk.org>; Fri, 25 Oct 2024 23:00:51 +0200 (CEST)
Received: by mail-oa1-f100.google.com with SMTP id
 586e51a60fabf-27ce4f37afeso1710564fac.0
 for <test-report@dpdk.org>; Fri, 25 Oct 2024 14:00:51 -0700 (PDT)
DKIM-Signature: v=1; a=rsa-sha256; c=relaxed/relaxed;
 d=iol.unh.edu; s=unh-iol; t=1729890050; x=1730494850; darn=dpdk.org;
 h=references:in-reply-to:cc:to:from:subject:message-id:date:from:to
 :cc:subject:date:message-id:reply-to;
 bh=O06aB6nusYt7bUtN5CGZuWfBKILbyT5V4tz7+C8Szp0=;
 b=UeZP+6z9C39rPGCzxhFs5PJJm/SYPXsVoleaVApR7CCi6Esll/+b9ijeCkSsfXmRML
 qC4TijFboefOFYfcNaGUYBfrDO5uh0Xh64vBJI5WOrXrm5Rc+FWLnMopArHInz4wQ71Q
 RELfF+YB2celhZid/P7JWHwGE78MQ/gMyvKmE=
X-Google-DKIM-Signature: v=1; a=rsa-sha256; c=relaxed/relaxed;
 d=1e100.net; s=20230601; t=1729890050; x=1730494850;
 h=references:in-reply-to:cc:to:from:subject:message-id:date
 :x-gm-message-state:from:to:cc:subject:date:message-id:reply-to;
 bh=O06aB6nusYt7bUtN5CGZuWfBKILbyT5V4tz7+C8Szp0=;
 b=GomAlMqQyeFJJcmKgUIkUBQDrZVc3r0414pcdx71eROvjXaME3sfLweYgFDn8nr4yL
 FqZbKNnIfydkXp45tsyaa+ijbniSHvGvxIsRJMlHC1K3DnGxuKlO51XY61Yy0EzY3HKV
 xC1+xg1NOwehoegTrpAx0OEmmP+fw83ouFY2Yov5/HgdSO1tno1/3nWmxRsU/c5tyGB3
 TSL/ukaMNb2S0xlvWSfBuN82dsG8pi7xClki+SVjgUp4Tert5Y7ylNK2k0XSJCFjw+dy
 F5HXFsd+V+nT46Gg2nj67AmTFYU0+HLDImRhlV030V/TVTGDPQ1FFm58NP3IcDxuiDWr
 f58g==
X-Gm-Message-State: AOJu0YzWZdGNa7JqZqZi3w1tLQS6xoSW1HIUK1luHuGrIRHkROFoYO18
 O1bcZ8xy1yK9qTHHH+GaS2JXiN+UH+t9rsOBMxhS8rIuANwDw5KWV3CThlD6R8Tq/NIk3ahm+nQ
 kB4c3z2s8Wye6W2qiosAPZdiV9zDxAAzKWowy1uZ0
X-Google-Smtp-Source: AGHT+IEKSVobtA+HclcRUc8pM94R++OUYKFH72l2NT/6GG9tClvXYg/zXNSyp63E5YKBhjKz4huXc8cDQqI7
X-Received: by 2002:a05:6870:1ca:b0:270:2abd:4772 with SMTP id
 586e51a60fabf-29051ddc90dmr787114fac.45.1729890050628; 
 Fri, 25 Oct 2024 14:00:50 -0700 (PDT)
Received: from postal.iol.unh.edu (postal.iol.unh.edu. [132.177.123.84])
 by smtp-relay.gmail.com with ESMTPS id
 586e51a60fabf-29035d153d4sm63079fac.6.2024.10.25.14.00.50
 (version=TLS1_2 cipher=ECDHE-ECDSA-AES128-GCM-SHA256 bits=128/128);
 Fri, 25 Oct 2024 14:00:50 -0700 (PDT)
X-Relaying-Domain: iol.unh.edu
Date: Fri, 25 Oct 2024 14:00:50 -0700 (PDT)
Message-ID: <671c0702.050a0220.17990a.472fSMTPIN_ADDED_MISSING@mx.google.com>
Received: from [172.17.0.4] (unknown [172.18.0.217])
 by postal.iol.unh.edu (Postfix) with ESMTP id 1A17F6052471;
 Fri, 25 Oct 2024 17:00:50 -0400 (EDT)
Subject: |FAILURE| pw147137 [PATCH] [v5] ethdev: TEST support single queue pe
From: dpdklab@iol.unh.edu
To: Test Report <test-report@dpdk.org>
Cc: dpdk-test-reports@iol.unh.edu, Morten Brorup <mb@smartsharesystems.com>
In-Reply-To: <20241024154930.985612-1-mb@smartsharesystems.com>
References: <20241024154930.985612-1-mb@smartsharesystems.com>
Content-Type: text/plain
X-BeenThere: test-report@dpdk.org
X-Mailman-Version: 2.1.29
Precedence: list
List-Id: automatic DPDK test reports <test-report.dpdk.org>
List-Unsubscribe: <https://mails.dpdk.org/options/test-report>,
 <mailto:test-report-request@dpdk.org?subject=unsubscribe>
List-Archive: <http://mails.dpdk.org/archives/test-report/>
List-Post: <mailto:test-report@dpdk.org>
List-Help: <mailto:test-report-request@dpdk.org?subject=help>
List-Subscribe: <https://mails.dpdk.org/listinfo/test-report>,
 <mailto:test-report-request@dpdk.org?subject=subscribe>
Errors-To: test-report-bounces@dpdk.org

Test-Label: iol-unit-arm64-testing
Test-Status: FAILURE
http://dpdk.org/patch/147137

_Testing issues_

Submitter: Morten Brorup <mb@smartsharesystems.com>
Date: Thursday, October 24 2024 15:49:30 
DPDK git baseline: Repo:dpdk
  Branch: master
  CommitID:5bb17458f32befba8a2cccd9553ea65cd8b99581

147137 --> testing issues

Upstream job id: Generic-Unit-Test-DPDK#282383

Test environment and result as below:

+-----------------------------+----------------+------------------------------+---------------------------+
|         Environment         | dpdk_unit_test | cryptodev_sw_snow3g_autotest | cryptodev_sw_zuc_autotest |
+=============================+================+==============================+===========================+
| CentOS Stream 9 (ARM)       | PEND           | SKIPPED                      | SKIPPED                   |
+-----------------------------+----------------+------------------------------+---------------------------+
| Fedora 38 (ARM)             | PEND           | SKIPPED                      | SKIPPED                   |
+-----------------------------+----------------+------------------------------+---------------------------+
| Fedora 39 (ARM)             | PEND           | SKIPPED                      | SKIPPED                   |
+-----------------------------+----------------+------------------------------+---------------------------+
| Fedora 40 (ARM)             | PEND           | SKIPPED                      | SKIPPED                   |
+-----------------------------+----------------+------------------------------+---------------------------+
| 32-bit Ubuntu 20.04.4 (ARM) | PASS           | SKIPPED                      | SKIPPED                   |
+-----------------------------+----------------+------------------------------+---------------------------+
| Fedora 40 (ARM Clang)       | FAIL           | SKIPPED                      | SKIPPED                   |
+-----------------------------+----------------+------------------------------+---------------------------+
| RHEL9 (ARM)                 | FAIL           | SKIPPED                      | SKIPPED                   |
+-----------------------------+----------------+------------------------------+---------------------------+
| Ubuntu 20.04 (ARM)          | PEND           | SKIPPED                      | SKIPPED                   |
+-----------------------------+----------------+------------------------------+---------------------------+
| Ubuntu 22.04 (ARM)          | PEND           | SKIPPED                      | SKIPPED                   |
+-----------------------------+----------------+------------------------------+---------------------------+
| Ubuntu 24.04 (ARM)          | PEND           | SKIPPED                      | SKIPPED                   |
+-----------------------------+----------------+------------------------------+---------------------------+
| Debian 12 (arm)             | SKIPPED        | WARN                         | PEND                      |
+-----------------------------+----------------+------------------------------+---------------------------+

==== 20 line log output for Debian 12 (arm) (cryptodev_sw_snow3g_autotest): ====
 --- Failed to get log output --- 
==== End log output ====

CentOS Stream 9 (ARM)
	Kernel: Depends on container host
	Compiler: gcc 11.4.1 20231218 (Red Hat 11.4.1-3)

Fedora 38 (ARM)
	Kernel: Depends on container host
	Compiler: gcc 13.2.1 20240316 (Red Hat 13.2.1-7)

Fedora 39 (ARM)
	Kernel: Depends on container host
	Compiler: gcc 13.3.1 20240522 (Red Hat 13.3.1-1)

Fedora 40 (ARM)
	Kernel: Depends on container host
	Compiler: gcc 14.2.1 20240801 (Red Hat 14.2.1-1)

32-bit Ubuntu 20.04.4 (ARM)
	Kernel: 5.4.0-155-generic aarch64
	Compiler: gcc 9.4

Fedora 40 (ARM Clang)
	Kernel: Depends on container host
	Compiler: clang 18.1.6 (Fedora 18.1.6-3.fc40)

RHEL9 (ARM)
	Kernel: Depends on container host
	Compiler: gcc 11.4.1 20231218 (Red Hat 11.4.1-3)

Ubuntu 20.04 (ARM)
	Kernel: Depends on container host
	Compiler: gcc (Ubuntu 9.4.0-1ubuntu1~20.04.2) 9.4.0

Ubuntu 22.04 (ARM)
	Kernel: Depends on container host
	Compiler: gcc (Ubuntu 11.4.0-1ubuntu1~22.04) 11.4.0

Ubuntu 24.04 (ARM)
	Kernel: Depends on container host
	Compiler: gcc (Ubuntu 13.2.0-23ubuntu4) 13.2.0

Debian 12 (arm)
	Kernel: Depends on container host
	Compiler: gcc (Debian 12.2.0-14) 12.2.0

To view detailed results, visit:
https://lab.dpdk.org/results/dashboard/patchsets/31652/

UNH-IOL DPDK Community Lab

To manage your email subscriptions, visit: 
https://lab.dpdk.org/results/dashboard/preferences/subscriptions/