From mboxrd@z Thu Jan  1 00:00:00 1970
Return-Path: <test-report-bounces@dpdk.org>
Received: from mails.dpdk.org (mails.dpdk.org [217.70.189.124])
	by inbox.dpdk.org (Postfix) with ESMTP id D8FB445BB8
	for <public@inbox.dpdk.org>; Sat, 26 Oct 2024 00:34:37 +0200 (CEST)
Received: from mails.dpdk.org (localhost [127.0.0.1])
	by mails.dpdk.org (Postfix) with ESMTP id D4D904029B;
	Sat, 26 Oct 2024 00:34:37 +0200 (CEST)
Received: from mail-yw1-f226.google.com (mail-yw1-f226.google.com
 [209.85.128.226])
 by mails.dpdk.org (Postfix) with ESMTP id AF75140295
 for <test-report@dpdk.org>; Sat, 26 Oct 2024 00:34:35 +0200 (CEST)
Received: by mail-yw1-f226.google.com with SMTP id
 00721157ae682-6e3d97b8274so24217817b3.1
 for <test-report@dpdk.org>; Fri, 25 Oct 2024 15:34:35 -0700 (PDT)
DKIM-Signature: v=1; a=rsa-sha256; c=relaxed/relaxed;
 d=iol.unh.edu; s=unh-iol; t=1729895675; x=1730500475; darn=dpdk.org;
 h=references:in-reply-to:cc:to:from:subject:message-id:date:from:to
 :cc:subject:date:message-id:reply-to;
 bh=75QVavord/9vdyfAsWPlBlvDIFn+jGYkvvADsrkH4aM=;
 b=dlvYcHojP1kTXZQLDhHwSX7C6riAxigJ51uZI/Bmz9h7nrWnb+ygzR4MdI9ufvJ6zQ
 z4B911JTq2AEJt5xjaDVJzmAGYQAt7GV+HilPoJXsMIQTMpXmBCVaPpuPDwlfOXj2eu+
 Mn4kUfEOmAcAezHhfgtm+R4SwadcDZaUQgY3k=
X-Google-DKIM-Signature: v=1; a=rsa-sha256; c=relaxed/relaxed;
 d=1e100.net; s=20230601; t=1729895675; x=1730500475;
 h=references:in-reply-to:cc:to:from:subject:message-id:date
 :x-gm-message-state:from:to:cc:subject:date:message-id:reply-to;
 bh=75QVavord/9vdyfAsWPlBlvDIFn+jGYkvvADsrkH4aM=;
 b=ECzVwCDM1TEPckQnOOtnq7rchkauMrzmSg86cXSJ3P6hk+TV9/b2ac6fOxir15j1Bu
 m6XBdfnEqvUOdjxzR+IwSP2bMHJCW/BftbOF8DvXUcUe+U4d0jQS01tnFk7vYubREgp6
 D9jVg52++aZjTq/8UZApgYD1dq3FtQII7JIoQK880P8sZW9dSTR6AOb/p3d+HZyiTN2U
 Jfl6Nc8psUtgjt6nyQ79h6cfG/HI/EmaWn2jmVKaYd1zZ7gldX/74FDJVHvnETbu4qe9
 Zejh+GYyW11f0wQYfL7WYXtS6vwD0uYhIyfx2TKmokcXj8wxRUdo3/cgGxnzygbl+Zzq
 dyeQ==
X-Gm-Message-State: AOJu0YwzXqwHrIJOWPqY7aMobuuqA+slhwQx1ceysfV+Zb+fw/EAdIid
 EbKuapHMkHB/H+oU9r5WlMQxWHaRTQRKMH9mBeVTHjVBUT6katlCJ8KzwCO4eoevSHSP9A95iEg
 JjXaUJGBlY3//hihwiEBQgLo0h6sRy5T/1JxrCJ9FON9LEf+hvG9sllBP
X-Google-Smtp-Source: AGHT+IEw5sSxhkco3HGCTcd7Y3rSfxIJYKlM0SpoUXjYISmEAQXBgZmsbdKQwfL2g7MhKO9O0BHzYCUl+UHY
X-Received: by 2002:a05:690c:62c6:b0:6e3:252c:408 with SMTP id
 00721157ae682-6e9d898183fmr14378627b3.20.1729895675092; 
 Fri, 25 Oct 2024 15:34:35 -0700 (PDT)
Received: from postal.iol.unh.edu (postal.iol.unh.edu.
 [2606:4100:3880:1234::84]) by smtp-relay.gmail.com with ESMTPS id
 00721157ae682-6e9c6c2ae6dsm937767b3.33.2024.10.25.15.34.35
 (version=TLS1_2 cipher=ECDHE-ECDSA-AES128-GCM-SHA256 bits=128/128);
 Fri, 25 Oct 2024 15:34:35 -0700 (PDT)
X-Relaying-Domain: iol.unh.edu
Date: Fri, 25 Oct 2024 15:34:35 -0700 (PDT)
Message-ID: <671c1cfb.0d0a0220.f8c6e.6772SMTPIN_ADDED_MISSING@mx.google.com>
Received: from [172.17.0.4] (unknown [172.18.0.217])
 by postal.iol.unh.edu (Postfix) with ESMTP id BBD7B6052471;
 Fri, 25 Oct 2024 18:34:34 -0400 (EDT)
Subject: |FAILURE| pw147137 [PATCH] [v5] ethdev: TEST support single queue pe
From: dpdklab@iol.unh.edu
To: Test Report <test-report@dpdk.org>
Cc: dpdk-test-reports@iol.unh.edu, Morten Brorup <mb@smartsharesystems.com>
In-Reply-To: <20241024154930.985612-1-mb@smartsharesystems.com>
References: <20241024154930.985612-1-mb@smartsharesystems.com>
Content-Type: text/plain
X-BeenThere: test-report@dpdk.org
X-Mailman-Version: 2.1.29
Precedence: list
List-Id: automatic DPDK test reports <test-report.dpdk.org>
List-Unsubscribe: <https://mails.dpdk.org/options/test-report>,
 <mailto:test-report-request@dpdk.org?subject=unsubscribe>
List-Archive: <http://mails.dpdk.org/archives/test-report/>
List-Post: <mailto:test-report@dpdk.org>
List-Help: <mailto:test-report-request@dpdk.org?subject=help>
List-Subscribe: <https://mails.dpdk.org/listinfo/test-report>,
 <mailto:test-report-request@dpdk.org?subject=subscribe>
Errors-To: test-report-bounces@dpdk.org

Test-Label: iol-unit-arm64-testing
Test-Status: FAILURE
http://dpdk.org/patch/147137

_Testing issues_

Submitter: Morten Brorup <mb@smartsharesystems.com>
Date: Thursday, October 24 2024 15:49:30 
DPDK git baseline: Repo:dpdk
  Branch: master
  CommitID:5bb17458f32befba8a2cccd9553ea65cd8b99581

147137 --> testing issues

Upstream job id: Generic-Unit-Test-DPDK#282349

Test environment and result as below:

+-----------------------------+----------------+------------------------------+---------------------------+
|         Environment         | dpdk_unit_test | cryptodev_sw_snow3g_autotest | cryptodev_sw_zuc_autotest |
+=============================+================+==============================+===========================+
| CentOS Stream 9 (ARM)       | PEND           | SKIPPED                      | SKIPPED                   |
+-----------------------------+----------------+------------------------------+---------------------------+
| Fedora 38 (ARM)             | FAIL           | SKIPPED                      | SKIPPED                   |
+-----------------------------+----------------+------------------------------+---------------------------+
| Fedora 39 (ARM)             | PEND           | SKIPPED                      | SKIPPED                   |
+-----------------------------+----------------+------------------------------+---------------------------+
| Fedora 40 (ARM)             | PEND           | SKIPPED                      | SKIPPED                   |
+-----------------------------+----------------+------------------------------+---------------------------+
| 32-bit Ubuntu 22.04.4 (ARM) | PASS           | SKIPPED                      | SKIPPED                   |
+-----------------------------+----------------+------------------------------+---------------------------+
| Fedora 40 (ARM Clang)       | FAIL           | SKIPPED                      | SKIPPED                   |
+-----------------------------+----------------+------------------------------+---------------------------+
| RHEL9 (ARM)                 | FAIL           | SKIPPED                      | SKIPPED                   |
+-----------------------------+----------------+------------------------------+---------------------------+
| Ubuntu 20.04 (ARM)          | PEND           | SKIPPED                      | SKIPPED                   |
+-----------------------------+----------------+------------------------------+---------------------------+
| Ubuntu 22.04 (ARM)          | PEND           | SKIPPED                      | SKIPPED                   |
+-----------------------------+----------------+------------------------------+---------------------------+
| Ubuntu 24.04 (ARM)          | FAIL           | SKIPPED                      | SKIPPED                   |
+-----------------------------+----------------+------------------------------+---------------------------+
| Debian 12 (arm)             | SKIPPED        | WARN                         | PEND                      |
+-----------------------------+----------------+------------------------------+---------------------------+

==== 20 line log output for Debian 12 (arm) (cryptodev_sw_snow3g_autotest): ====
 --- Failed to get log output --- 
==== End log output ====

CentOS Stream 9 (ARM)
	Kernel: Depends on container host
	Compiler: gcc 11.4.1 20231218 (Red Hat 11.4.1-3)

Fedora 38 (ARM)
	Kernel: Depends on container host
	Compiler: gcc 13.2.1 20240316 (Red Hat 13.2.1-7)

Fedora 39 (ARM)
	Kernel: Depends on container host
	Compiler: gcc 13.3.1 20240522 (Red Hat 13.3.1-1)

Fedora 40 (ARM)
	Kernel: Depends on container host
	Compiler: gcc 14.2.1 20240801 (Red Hat 14.2.1-1)

32-bit Ubuntu 22.04.4 (ARM)
	Kernel: 5.15.83+ aarch64
	Compiler: gcc (Ubuntu 11.4.0-1ubuntu1~22.04) 11.4.0

Fedora 40 (ARM Clang)
	Kernel: Depends on container host
	Compiler: clang 18.1.6 (Fedora 18.1.6-3.fc40)

RHEL9 (ARM)
	Kernel: Depends on container host
	Compiler: gcc 11.4.1 20231218 (Red Hat 11.4.1-3)

Ubuntu 20.04 (ARM)
	Kernel: Depends on container host
	Compiler: gcc (Ubuntu 9.4.0-1ubuntu1~20.04.2) 9.4.0

Ubuntu 22.04 (ARM)
	Kernel: Depends on container host
	Compiler: gcc (Ubuntu 11.4.0-1ubuntu1~22.04) 11.4.0

Ubuntu 24.04 (ARM)
	Kernel: Depends on container host
	Compiler: gcc (Ubuntu 13.2.0-23ubuntu4) 13.2.0

Debian 12 (arm)
	Kernel: Depends on container host
	Compiler: gcc (Debian 12.2.0-14) 12.2.0

To view detailed results, visit:
https://lab.dpdk.org/results/dashboard/patchsets/31652/

UNH-IOL DPDK Community Lab

To manage your email subscriptions, visit: 
https://lab.dpdk.org/results/dashboard/preferences/subscriptions/