From mboxrd@z Thu Jan  1 00:00:00 1970
Return-Path: <test-report-bounces@dpdk.org>
Received: from mails.dpdk.org (mails.dpdk.org [217.70.189.124])
	by inbox.dpdk.org (Postfix) with ESMTP id B502F45BE1
	for <public@inbox.dpdk.org>; Sat, 26 Oct 2024 16:21:32 +0200 (CEST)
Received: from mails.dpdk.org (localhost [127.0.0.1])
	by mails.dpdk.org (Postfix) with ESMTP id 97DD04027A;
	Sat, 26 Oct 2024 16:21:32 +0200 (CEST)
Received: from mail-oi1-f226.google.com (mail-oi1-f226.google.com
 [209.85.167.226])
 by mails.dpdk.org (Postfix) with ESMTP id 8BBD340265
 for <test-report@dpdk.org>; Sat, 26 Oct 2024 16:21:31 +0200 (CEST)
Received: by mail-oi1-f226.google.com with SMTP id
 5614622812f47-3e5fcf464ecso1975544b6e.0
 for <test-report@dpdk.org>; Sat, 26 Oct 2024 07:21:31 -0700 (PDT)
DKIM-Signature: v=1; a=rsa-sha256; c=relaxed/relaxed;
 d=iol.unh.edu; s=unh-iol; t=1729952490; x=1730557290; darn=dpdk.org;
 h=references:in-reply-to:cc:to:from:subject:message-id:date:from:to
 :cc:subject:date:message-id:reply-to;
 bh=utQQOsllh4NO7+JhA9h6i4DmeCE01RgLHwhV5Ryv1wY=;
 b=JgatubvBl0ajitfeAPj5qnvPA1iQ43Yx9IDYQXpQ0FukFxjnPKvw8JpCx8uSFQ8GGt
 ODNquOB6o7GOOf5xP/qBjq0IPVG0wTXklliMlUygew/SMyXIoltsoMUNZkF0vqYGSdD5
 kb2TqsWn5RbdLTP0nXUsM6LXbmhTp9gDoa2S0=
X-Google-DKIM-Signature: v=1; a=rsa-sha256; c=relaxed/relaxed;
 d=1e100.net; s=20230601; t=1729952490; x=1730557290;
 h=references:in-reply-to:cc:to:from:subject:message-id:date
 :x-gm-message-state:from:to:cc:subject:date:message-id:reply-to;
 bh=utQQOsllh4NO7+JhA9h6i4DmeCE01RgLHwhV5Ryv1wY=;
 b=GsL+2BczIN8zGiIRMqjsVCBNSFEaKJO3Wv9aN9RALUetT4sJA1EAdxNIlvp8WNhqda
 VaQUim5WyYJ6YhGNYoWhkV3g1sI+pkYs8Wug1ed3cygRYbEJsVygA1lkX8a3w4u4ynLm
 iAvQd7bR1KfaqMHg8LnKVAvu5iJkMqCAuuYeFqH08PZsODkTN9GST5dB+tPO2XwqBzoq
 tZAQImmMFU3V687za2V5U5GOSdZSydmFCoZ8Mw1sgVwV1oV3R9eGn+5r70ImcbQ3UzLv
 1RflmzQjYfc0F+wxa2jEG61BVNY74AIIvt+hmr9KASUPm/dxSwSWY7eOXtOW1LakeIJO
 xkBg==
X-Gm-Message-State: AOJu0YwEDd+aZ14U1kvVoO2dlO7nz4WiWOfZbZPhC0vy2jVNa+HwUJTb
 MbYExEOUMp6DVQYscKH+DLM7reN3jKbY2WlEVX3wnmoB0thqYLniHa6FjCD1ZnTnF2ZE+8LG9A8
 P4oBeNbCT8W2J/wPCew/9VeWd2hjCfo9o1nHMjtiq
X-Google-Smtp-Source: AGHT+IFTrclacYifL/9VXVsDGABkgVjW6VVqbGwbGP2bMMsL9DIwHfliRJYwD0yQU6VW3VHTlhmgcf5AFD7t
X-Received: by 2002:a05:6214:5c07:b0:6cd:c334:a6a2 with SMTP id
 6a1803df08f44-6d18568f244mr38233756d6.14.1729952480057; 
 Sat, 26 Oct 2024 07:21:20 -0700 (PDT)
Received: from postal.iol.unh.edu (postal.iol.unh.edu. [132.177.123.84])
 by smtp-relay.gmail.com with ESMTPS id
 6a1803df08f44-6d179a7b0ebsm926336d6.74.2024.10.26.07.21.19
 (version=TLS1_2 cipher=ECDHE-ECDSA-AES128-GCM-SHA256 bits=128/128);
 Sat, 26 Oct 2024 07:21:20 -0700 (PDT)
X-Relaying-Domain: iol.unh.edu
Date: Sat, 26 Oct 2024 07:21:20 -0700 (PDT)
Message-ID: <671cfae0.d40a0220.4a58b.6735SMTPIN_ADDED_MISSING@mx.google.com>
Received: from [172.17.0.2] (unknown [172.18.0.217])
 by postal.iol.unh.edu (Postfix) with ESMTP id B45526052471;
 Sat, 26 Oct 2024 10:21:19 -0400 (EDT)
Subject: |FAILURE| pw147053 [PATCH] eal: support including mapped memory in c
From: dpdklab@iol.unh.edu
To: Test Report <test-report@dpdk.org>
Cc: dpdk-test-reports@iol.unh.edu, Dmitry Kozlyuk <dmitry.kozliuk@gmail.com>
In-Reply-To: <20241023231859.1323727-1-kozlyuk@bifit.com>
References: <20241023231859.1323727-1-kozlyuk@bifit.com>
Content-Type: text/plain
X-BeenThere: test-report@dpdk.org
X-Mailman-Version: 2.1.29
Precedence: list
List-Id: automatic DPDK test reports <test-report.dpdk.org>
List-Unsubscribe: <https://mails.dpdk.org/options/test-report>,
 <mailto:test-report-request@dpdk.org?subject=unsubscribe>
List-Archive: <http://mails.dpdk.org/archives/test-report/>
List-Post: <mailto:test-report@dpdk.org>
List-Help: <mailto:test-report-request@dpdk.org?subject=help>
List-Subscribe: <https://mails.dpdk.org/listinfo/test-report>,
 <mailto:test-report-request@dpdk.org?subject=subscribe>
Errors-To: test-report-bounces@dpdk.org

Test-Label: iol-compile-arm64-testing
Test-Status: FAILURE
http://dpdk.org/patch/147053

_Testing issues_

Submitter: Dmitry Kozlyuk <dmitry.kozliuk@gmail.com>
Date: Wednesday, October 23 2024 23:18:59 
DPDK git baseline: Repo:dpdk
  Branch: master
  CommitID:90cb8ff8196f9b9c1c2bcee1c94ea583789bb63f

147053 --> testing issues

Upstream job id: Generic-DPDK-Compile-Meson#323625

Test environment and result as below:

+----------------------------------------+--------------------+
|              Environment               | dpdk_meson_compile |
+========================================+====================+
| RHEL9 (ARM)                            | PASS               |
+----------------------------------------+--------------------+
| Ubuntu 20.04 ARM GCC Cross Compile     | PASS               |
+----------------------------------------+--------------------+
| Ubuntu 20.04 ARM SVE                   | PASS               |
+----------------------------------------+--------------------+
| Debian 12 with MUSDK                   | PASS               |
+----------------------------------------+--------------------+
| Fedora 37 (ARM)                        | PASS               |
+----------------------------------------+--------------------+
| Fedora 38 (ARM)                        | PASS               |
+----------------------------------------+--------------------+
| Fedora 38 (ARM Clang)                  | PASS               |
+----------------------------------------+--------------------+
| Fedora 39 (ARM)                        | PASS               |
+----------------------------------------+--------------------+
| Fedora 39 (ARM Clang)                  | PEND               |
+----------------------------------------+--------------------+
| Fedora 40 (ARM)                        | PASS               |
+----------------------------------------+--------------------+
| Fedora 40 (ARM Clang)                  | PASS               |
+----------------------------------------+--------------------+
| Ubuntu 20.04 (ARM)                     | PEND               |
+----------------------------------------+--------------------+
| Ubuntu 22.04 (ARM)                     | PEND               |
+----------------------------------------+--------------------+
| Ubuntu 24.04 (ARM)                     | PEND               |
+----------------------------------------+--------------------+
| CentOS Stream 9 (ARM)                  | PEND               |
+----------------------------------------+--------------------+
| Debian 11 (Buster) (ARM)               | PEND               |
+----------------------------------------+--------------------+
| Debian 12 (arm)                        | PEND               |
+----------------------------------------+--------------------+
| Ubuntu 20.04 aarch32 GCC Cross Compile | FAIL               |
+----------------------------------------+--------------------+

==== 20 line log output for Ubuntu 20.04 aarch32 GCC Cross Compile (dpdk_meson_compile): ====
[75/2295] Compiling C object lib/librte_eal.a.p/eal_linux_eal_cpuflags.c.o
[76/2295] Compiling C object lib/librte_eal.a.p/eal_linux_eal_dev.c.o
[77/2295] Compiling C object lib/librte_eal.a.p/eal_linux_eal_hugepage_info.c.o
[78/2295] Compiling C object lib/librte_eal.a.p/eal_linux_eal_interrupts.c.o
[79/2295] Compiling C object lib/librte_eal.a.p/eal_linux_eal_lcore.c.o
[80/2295] Compiling C object lib/librte_eal.a.p/eal_linux_eal_memalloc.c.o
[81/2295] Compiling C object lib/librte_eal.a.p/eal_linux_eal_memory.c.o
FAILED: lib/librte_eal.a.p/eal_linux_eal_memory.c.o
ccache arm-linux-gnueabihf-gcc -Ilib/librte_eal.a.p -Ilib -I../lib -I. -I.. -Iconfig -I../config -Ilib/eal/include -I../lib/eal/include -Ilib/eal/linux/include -I../lib/eal/linux/include -Ilib/eal/arm/include -I../lib/eal/arm/include -Ilib/eal/common -I../lib/eal/common -Ilib/eal -I../lib/eal -Ilib/kvargs -I../lib/kvargs -Ilib/log -I../lib/log -Ilib/metrics -I../lib/metrics -Ilib/telemetry -I../lib/telemetry -fdiagnostics-color=always -pipe -D_FILE_OFFSET_BITS=64 -Wall -Winvalid-pch -Wextra -Werror -std=c11 -O3 -include rte_config.h -Wcast-qual -Wdeprecated -Wformat -Wformat-nonliteral -Wformat-security -Wmissing-declarations -Wmissing-prototypes -Wnested-externs -Wold-style-definition -Wpointer-arith -Wsign-compare -Wstrict-prototypes -Wundef -Wwrite-strings -Wno-address-of-packed-member -Wno-packed-not-aligned -Wno-missing-field-initializers -Wno-pointer-to-int-cast -D_GNU_SOURCE -fPIC -march=armv8-a+simd -mfpu=auto -DALLOW_EXPERIMENTAL_API -DALLOW_INTERNAL_API -Wno-format-truncati
 on '-DABI_VERSION="25.0"' -DRTE_LOG_DEFAULT_LOGTYPE=lib.eal -MD -MQ lib/librte_eal.a.p/eal_linux_eal_memory.c.o -MF lib/librte_eal.a.p/eal_linux_eal_memory.c.o.d -o lib/librte_eal.a.p/eal_linux_eal_memory.c.o -c ../lib/eal/linux/eal_memory.c
In file included from ../lib/log/rte_log.h:22,
from ../lib/eal/linux/eal_memory.c:31:
../lib/eal/linux/eal_memory.c: In function 'remap_segment':
../lib/eal/include/rte_common.h:444:30: error: cast to pointer from integer of different size [-Werror=int-to-pointer-cast]
444 | #define RTE_PTR_ADD(ptr, x) ((void*)((uintptr_t)(ptr) + (x)))
|                              ^
../lib/eal/linux/eal_memory.c:724:13: note: in expansion of macro 'RTE_PTR_ADD'
724 |  map_addr = RTE_PTR_ADD(msl->base_va, ms_idx * page_sz);
|             ^~~~~~~~~~~
cc1: all warnings being treated as errors
ninja: build stopped: subcommand failed.
==== End log output ====

RHEL9 (ARM)
	Kernel: Depends on container host
	Compiler: gcc 11.4.1 20231218 (Red Hat 11.4.1-3)

Ubuntu 20.04 ARM GCC Cross Compile
	Kernel: Depends on container host
	Compiler: aarch64-linux-gnu-gcc (Ubuntu 9.4.0-1ubuntu1~20.04.2) 9.4.0

Ubuntu 20.04 ARM SVE
	Kernel: Depends on container host
	Compiler: gcc (Ubuntu 10.5.0-1ubuntu1~20.04) 10.5.0

Debian 12 with MUSDK
	Kernel: Depends on container host
	Compiler: gcc (Debian 12.2.0-14) 12.2.0

Fedora 37 (ARM)
	Kernel: Depends on container host
	Compiler: gcc 12.3.1 20230508 (Red Hat 12.3.1-1)

Fedora 38 (ARM)
	Kernel: Depends on container host
	Compiler: gcc 13.2.1 20240316 (Red Hat 13.2.1-7)

Fedora 38 (ARM Clang)
	Kernel: Depends on container host
	Compiler: clang 16.0.6 (Fedora 16.0.6-4.fc38)

Fedora 39 (ARM)
	Kernel: Depends on container host
	Compiler: gcc 13.3.1 20240522 (Red Hat 13.3.1-1)

Fedora 39 (ARM Clang)
	Kernel: Depends on container host
	Compiler: clang 17.0.6 (Fedora 17.0.6-2.fc39)

Fedora 40 (ARM)
	Kernel: Depends on container host
	Compiler: gcc 14.2.1 20240801 (Red Hat 14.2.1-1)

Fedora 40 (ARM Clang)
	Kernel: Depends on container host
	Compiler: clang 18.1.6 (Fedora 18.1.6-3.fc40)

Ubuntu 20.04 (ARM)
	Kernel: Depends on container host
	Compiler: gcc (Ubuntu 9.4.0-1ubuntu1~20.04.2) 9.4.0

Ubuntu 22.04 (ARM)
	Kernel: Depends on container host
	Compiler: gcc (Ubuntu 11.4.0-1ubuntu1~22.04) 11.4.0

Ubuntu 24.04 (ARM)
	Kernel: Depends on container host
	Compiler: gcc (Ubuntu 13.2.0-23ubuntu4) 13.2.0

CentOS Stream 9 (ARM)
	Kernel: Depends on container host
	Compiler: gcc 11.4.1 20231218 (Red Hat 11.4.1-3)

Debian 11 (Buster) (ARM)
	Kernel: Depends on container host
	Compiler: gcc (Debian 10.2.1-6) 10.2.1 20210110

Debian 12 (arm)
	Kernel: Depends on container host
	Compiler: gcc (Debian 12.2.0-14) 12.2.0

Ubuntu 20.04 aarch32 GCC Cross Compile
	Kernel: Depends on container host
	Compiler: gcc 9.4.0

To view detailed results, visit:
https://lab.dpdk.org/results/dashboard/patchsets/31631/

UNH-IOL DPDK Community Lab

To manage your email subscriptions, visit: 
https://lab.dpdk.org/results/dashboard/preferences/subscriptions/