From mboxrd@z Thu Jan  1 00:00:00 1970
Return-Path: <test-report-bounces@dpdk.org>
Received: from mails.dpdk.org (mails.dpdk.org [217.70.189.124])
	by inbox.dpdk.org (Postfix) with ESMTP id CE93A45BEC
	for <public@inbox.dpdk.org>; Sun, 27 Oct 2024 04:49:52 +0100 (CET)
Received: from mails.dpdk.org (localhost [127.0.0.1])
	by mails.dpdk.org (Postfix) with ESMTP id CABF14029B;
	Sun, 27 Oct 2024 04:49:52 +0100 (CET)
Received: from mail-yb1-f227.google.com (mail-yb1-f227.google.com
 [209.85.219.227])
 by mails.dpdk.org (Postfix) with ESMTP id CC3E440279
 for <test-report@dpdk.org>; Sun, 27 Oct 2024 04:49:51 +0100 (CET)
Received: by mail-yb1-f227.google.com with SMTP id
 3f1490d57ef6-e2e2d013f2dso3514702276.1
 for <test-report@dpdk.org>; Sat, 26 Oct 2024 20:49:51 -0700 (PDT)
DKIM-Signature: v=1; a=rsa-sha256; c=relaxed/relaxed;
 d=iol.unh.edu; s=unh-iol; t=1730000991; x=1730605791; darn=dpdk.org;
 h=references:in-reply-to:cc:to:from:subject:message-id:date:from:to
 :cc:subject:date:message-id:reply-to;
 bh=kQ5dIXGVcaPuHoXph4IVQxPiShxoEViVztf3J08aNB4=;
 b=ARgDWOafwS51zJHXk9z1VgMP1B0JB4Z8vYorEGBKwGVZW0Rp5HB0Smx4WcCCw6lrfq
 4xlz9x1O2bl3rBJIl2/9DTVyezXRNz/mG8aOJtUsaDWudn95sK0VEhmHGDkXqxj3trER
 ddmKEKdXWRCKNcV/IaAznf749PvMNF29ew1Ak=
X-Google-DKIM-Signature: v=1; a=rsa-sha256; c=relaxed/relaxed;
 d=1e100.net; s=20230601; t=1730000991; x=1730605791;
 h=references:in-reply-to:cc:to:from:subject:message-id:date
 :x-gm-message-state:from:to:cc:subject:date:message-id:reply-to;
 bh=kQ5dIXGVcaPuHoXph4IVQxPiShxoEViVztf3J08aNB4=;
 b=D92z7pEd/ZqQG1mUxj+YHzdi79fIZDWpfei/SRK0FYt6SagWGrVcjBFTUFGPEGtWcD
 xg75zlIwcVkAoVrrd4bBYoPCnv66R05NgoFkXzQZWuuyTOcBEzhUKQ9wuXkHxHhD2kqN
 Twwmb1OUg7mt1cpOviBBQS/iKUv8eAsQgU/t8PlzqAQqOQYwbF07dqfNipSzqUJF3FtU
 2b9iMCPQcj8jonKS8BOaFoZpb7WT5bQgQyvkRZW3vo05Me+49WSQCyRaA4Q8nOC4pV/e
 hBXWBc1jmJw6en6FwmKgOnOwNdzxnFjKQpbVWFqnDF8Z+CID5GDqkpGIk1P+IMlGz1eb
 +L7w==
X-Gm-Message-State: AOJu0Yw3HKxIwUmzhEjtEiCcb58tejLWtTYDbXV8M86LHF8LPVz/ls+J
 XFP4CXJAIJSrQOfmrrJCXer3+ZP3r8dbod2o0iusm7pTdPJkmwfodTaYDsMFmggNQAsNQnVLRp5
 vRITP0X1GNaBFHQXWrqv5dV61rk+J0/j/Bgi7IPMf
X-Google-Smtp-Source: AGHT+IFE2R1PO0a/29vX2S+Yw0FWZjxa+KkUUKgZU5GrM54xA71Y9TQKDGPQevBXcx6WPNnNJkbxTR9+2qO+
X-Received: by 2002:a05:6902:1208:b0:e0e:9195:be85 with SMTP id
 3f1490d57ef6-e3087b9fb8emr3061187276.29.1730000991205; 
 Sat, 26 Oct 2024 20:49:51 -0700 (PDT)
Received: from postal.iol.unh.edu (postal.iol.unh.edu. [132.177.123.84])
 by smtp-relay.gmail.com with ESMTPS id
 3f1490d57ef6-e307a02708asm172967276.35.2024.10.26.20.49.51
 (version=TLS1_2 cipher=ECDHE-ECDSA-AES128-GCM-SHA256 bits=128/128);
 Sat, 26 Oct 2024 20:49:51 -0700 (PDT)
X-Relaying-Domain: iol.unh.edu
Date: Sat, 26 Oct 2024 20:49:51 -0700 (PDT)
Message-ID: <671db85f.250a0220.1d325d.c1a2SMTPIN_ADDED_MISSING@mx.google.com>
Received: from [172.17.0.2] (unknown [172.18.0.217])
 by postal.iol.unh.edu (Postfix) with ESMTP id D6F426052471;
 Sat, 26 Oct 2024 23:49:50 -0400 (EDT)
Subject: |FAILURE| pw147137 [PATCH] [v5] ethdev: TEST support single queue pe
From: dpdklab@iol.unh.edu
To: Test Report <test-report@dpdk.org>
Cc: dpdk-test-reports@iol.unh.edu, Morten Brorup <mb@smartsharesystems.com>
In-Reply-To: <20241024154930.985612-1-mb@smartsharesystems.com>
References: <20241024154930.985612-1-mb@smartsharesystems.com>
Content-Type: text/plain
X-BeenThere: test-report@dpdk.org
X-Mailman-Version: 2.1.29
Precedence: list
List-Id: automatic DPDK test reports <test-report.dpdk.org>
List-Unsubscribe: <https://mails.dpdk.org/options/test-report>,
 <mailto:test-report-request@dpdk.org?subject=unsubscribe>
List-Archive: <http://mails.dpdk.org/archives/test-report/>
List-Post: <mailto:test-report@dpdk.org>
List-Help: <mailto:test-report-request@dpdk.org?subject=help>
List-Subscribe: <https://mails.dpdk.org/listinfo/test-report>,
 <mailto:test-report-request@dpdk.org?subject=subscribe>
Errors-To: test-report-bounces@dpdk.org

Test-Label: iol-compile-arm64-testing
Test-Status: FAILURE
http://dpdk.org/patch/147137

_Testing issues_

Submitter: Morten Brorup <mb@smartsharesystems.com>
Date: Thursday, October 24 2024 15:49:30 
DPDK git baseline: Repo:dpdk
  Branch: master
  CommitID:5bb17458f32befba8a2cccd9553ea65cd8b99581

147137 --> testing issues

Upstream job id: Generic-DPDK-Compile-Meson#323792

Test environment and result as below:

+------------------------------------+--------------------+
|            Environment             | dpdk_meson_compile |
+====================================+====================+
| RHEL9 (ARM)                        | PASS               |
+------------------------------------+--------------------+
| Ubuntu 20.04 ARM GCC Cross Compile | PASS               |
+------------------------------------+--------------------+
| Ubuntu 20.04 ARM SVE               | PASS               |
+------------------------------------+--------------------+
| Debian 12 with MUSDK               | PASS               |
+------------------------------------+--------------------+
| Fedora 37 (ARM)                    | PASS               |
+------------------------------------+--------------------+
| Fedora 38 (ARM)                    | PASS               |
+------------------------------------+--------------------+
| Fedora 38 (ARM Clang)              | PASS               |
+------------------------------------+--------------------+
| Fedora 39 (ARM)                    | PASS               |
+------------------------------------+--------------------+
| Fedora 39 (ARM Clang)              | PEND               |
+------------------------------------+--------------------+
| Fedora 40 (ARM)                    | FAIL               |
+------------------------------------+--------------------+
| Fedora 40 (ARM Clang)              | PEND               |
+------------------------------------+--------------------+

==== 20 line log output for Fedora 40 (ARM) (dpdk_meson_compile): ====
[1892/3318] Compiling C object drivers/librte_net_ixgbe.so.25.0.p/meson-generated_.._rte_net_ixgbe.pmd.c.o
[1893/3318] Linking target drivers/librte_net_ixgbe.so.25.0
[1894/3318] Generating symbol file drivers/librte_net_ixgbe.so.25.0.p/librte_net_ixgbe.so.25.0.symbols
[1895/3318] Compiling C object drivers/libtmp_rte_net_mana.a.p/net_mana_gdma.c.o
[1896/3318] Compiling C object drivers/libtmp_rte_net_mana.a.p/net_mana_mana.c.o
[1897/3318] Compiling C object drivers/libtmp_rte_net_mana.a.p/net_mana_mp.c.o
[1898/3318] Compiling C object drivers/libtmp_rte_net_mana.a.p/net_mana_mr.c.o
[1899/3318] Compiling C object drivers/libtmp_rte_net_mana.a.p/net_mana_rx.c.o
[1900/3318] Compiling C object drivers/libtmp_rte_net_mana.a.p/net_mana_tx.c.o
FAILED: drivers/libtmp_rte_net_mana.a.p/net_mana_tx.c.o
ccache cc -Idrivers/libtmp_rte_net_mana.a.p -Idrivers -I../drivers -Idrivers/net/mana -I../drivers/net/mana -Ilib/ethdev -I../lib/ethdev -I. -I.. -Iconfig -I../config -Ilib/eal/include -I../lib/eal/include -Ilib/eal/linux/include -I../lib/eal/linux/include -Ilib/eal/arm/include -I../lib/eal/arm/include -Ilib/eal/common -I../lib/eal/common -Ilib/eal -I../lib/eal -Ilib/kvargs -I../lib/kvargs -Ilib/log -I../lib/log -Ilib/metrics -I../lib/metrics -Ilib/telemetry -I../lib/telemetry -Ilib/net -I../lib/net -Ilib/mbuf -I../lib/mbuf -Ilib/mempool -I../lib/mempool -Ilib/ring -I../lib/ring -Ilib/meter -I../lib/meter -Idrivers/bus/pci -I../drivers/bus/pci -I../drivers/bus/pci/linux -Ilib/pci -I../lib/pci -Idrivers/bus/vdev -I../drivers/bus/vdev -fdiagnostics-color=always -pipe -D_FILE_OFFSET_BITS=64 -Wall -Winvalid-pch -Wextra -Werror -std=c11 -O3 -include rte_config.h -Wcast-qual -Wdeprecated -Wformat -Wformat-nonliteral -Wformat-security -Wmissing-declarations -Wmissing-prototypes -Wnested-ext
 erns -Wold-style-definition -Wpointer-arith -Wsign-compare -Wstrict-prototypes -Wundef -Wwrite-strings -Wno-address-of-packed-member -Wno-packed-not-aligned -Wno-missing-field-initializers -D_GNU_SOURCE -fPIC -mcpu=thunderx2t99+crc+crypto -DALLOW_EXPERIMENTAL_API -DALLOW_INTERNAL_API -Wno-format-truncation -DRTE_LOG_DEFAULT_LOGTYPE=pmd.net.mana -MD -MQ drivers/libtmp_rte_net_mana.a.p/net_mana_tx.c.o -MF drivers/libtmp_rte_net_mana.a.p/net_mana_tx.c.o.d -o drivers/libtmp_rte_net_mana.a.p/net_mana_tx.c.o -c ../drivers/net/mana/tx.c
../drivers/net/mana/tx.c: In function 'mana_start_tx_queues':
../drivers/net/mana/tx.c:157:46: error: writing 1 byte into a region of size 0 [-Werror=stringop-overflow=]
157 |                 dev->data->tx_queue_state[i] = RTE_ETH_QUEUE_STATE_STARTED;
In file included from ../drivers/net/mana/tx.c:5:
../lib/ethdev/ethdev_driver.h:170:17: note: at offset 1 into destination object 'tx_queue_state' of size 1
170 |         uint8_t tx_queue_state[RTE_MAX_QUEUES_PER_PORT];
|                 ^~~~~~~~~~~~~~
cc1: all warnings being treated as errors
ninja: build stopped: subcommand failed.
==== End log output ====

RHEL9 (ARM)
	Kernel: Depends on container host
	Compiler: gcc 11.4.1 20231218 (Red Hat 11.4.1-3)

Ubuntu 20.04 ARM GCC Cross Compile
	Kernel: Depends on container host
	Compiler: aarch64-linux-gnu-gcc (Ubuntu 9.4.0-1ubuntu1~20.04.2) 9.4.0

Ubuntu 20.04 ARM SVE
	Kernel: Depends on container host
	Compiler: gcc (Ubuntu 10.5.0-1ubuntu1~20.04) 10.5.0

Debian 12 with MUSDK
	Kernel: Depends on container host
	Compiler: gcc (Debian 12.2.0-14) 12.2.0

Fedora 37 (ARM)
	Kernel: Depends on container host
	Compiler: gcc 12.3.1 20230508 (Red Hat 12.3.1-1)

Fedora 38 (ARM)
	Kernel: Depends on container host
	Compiler: gcc 13.2.1 20240316 (Red Hat 13.2.1-7)

Fedora 38 (ARM Clang)
	Kernel: Depends on container host
	Compiler: clang 16.0.6 (Fedora 16.0.6-4.fc38)

Fedora 39 (ARM)
	Kernel: Depends on container host
	Compiler: gcc 13.3.1 20240522 (Red Hat 13.3.1-1)

Fedora 39 (ARM Clang)
	Kernel: Depends on container host
	Compiler: clang 17.0.6 (Fedora 17.0.6-2.fc39)

Fedora 40 (ARM)
	Kernel: Depends on container host
	Compiler: gcc 14.2.1 20240801 (Red Hat 14.2.1-1)

Fedora 40 (ARM Clang)
	Kernel: Depends on container host
	Compiler: clang 18.1.6 (Fedora 18.1.6-3.fc40)

To view detailed results, visit:
https://lab.dpdk.org/results/dashboard/patchsets/31652/

UNH-IOL DPDK Community Lab

To manage your email subscriptions, visit: 
https://lab.dpdk.org/results/dashboard/preferences/subscriptions/