From mboxrd@z Thu Jan  1 00:00:00 1970
Return-Path: <test-report-bounces@dpdk.org>
Received: from mails.dpdk.org (mails.dpdk.org [217.70.189.124])
	by inbox.dpdk.org (Postfix) with ESMTP id 4041545BED
	for <public@inbox.dpdk.org>; Sun, 27 Oct 2024 07:02:00 +0100 (CET)
Received: from mails.dpdk.org (localhost [127.0.0.1])
	by mails.dpdk.org (Postfix) with ESMTP id 14E5340289;
	Sun, 27 Oct 2024 07:02:00 +0100 (CET)
Received: from mail-pj1-f98.google.com (mail-pj1-f98.google.com
 [209.85.216.98]) by mails.dpdk.org (Postfix) with ESMTP id 5209C40279
 for <test-report@dpdk.org>; Sun, 27 Oct 2024 07:01:58 +0100 (CET)
Received: by mail-pj1-f98.google.com with SMTP id
 98e67ed59e1d1-2e2e8c8915eso2524450a91.3
 for <test-report@dpdk.org>; Sat, 26 Oct 2024 23:01:58 -0700 (PDT)
DKIM-Signature: v=1; a=rsa-sha256; c=relaxed/relaxed;
 d=iol.unh.edu; s=unh-iol; t=1730008917; x=1730613717; darn=dpdk.org;
 h=references:in-reply-to:cc:to:from:subject:message-id:date:from:to
 :cc:subject:date:message-id:reply-to;
 bh=3t89IO8luL5cd3skrWIfiY/9RuAvMygODNPulAiYfLU=;
 b=DAHd1agOL/XsWFEIecbsbmW8jAZ8S6sMGj2MhwIqrDQP+lnJk1MbeRBxudc1029UMm
 ENLNrISLrYxl0jJYrN9s49bZqeUXPgiF/NjxcX7cuB8QlbtODXF9iU3IJ+THe38cOI1B
 n53Ih03s0bGncJG3+BV+R6znUUvIfH/ybznzY=
X-Google-DKIM-Signature: v=1; a=rsa-sha256; c=relaxed/relaxed;
 d=1e100.net; s=20230601; t=1730008917; x=1730613717;
 h=references:in-reply-to:cc:to:from:subject:message-id:date
 :x-gm-message-state:from:to:cc:subject:date:message-id:reply-to;
 bh=3t89IO8luL5cd3skrWIfiY/9RuAvMygODNPulAiYfLU=;
 b=OO5VvcJMVG4bfWHOMLK0UzsggiKp5gtdiqPgcBqcbB5zgnqyWPg/nvmfDDKrFDmzL6
 tsnBgJgNP3SZmphAVhfSBfsRmhDh+y6dtqxfdB02Z6i8B16WyC0/gUd5cau7QaI68Tye
 aye0gJeo6UUyFtFtybrRdG+wlwzbWIOV6jLu3NC6ckqI0OSyS6SWUG6V9CBC0QiRdzBf
 kazXSkfQasQ+G2Kb7lU1CsUuOl5s34Zv/ia3cTVGjcReQAxjPH1gaNiO8C7DMpOWNSkV
 LWfRiqIfKMSXMG/w1saqe8b9KbDo0aC/ECwz7FvYPtOTbkJpmCcBGJkzrDhnnrk7Qtgu
 S1TQ==
X-Gm-Message-State: AOJu0YwNo1d4iKSrgAxgamzSKXT+7H0sLcrzrUu3Ftggc3bl0GjFVTe4
 3c8gT6HMsGVMOD703b+MTegPN2EdvgYo92b0NrtFJaK+G9+UEZp2CNWMyiS92nupGrd65bK0iCv
 uGWj3iIoJZ+F6JLj+46+jLAztLLilMPz1cLHklg6c
X-Google-Smtp-Source: AGHT+IEcUmI3Ex86BiByxpILQw9ow8xKLwCHKRrDDhwIcWOjhrJ/TCAssZAYZk4n8DlV1vUolTivMrJEQ8CD
X-Received: by 2002:a17:90a:a113:b0:2e2:bd7a:71ec with SMTP id
 98e67ed59e1d1-2e8f104c897mr5257472a91.2.1730008917363; 
 Sat, 26 Oct 2024 23:01:57 -0700 (PDT)
Received: from postal.iol.unh.edu (postal.iol.unh.edu. [132.177.123.84])
 by smtp-relay.gmail.com with ESMTPS id
 98e67ed59e1d1-2e77e4e3f69sm342982a91.6.2024.10.26.23.01.57
 (version=TLS1_2 cipher=ECDHE-ECDSA-AES128-GCM-SHA256 bits=128/128);
 Sat, 26 Oct 2024 23:01:57 -0700 (PDT)
X-Relaying-Domain: iol.unh.edu
Date: Sat, 26 Oct 2024 23:01:57 -0700 (PDT)
Message-ID: <671dd755.170a0220.13430e.77c4SMTPIN_ADDED_MISSING@mx.google.com>
Received: from [172.17.0.2] (unknown [172.18.0.217])
 by postal.iol.unh.edu (Postfix) with ESMTP id 6E2866052471;
 Sun, 27 Oct 2024 02:01:56 -0400 (EDT)
Subject: |FAILURE| pw147097 [PATCH] [v3] ethdev: TEST support single queue pe
From: dpdklab@iol.unh.edu
To: Test Report <test-report@dpdk.org>
Cc: dpdk-test-reports@iol.unh.edu, Morten Brorup <mb@smartsharesystems.com>
In-Reply-To: <20241024112115.791872-1-mb@smartsharesystems.com>
References: <20241024112115.791872-1-mb@smartsharesystems.com>
Content-Type: text/plain
X-BeenThere: test-report@dpdk.org
X-Mailman-Version: 2.1.29
Precedence: list
List-Id: automatic DPDK test reports <test-report.dpdk.org>
List-Unsubscribe: <https://mails.dpdk.org/options/test-report>,
 <mailto:test-report-request@dpdk.org?subject=unsubscribe>
List-Archive: <http://mails.dpdk.org/archives/test-report/>
List-Post: <mailto:test-report@dpdk.org>
List-Help: <mailto:test-report-request@dpdk.org?subject=help>
List-Subscribe: <https://mails.dpdk.org/listinfo/test-report>,
 <mailto:test-report-request@dpdk.org?subject=subscribe>
Errors-To: test-report-bounces@dpdk.org

Test-Label: iol-compile-arm64-testing
Test-Status: FAILURE
http://dpdk.org/patch/147097

_Testing issues_

Submitter: Morten Brorup <mb@smartsharesystems.com>
Date: Thursday, October 24 2024 11:21:15 
DPDK git baseline: Repo:dpdk
  Branch: master
  CommitID:5bb17458f32befba8a2cccd9553ea65cd8b99581

147097 --> testing issues

Upstream job id: Generic-DPDK-Compile-Meson#323892

Test environment and result as below:

+----------------------------------------+--------------------+
|              Environment               | dpdk_meson_compile |
+========================================+====================+
| RHEL9 (ARM)                            | FAIL               |
+----------------------------------------+--------------------+
| Ubuntu 20.04 ARM GCC Cross Compile     | PASS               |
+----------------------------------------+--------------------+
| Ubuntu 20.04 ARM SVE                   | FAIL               |
+----------------------------------------+--------------------+
| Debian 12 with MUSDK                   | PASS               |
+----------------------------------------+--------------------+
| Fedora 37 (ARM)                        | FAIL               |
+----------------------------------------+--------------------+
| Fedora 38 (ARM)                        | FAIL               |
+----------------------------------------+--------------------+
| Fedora 38 (ARM Clang)                  | PASS               |
+----------------------------------------+--------------------+
| Fedora 39 (ARM)                        | FAIL               |
+----------------------------------------+--------------------+
| Fedora 39 (ARM Clang)                  | PASS               |
+----------------------------------------+--------------------+
| Fedora 40 (ARM)                        | FAIL               |
+----------------------------------------+--------------------+
| Fedora 40 (ARM Clang)                  | PASS               |
+----------------------------------------+--------------------+
| Ubuntu 20.04 (ARM)                     | PASS               |
+----------------------------------------+--------------------+
| Ubuntu 22.04 (ARM)                     | FAIL               |
+----------------------------------------+--------------------+
| Ubuntu 24.04 (ARM)                     | FAIL               |
+----------------------------------------+--------------------+
| CentOS Stream 9 (ARM)                  | FAIL               |
+----------------------------------------+--------------------+
| Debian 11 (Buster) (ARM)               | FAIL               |
+----------------------------------------+--------------------+
| Debian 12 (arm)                        | FAIL               |
+----------------------------------------+--------------------+
| Ubuntu 20.04 ARM Clang Cross Compile   | PASS               |
+----------------------------------------+--------------------+
| Ubuntu 20.04 aarch32 GCC Cross Compile | PASS               |
+----------------------------------------+--------------------+

==== 20 line log output for Debian 12 (arm) (dpdk_meson_compile): ====
168 |         uint8_t rx_queue_state[RTE_MAX_QUEUES_PER_PORT];
|                 ^~~~~~~~~~~~~~
In function 'bnxt_start_nic',
inlined from 'bnxt_dev_start_op' at ../drivers/net/bnxt/bnxt_ethdev.c:1809:7:
../drivers/net/bnxt/bnxt_ethdev.c:933:62: error: writing 1 byte into a region of size 0 [-Werror=stringop-overflow=]
933 |                         bp->eth_dev->data->tx_queue_state[j] =
../lib/ethdev/ethdev_driver.h: In function 'bnxt_dev_start_op':
../lib/ethdev/ethdev_driver.h:170:17: note: at offset 1 into destination object 'tx_queue_state' of size 1
170 |         uint8_t tx_queue_state[RTE_MAX_QUEUES_PER_PORT];
|                 ^~~~~~~~~~~~~~
In function 'bnxt_start_nic',
inlined from 'bnxt_dev_start_op' at ../drivers/net/bnxt/bnxt_ethdev.c:1809:7:
../drivers/net/bnxt/bnxt_ethdev.c:933:62: error: writing 1 byte into a region of size 0 [-Werror=stringop-overflow=]
933 |                         bp->eth_dev->data->tx_queue_state[j] =
../lib/ethdev/ethdev_driver.h: In function 'bnxt_dev_start_op':
../lib/ethdev/ethdev_driver.h:170:17: note: at offset [2, 4294967294] into destination object 'tx_queue_state' of size 1
170 |         uint8_t tx_queue_state[RTE_MAX_QUEUES_PER_PORT];
|                 ^~~~~~~~~~~~~~
cc1: all warnings being treated as errors
ninja: build stopped: subcommand failed.
==== End log output ====

RHEL9 (ARM)
	Kernel: Depends on container host
	Compiler: gcc 11.4.1 20231218 (Red Hat 11.4.1-3)

Ubuntu 20.04 ARM GCC Cross Compile
	Kernel: Depends on container host
	Compiler: aarch64-linux-gnu-gcc (Ubuntu 9.4.0-1ubuntu1~20.04.2) 9.4.0

Ubuntu 20.04 ARM SVE
	Kernel: Depends on container host
	Compiler: gcc (Ubuntu 10.5.0-1ubuntu1~20.04) 10.5.0

Debian 12 with MUSDK
	Kernel: Depends on container host
	Compiler: gcc (Debian 12.2.0-14) 12.2.0

Fedora 37 (ARM)
	Kernel: Depends on container host
	Compiler: gcc 12.3.1 20230508 (Red Hat 12.3.1-1)

Fedora 38 (ARM)
	Kernel: Depends on container host
	Compiler: gcc 13.2.1 20240316 (Red Hat 13.2.1-7)

Fedora 38 (ARM Clang)
	Kernel: Depends on container host
	Compiler: clang 16.0.6 (Fedora 16.0.6-4.fc38)

Fedora 39 (ARM)
	Kernel: Depends on container host
	Compiler: gcc 13.3.1 20240522 (Red Hat 13.3.1-1)

Fedora 39 (ARM Clang)
	Kernel: Depends on container host
	Compiler: clang 17.0.6 (Fedora 17.0.6-2.fc39)

Fedora 40 (ARM)
	Kernel: Depends on container host
	Compiler: gcc 14.2.1 20240801 (Red Hat 14.2.1-1)

Fedora 40 (ARM Clang)
	Kernel: Depends on container host
	Compiler: clang 18.1.6 (Fedora 18.1.6-3.fc40)

Ubuntu 20.04 (ARM)
	Kernel: Depends on container host
	Compiler: gcc (Ubuntu 9.4.0-1ubuntu1~20.04.2) 9.4.0

Ubuntu 22.04 (ARM)
	Kernel: Depends on container host
	Compiler: gcc (Ubuntu 11.4.0-1ubuntu1~22.04) 11.4.0

Ubuntu 24.04 (ARM)
	Kernel: Depends on container host
	Compiler: gcc (Ubuntu 13.2.0-23ubuntu4) 13.2.0

CentOS Stream 9 (ARM)
	Kernel: Depends on container host
	Compiler: gcc 11.4.1 20231218 (Red Hat 11.4.1-3)

Debian 11 (Buster) (ARM)
	Kernel: Depends on container host
	Compiler: gcc (Debian 10.2.1-6) 10.2.1 20210110

Debian 12 (arm)
	Kernel: Depends on container host
	Compiler: gcc (Debian 12.2.0-14) 12.2.0

Ubuntu 20.04 ARM Clang Cross Compile
	Kernel: Depends on container host
	Compiler: clang 10.0.0-4ubuntu1

Ubuntu 20.04 aarch32 GCC Cross Compile
	Kernel: Depends on container host
	Compiler: gcc 9.4.0

To view detailed results, visit:
https://lab.dpdk.org/results/dashboard/patchsets/31641/

UNH-IOL DPDK Community Lab

To manage your email subscriptions, visit: 
https://lab.dpdk.org/results/dashboard/preferences/subscriptions/