From mboxrd@z Thu Jan  1 00:00:00 1970
Return-Path: <test-report-bounces@dpdk.org>
Received: from mails.dpdk.org (mails.dpdk.org [217.70.189.124])
	by inbox.dpdk.org (Postfix) with ESMTP id 89C2D45C00
	for <public@inbox.dpdk.org>; Mon, 28 Oct 2024 21:10:50 +0100 (CET)
Received: from mails.dpdk.org (localhost [127.0.0.1])
	by mails.dpdk.org (Postfix) with ESMTP id 869CF427A1;
	Mon, 28 Oct 2024 21:10:50 +0100 (CET)
Received: from mail-io1-f98.google.com (mail-io1-f98.google.com
 [209.85.166.98]) by mails.dpdk.org (Postfix) with ESMTP id 7A14842788
 for <test-report@dpdk.org>; Mon, 28 Oct 2024 21:10:48 +0100 (CET)
Received: by mail-io1-f98.google.com with SMTP id
 ca18e2360f4ac-83aad4a05eeso180181739f.1
 for <test-report@dpdk.org>; Mon, 28 Oct 2024 13:10:48 -0700 (PDT)
DKIM-Signature: v=1; a=rsa-sha256; c=relaxed/relaxed;
 d=iol.unh.edu; s=unh-iol; t=1730146248; x=1730751048; darn=dpdk.org;
 h=references:in-reply-to:cc:to:from:subject:message-id:date:from:to
 :cc:subject:date:message-id:reply-to;
 bh=2Y9QxXkVEzUzIbTrFUSCyfaZIP/O/UnfBm3FJIcOn1s=;
 b=QgIXZaxO2bBRMFDHZ+djG1Bp04ClvB/O8f7Fq0qgW+7uLSqltCPOGYldeFNV0Cel9y
 VViYKleIKn+stjH/V6kYR2iX5To58ZFbRbiEGzc7+uuZ1WX5xWvLkpKr0x2ZiqUCFole
 iihJ+XLhNmC0v7afVBTmcmQA8aIHmtdU391Lc=
X-Google-DKIM-Signature: v=1; a=rsa-sha256; c=relaxed/relaxed;
 d=1e100.net; s=20230601; t=1730146248; x=1730751048;
 h=references:in-reply-to:cc:to:from:subject:message-id:date
 :x-gm-message-state:from:to:cc:subject:date:message-id:reply-to;
 bh=2Y9QxXkVEzUzIbTrFUSCyfaZIP/O/UnfBm3FJIcOn1s=;
 b=eOgxUDQtPnKfbZjybk4wuQ/ktfi6xG87b6WMvwzgr7hu0gN+SkczUyeb4X0olCgZ/7
 S37eqgHSODtwaWsB9MptxUnHmVwHYkjfhS17hK/shynUorc5vpIgHTopZp13YogWBG3a
 UqybmqtimbboEpmOl3Hv1QSD87tIM0wbJvEf/kWCXYCtrwIg9XZpNhKYHgN911hUTTaS
 KygmmCQJxzZdmNcB21u1zppumqTOjRPBlMASBob+Y93qs6m2U99n4DPY9RBSmJ0UcI2/
 hswm3zSigNJSsKIDqlu9e5RwWcoUDkOiunqkNJETkRppforbQr8KemS+GXDhc4A/jE+n
 nxXw==
X-Gm-Message-State: AOJu0YxWHj1e9gjcEBU1eSqAnPHlk5mgqsCxQD3osDIP72WQgUtIUc7L
 q4R3Q5AmMyM5FsDIbxESjqdp0vb/kNfxGjAs2sF53k76HPPXVSySwXrO+LNXSgGdhdm6KG7OGat
 /gbt3qE11GTPMEblaI3c73cu6jOBuTnMMPEPWuNL1yBXOCheLY33SBKga
X-Google-Smtp-Source: AGHT+IGhDySr28DFMe8PsDTAec2jpzIblCOI9cTG/WCD+EJyI6k/fbTYXyuM7aUGVyj0rzrvwhclpP1iMoKi
X-Received: by 2002:a05:6602:154a:b0:83a:a25a:cfaf with SMTP id
 ca18e2360f4ac-83b1c3b0e0bmr774725639f.3.1730146247734; 
 Mon, 28 Oct 2024 13:10:47 -0700 (PDT)
Received: from postal.iol.unh.edu (postal.iol.unh.edu.
 [2606:4100:3880:1234::84]) by smtp-relay.gmail.com with ESMTPS id
 8926c6da1cb9f-4dc727031eesm285953173.55.2024.10.28.13.10.47
 (version=TLS1_2 cipher=ECDHE-ECDSA-AES128-GCM-SHA256 bits=128/128);
 Mon, 28 Oct 2024 13:10:47 -0700 (PDT)
X-Relaying-Domain: iol.unh.edu
Date: Mon, 28 Oct 2024 13:10:47 -0700 (PDT)
Message-ID: <671fefc7.050a0220.22d92e.4403SMTPIN_ADDED_MISSING@mx.google.com>
Received: from [172.17.0.3] (unknown [172.18.0.217])
 by postal.iol.unh.edu (Postfix) with ESMTP id 496AD6052471;
 Mon, 28 Oct 2024 16:10:47 -0400 (EDT)
Subject: |FAILURE| pw147346-147358 [PATCH] [v29,13/13] doc: add release note 
From: dpdklab@iol.unh.edu
To: Test Report <test-report@dpdk.org>
Cc: dpdk-test-reports@iol.unh.edu,
 Stephen Hemminger <stephen@networkplumber.org>
In-Reply-To: <20241025214625.62876-14-stephen@networkplumber.org>
References: <20241025214625.62876-14-stephen@networkplumber.org>
Content-Type: text/plain
X-BeenThere: test-report@dpdk.org
X-Mailman-Version: 2.1.29
Precedence: list
List-Id: automatic DPDK test reports <test-report.dpdk.org>
List-Unsubscribe: <https://mails.dpdk.org/options/test-report>,
 <mailto:test-report-request@dpdk.org?subject=unsubscribe>
List-Archive: <http://mails.dpdk.org/archives/test-report/>
List-Post: <mailto:test-report@dpdk.org>
List-Help: <mailto:test-report-request@dpdk.org?subject=help>
List-Subscribe: <https://mails.dpdk.org/listinfo/test-report>,
 <mailto:test-report-request@dpdk.org?subject=subscribe>
Errors-To: test-report-bounces@dpdk.org

Test-Label: iol-unit-amd64-testing
Test-Status: FAILURE
http://dpdk.org/patch/147358

_Testing issues_

Submitter: Stephen Hemminger <stephen@networkplumber.org>
Date: Friday, October 25 2024 21:45:18 
DPDK git baseline: Repo:dpdk
  Branch: master
  CommitID:2721319d1b5f9197846111e781f449ef91583f58

147346-147358 --> testing issues

Upstream job id: Generic-Unit-Test-DPDK#284371

Test environment and result as below:

+---------------------+----------------+
|     Environment     | dpdk_unit_test |
+=====================+================+
| Windows Server 2022 | FAIL           |
+---------------------+----------------+
| Ubuntu 22.04        | PASS           |
+---------------------+----------------+
| Ubuntu 24.04        | PASS           |
+---------------------+----------------+
| RHEL8               | PASS           |
+---------------------+----------------+
| RHEL9               | PASS           |
+---------------------+----------------+
| Ubuntu 20.04        | PASS           |
+---------------------+----------------+
| Fedora 40 (Clang)   | PASS           |
+---------------------+----------------+
| Fedora 39 (Clang)   | PASS           |
+---------------------+----------------+
| Fedora 40           | PASS           |
+---------------------+----------------+
| Fedora 38 (Clang)   | PASS           |
+---------------------+----------------+
| Fedora 39           | PASS           |
+---------------------+----------------+
| Fedora 37           | PASS           |
+---------------------+----------------+
| Debian Bullseye     | PASS           |
+---------------------+----------------+
| Fedora 38           | PASS           |
+---------------------+----------------+
| Debian 12           | PASS           |
+---------------------+----------------+
| CentOS Stream 9     | PASS           |
+---------------------+----------------+

==== Unit test summary for Windows Server 2022 (dpdk_unit_test): ====
Failed to get the unit test results.
Displaying the unit test results is not supported for some environments,
such as our aarch32 testing, where meson is not used to run the tests.
Download the logs available on our CI site.
==== End log output ====

Windows Server 2022
	Kernel: 10.0.20348.2031
	Compiler: clang 15.0.7, gcc 14.1.0 (MinGW), and MSVC VS 19.39.33521

Ubuntu 22.04
	Kernel: Depends on container host
	Compiler: gcc (Ubuntu 11.4.0-1ubuntu1~22.04) 11.4.0

Ubuntu 24.04
	Kernel: Depends on container host
	Compiler: gcc (Ubuntu 13.2.0-23ubuntu4) 13.2.0

RHEL8
	Kernel: Depends on container host
	Compiler: gcc 8.5.0 20210514 (Red Hat 8.5.0-22)

RHEL9
	Kernel: Depends on container host
	Compiler: gcc 11.4.1 20231218 (Red Hat 11.4.1-3)

Ubuntu 20.04
	Kernel: Depends on container host
	Compiler: gcc (Ubuntu 9.4.0-1ubuntu1~20.04.2) 9.4.0

Fedora 40 (Clang)
	Kernel: Depends on container host
	Compiler: clang 18.1.6 (Fedora 18.1.6-3.fc40)

Fedora 39 (Clang)
	Kernel: Depends on container host
	Compiler: clang 17.0.6 (Fedora 17.0.6-2.fc39)

Fedora 40
	Kernel: Depends on container host
	Compiler: gcc 14.2.1 20240801 (Red Hat 14.2.1-1)

Fedora 38 (Clang)
	Kernel: Depends on container host
	Compiler: clang 16.0.6 (Fedora 16.0.6-4.fc38)

Fedora 39
	Kernel: Depends on container host
	Compiler: gcc 13.3.1 20240522 (Red Hat 13.3.1-1)

Fedora 37
	Kernel: Depends on container host system
	Compiler: gcc 12.3.1 20230508 (Red Hat 12.3.1-1)

Debian Bullseye
	Kernel: Depends on container host
	Compiler: gcc (Debian 10.2.1-6) 10.2.1 20210110

Fedora 38
	Kernel: Depends on container host
	Compiler: gcc 13.2.1 20240316 (Red Hat 13.2.1-7)

Debian 12
	Kernel: Depends on container host
	Compiler: gcc (Debian 12.2.0-14) 12.2.0

CentOS Stream 9
	Kernel: Depends on container host
	Compiler: gcc 11.4.1 20231218 (Red Hat 11.4.1-3)

To view detailed results, visit:
https://lab.dpdk.org/results/dashboard/patchsets/31693/

UNH-IOL DPDK Community Lab

To manage your email subscriptions, visit: 
https://lab.dpdk.org/results/dashboard/preferences/subscriptions/