From mboxrd@z Thu Jan 1 00:00:00 1970 Return-Path: Received: from mails.dpdk.org (mails.dpdk.org [217.70.189.124]) by inbox.dpdk.org (Postfix) with ESMTP id E49C345C04 for ; Tue, 29 Oct 2024 01:09:24 +0100 (CET) Received: from mails.dpdk.org (localhost [127.0.0.1]) by mails.dpdk.org (Postfix) with ESMTP id E09454014F; Tue, 29 Oct 2024 01:09:24 +0100 (CET) Received: from mail-io1-f97.google.com (mail-io1-f97.google.com [209.85.166.97]) by mails.dpdk.org (Postfix) with ESMTP id 007CA40144 for ; Tue, 29 Oct 2024 01:09:19 +0100 (CET) Received: by mail-io1-f97.google.com with SMTP id ca18e2360f4ac-83aacecc8efso183143339f.0 for ; Mon, 28 Oct 2024 17:09:19 -0700 (PDT) DKIM-Signature: v=1; a=rsa-sha256; c=relaxed/relaxed; d=iol.unh.edu; s=unh-iol; t=1730160559; x=1730765359; darn=dpdk.org; h=references:in-reply-to:cc:to:from:subject:message-id:date:from:to :cc:subject:date:message-id:reply-to; bh=8jz4UvIb/CXAy1c3piMZ/ZuAi35mREwKeR8hzKsh7vc=; b=dhNQPJSL7TLGKbfrmwxAo3gL70oRvRQiEAl8xM3sEK79yIL4oubcnDs35LKHE+0rut tDsY2jWtJredAsKbHAQNsEKjglWIoV0mGmm5pRcAksCEA6M4bQfKYvghqpSlJbbstmw3 rOt1/+Kd2q68JFT2j6dV8c8vMwRNN5G0FFYmc= X-Google-DKIM-Signature: v=1; a=rsa-sha256; c=relaxed/relaxed; d=1e100.net; s=20230601; t=1730160559; x=1730765359; h=references:in-reply-to:cc:to:from:subject:message-id:date :x-gm-message-state:from:to:cc:subject:date:message-id:reply-to; bh=8jz4UvIb/CXAy1c3piMZ/ZuAi35mREwKeR8hzKsh7vc=; b=lFHCFaQgimxdnyZytBZ7CfYiDmZBFQYwkLt85UfgT5/ZX4epvgR2qKEyC7zbVs/8pE rgjfOM1TsSkiHY3WACt+Kv5gh3MBp/8MNmaOAErED83IjPUro2kDREwQZcSLKfKviTlF 7+3PDbFjbqUjWq8gtNQ5mfDbk9L/f6CbOb1JEHL+z0q9KY3ujtmkgAcIIrYJfFXVN4gY d3rMfM4P4BwhX+FvOmE1Nr5k5s2Mp5aPLzcIttBKGKm+/7ZvM0hyIXE5B7n84PpCigj+ Eq4zi+UjP9gq0EXMbYu2Vbp5PkT8po145VNZ2sXFUTLkOYYro7c2+sdunVWE67fF5MTl pTzQ== X-Gm-Message-State: AOJu0YzWVEfb24bwJraBz0yUWPK2qeU0E6J86Rpwtc+p78jdGBnXGRlG L2XUumLX1wPP00hT/ADxIRoz6g2Ir2QlaHMcwDqvsv1lrqOCB9PmOzsK8HAqU6MjXCMopTBjUu6 0MsOqYFgd7YHRqNManghQn/jsyjPxKWKjSIgPbsi4 X-Google-Smtp-Source: AGHT+IGJFTZ4dyIqaxD9XfGwn3DiA2dvS+/nS4ZSv1exT8RIji0ENmsukcB/yPUtrE1mD0Yi4dCM32MA0KSn X-Received: by 2002:a05:6e02:174b:b0:3a2:6d54:33df with SMTP id e9e14a558f8ab-3a50c3729d4mr1971685ab.4.1730160559213; Mon, 28 Oct 2024 17:09:19 -0700 (PDT) Received: from postal.iol.unh.edu (postal.iol.unh.edu. [132.177.123.84]) by smtp-relay.gmail.com with ESMTPS id 8926c6da1cb9f-4dc72703265sm284503173.64.2024.10.28.17.09.19 (version=TLS1_2 cipher=ECDHE-ECDSA-AES128-GCM-SHA256 bits=128/128); Mon, 28 Oct 2024 17:09:19 -0700 (PDT) X-Relaying-Domain: iol.unh.edu Date: Mon, 28 Oct 2024 17:09:19 -0700 (PDT) Message-ID: <672027af.050a0220.1ac953.3012SMTPIN_ADDED_MISSING@mx.google.com> Received: from [172.21.0.5] (unknown [172.18.0.240]) by postal.iol.unh.edu (Postfix) with ESMTP id 9AC8F6052471; Mon, 28 Oct 2024 20:09:18 -0400 (EDT) Subject: |WARNING| pw145708 [PATCH] doc: correct definition of Stats per queu From: dpdklab@iol.unh.edu To: Test Report Cc: dpdk-test-reports@iol.unh.edu In-Reply-To: <20241011013827.5945-1-stephen@networkplumber.org> References: <20241011013827.5945-1-stephen@networkplumber.org> Content-Type: text/plain X-BeenThere: test-report@dpdk.org X-Mailman-Version: 2.1.29 Precedence: list List-Id: automatic DPDK test reports List-Unsubscribe: , List-Archive: List-Post: List-Help: List-Subscribe: , Errors-To: test-report-bounces@dpdk.org Test-Label: iol-compile-amd64-testing Test-Status: WARNING http://dpdk.org/patch/145708 _Testing issues_ Submitter: Stephen Hemminger Date: Friday, October 11 2024 01:38:27 DPDK git baseline: Repo:dpdk Branch: master CommitID:d8381a8f54cdc789c4260efefb5a17b9612f417e 145708 --> testing issues Upstream job id: Windows-Compile-DPDK-VS#3599 Test environment and result as below: +---------------------+--------------------+------------------+-------------------+----------------------+-----------------------+-------------------+ | Environment | dpdk_meson_compile | dpdk_compile_ovs | dpdk_compile_spdk | dpdk_mingw64_compile | dpdk_win_llvm_compile | dpdk_msvc_compile | +=====================+====================+==================+===================+======================+=======================+===================+ | CentOS Stream 9 | PASS | PASS | PASS | SKIPPED | SKIPPED | SKIPPED | +---------------------+--------------------+------------------+-------------------+----------------------+-----------------------+-------------------+ | Fedora 40 (Clang) | PASS | PASS | PASS | SKIPPED | SKIPPED | SKIPPED | +---------------------+--------------------+------------------+-------------------+----------------------+-----------------------+-------------------+ | Ubuntu 22.04 | PASS | PASS | PASS | SKIPPED | SKIPPED | SKIPPED | +---------------------+--------------------+------------------+-------------------+----------------------+-----------------------+-------------------+ | Alpine | PASS | PASS | SKIPPED | SKIPPED | SKIPPED | SKIPPED | +---------------------+--------------------+------------------+-------------------+----------------------+-----------------------+-------------------+ | Fedora 39 | PASS | PASS | PASS | SKIPPED | SKIPPED | SKIPPED | +---------------------+--------------------+------------------+-------------------+----------------------+-----------------------+-------------------+ | Fedora 40 | PASS | PASS | PASS | SKIPPED | SKIPPED | SKIPPED | +---------------------+--------------------+------------------+-------------------+----------------------+-----------------------+-------------------+ | Ubuntu 24.04 | PASS | PASS | PASS | SKIPPED | SKIPPED | SKIPPED | +---------------------+--------------------+------------------+-------------------+----------------------+-----------------------+-------------------+ | RHEL9 | PASS | PASS | SKIPPED | SKIPPED | SKIPPED | SKIPPED | +---------------------+--------------------+------------------+-------------------+----------------------+-----------------------+-------------------+ | RHEL8 | PASS | PASS | SKIPPED | SKIPPED | SKIPPED | SKIPPED | +---------------------+--------------------+------------------+-------------------+----------------------+-----------------------+-------------------+ | openSUSE Leap 15 | PASS | PASS | SKIPPED | SKIPPED | SKIPPED | SKIPPED | +---------------------+--------------------+------------------+-------------------+----------------------+-----------------------+-------------------+ | Fedora 39 (Clang) | PASS | PASS | PASS | SKIPPED | SKIPPED | SKIPPED | +---------------------+--------------------+------------------+-------------------+----------------------+-----------------------+-------------------+ | Fedora 38 | PASS | PASS | PASS | SKIPPED | SKIPPED | SKIPPED | +---------------------+--------------------+------------------+-------------------+----------------------+-----------------------+-------------------+ | Fedora 38 (Clang) | PASS | PASS | PASS | SKIPPED | SKIPPED | SKIPPED | +---------------------+--------------------+------------------+-------------------+----------------------+-----------------------+-------------------+ | Fedora 37 | PASS | PASS | PASS | SKIPPED | SKIPPED | SKIPPED | +---------------------+--------------------+------------------+-------------------+----------------------+-----------------------+-------------------+ | Debian 12 | PASS | PASS | PASS | SKIPPED | SKIPPED | SKIPPED | +---------------------+--------------------+------------------+-------------------+----------------------+-----------------------+-------------------+ | Debian Bullseye | PASS | PASS | PASS | SKIPPED | SKIPPED | SKIPPED | +---------------------+--------------------+------------------+-------------------+----------------------+-----------------------+-------------------+ | Ubuntu 20.04 | PASS | PASS | SKIPPED | SKIPPED | SKIPPED | SKIPPED | +---------------------+--------------------+------------------+-------------------+----------------------+-----------------------+-------------------+ | FreeBSD 13.4 | PASS | SKIPPED | SKIPPED | SKIPPED | SKIPPED | SKIPPED | +---------------------+--------------------+------------------+-------------------+----------------------+-----------------------+-------------------+ | FreeBSD 14.1 | PASS | SKIPPED | SKIPPED | SKIPPED | SKIPPED | SKIPPED | +---------------------+--------------------+------------------+-------------------+----------------------+-----------------------+-------------------+ | Windows Server 2022 | SKIPPED | SKIPPED | SKIPPED | PASS | PASS | FAIL | +---------------------+--------------------+------------------+-------------------+----------------------+-----------------------+-------------------+ ==== 20 line log output for Windows Server 2022 (dpdk_msvc_compile): ==== [26/95] Compiling C object lib/librte_eal.a.p/eal_common_eal_common_interrupts.c.obj [27/95] Compiling C object lib/librte_eal.a.p/eal_common_eal_common_memory.c.obj [28/95] Compiling C object lib/librte_eal.a.p/eal_common_eal_common_tailqs.c.obj [29/95] Compiling C object lib/librte_eal.a.p/eal_common_rte_reciprocal.c.obj [30/95] Compiling C object lib/librte_eal.a.p/eal_common_rte_bitset.c.obj FAILED: lib/librte_eal.a.p/eal_common_rte_bitset.c.obj "cl" "-Ilib\librte_eal.a.p" "-Ilib" "-I..\lib" "-I." "-I.." "-Iconfig" "-I..\config" "-Ilib\eal\include" "-I..\lib\eal\include" "-Ilib\eal\windows\include" "-I..\lib\eal\windows\include" "-Ilib\eal\x86\include" "-I..\lib\eal\x86\include" "-Ilib\eal\common" "-I..\lib\eal\common" "-Ilib\eal" "-I..\lib\eal" "-Ilib\log" "-I..\lib\log" "-Ilib\kvargs" "-I..\lib\kvargs" "-IC:\Program Files\Mellanox\MLNX_WinOF2_DevX_SDK\inc" "/MD" "/nologo" "/showIncludes" "/W3" "/WX" "/std:c11" "/O2" "/Gw" "/wd4244" " /wd4267" "/wd4146" "/experimental:c11atomics" "/d1experimental:typeof" "/experimental:statementExpressions" "/FI" "rte_config.h" "-D_GNU_SOURCE" "-D_WIN32_WINNT=0x0A00" "-DALLOW_EXPERIMENTAL_API" "-DALLOW_INTERNAL_API" "-DABI_VERSION=\"25.0\"" "-DRTE_LOG_DEFAULT_LOGTYPE=lib.eal" "/Fdlib\librte_eal.a.p\eal_common_rte_bitset.c.pdb" /Folib/librte_eal.a.p/eal_common_rte_bitset.c.obj "/c" ../lib/eal/common/rte_bitset.c ..\lib\eal\include\rte_bitset.h(612): error C2220: the following warning is treated as an error ..\lib\eal\include\rte_bitset.h(612): warning C4013: '__builtin_ffsll' undefined; assuming extern returning int [31/95] Compiling C object lib/librte_eal.a.p/eal_common_eal_common_memzone.c.obj [32/95] Compiling C object lib/librte_eal.a.p/eal_common_rte_random.c.obj [33/95] Compiling C object lib/librte_log.a.p/log_log.c.obj [34/95] Compiling C object lib/librte_eal.a.p/eal_common_eal_common_timer.c.obj [35/95] Compiling C object lib/librte_eal.a.p/eal_common_malloc_elem.c.obj [36/95] Compiling C object lib/librte_eal.a.p/eal_common_eal_common_thread.c.obj [37/95] Compiling C object lib/librte_eal.a.p/eal_common_eal_common_options.c.obj [38/95] Compiling C object lib/librte_eal.a.p/eal_common_malloc_heap.c.obj [39/95] Compiling C object lib/librte_eal.a.p/eal_common_rte_malloc.c.obj ninja: build stopped: subcommand failed. ==== End log output ==== CentOS Stream 9 Kernel: Depends on container host Compiler: gcc 11.4.1 20231218 (Red Hat 11.4.1-3) Fedora 40 (Clang) Kernel: Depends on container host Compiler: clang 18.1.6 (Fedora 18.1.6-3.fc40) Ubuntu 22.04 Kernel: Depends on container host Compiler: gcc (Ubuntu 11.4.0-1ubuntu1~22.04) 11.4.0 Alpine Kernel: Depends on container host Compiler: gcc (Alpine 13.2.1_git20240309) 13.2.1 20240309 Fedora 39 Kernel: Depends on container host Compiler: gcc 13.3.1 20240522 (Red Hat 13.3.1-1) Fedora 40 Kernel: Depends on container host Compiler: gcc 14.2.1 20240801 (Red Hat 14.2.1-1) Ubuntu 24.04 Kernel: Depends on container host Compiler: gcc (Ubuntu 13.2.0-23ubuntu4) 13.2.0 RHEL9 Kernel: Depends on container host Compiler: gcc 11.4.1 20231218 (Red Hat 11.4.1-3) RHEL8 Kernel: Depends on container host Compiler: gcc 8.5.0 20210514 (Red Hat 8.5.0-22) openSUSE Leap 15 Kernel: Depends on container host Compiler: gcc (SUSE Linux) 7.5.0 Fedora 39 (Clang) Kernel: Depends on container host Compiler: clang 17.0.6 (Fedora 17.0.6-2.fc39) Fedora 38 Kernel: Depends on container host Compiler: gcc 13.2.1 20240316 (Red Hat 13.2.1-7) Fedora 38 (Clang) Kernel: Depends on container host Compiler: clang 16.0.6 (Fedora 16.0.6-4.fc38) Fedora 37 Kernel: Depends on container host system Compiler: gcc 12.3.1 20230508 (Red Hat 12.3.1-1) Debian 12 Kernel: Depends on container host Compiler: gcc (Debian 12.2.0-14) 12.2.0 Debian Bullseye Kernel: Depends on container host Compiler: gcc (Debian 10.2.1-6) 10.2.1 20210110 Ubuntu 20.04 Kernel: Depends on container host Compiler: gcc (Ubuntu 9.4.0-1ubuntu1~20.04.2) 9.4.0 FreeBSD 13.4 Kernel: 13.4-RELEASE-p1 Compiler: clang 18.1.6 FreeBSD 14.1 Kernel: 14.1-RELEASE-p3 Compiler: clang 18.1.5 Windows Server 2022 Kernel: 10.0.20348.2031 Compiler: clang 15.0.7, gcc 14.1.0 (MinGW), and MSVC VS 19.39.33521 To view detailed results, visit: https://lab.dpdk.org/results/dashboard/patchsets/31419/ UNH-IOL DPDK Community Lab To manage your email subscriptions, visit: https://lab.dpdk.org/results/dashboard/preferences/subscriptions/