From mboxrd@z Thu Jan  1 00:00:00 1970
Return-Path: <test-report-bounces@dpdk.org>
Received: from mails.dpdk.org (mails.dpdk.org [217.70.189.124])
	by inbox.dpdk.org (Postfix) with ESMTP id 4D08045C06
	for <public@inbox.dpdk.org>; Tue, 29 Oct 2024 05:56:08 +0100 (CET)
Received: from mails.dpdk.org (localhost [127.0.0.1])
	by mails.dpdk.org (Postfix) with ESMTP id 3E7DE4014F;
	Tue, 29 Oct 2024 05:56:08 +0100 (CET)
Received: from mail-qv1-f98.google.com (mail-qv1-f98.google.com
 [209.85.219.98]) by mails.dpdk.org (Postfix) with ESMTP id 983D840144
 for <test-report@dpdk.org>; Tue, 29 Oct 2024 05:55:55 +0100 (CET)
Received: by mail-qv1-f98.google.com with SMTP id
 6a1803df08f44-6cbceb48613so33605866d6.2
 for <test-report@dpdk.org>; Mon, 28 Oct 2024 21:55:55 -0700 (PDT)
DKIM-Signature: v=1; a=rsa-sha256; c=relaxed/relaxed;
 d=iol.unh.edu; s=unh-iol; t=1730177755; x=1730782555; darn=dpdk.org;
 h=references:in-reply-to:cc:to:from:subject:message-id:date:from:to
 :cc:subject:date:message-id:reply-to;
 bh=ceTwEB71/uHy5vbBE1GGqXXyMMzagVEdEU83+6bz/t4=;
 b=h8i6gA+VYHhQ/hnbbAmxu0yQib5YByRBxWBqf1AXybGWtG+lszowOlbMhZwQMaUz2P
 PespEH+geM1G8bbdowbZ6wDm5PZlkMK4nPBQQq4jifJtwyWIP0Ehp/bGz6BHdkOdlJ4i
 DtYW1Wn/XSpIF7a4jdDRhS4TJByE593olfeXM=
X-Google-DKIM-Signature: v=1; a=rsa-sha256; c=relaxed/relaxed;
 d=1e100.net; s=20230601; t=1730177755; x=1730782555;
 h=references:in-reply-to:cc:to:from:subject:message-id:date
 :x-gm-message-state:from:to:cc:subject:date:message-id:reply-to;
 bh=ceTwEB71/uHy5vbBE1GGqXXyMMzagVEdEU83+6bz/t4=;
 b=oDGPVX8yr0ClOW7TOhw45Vdmy1TrX4pLQPye2fSBaSyUfSw6h/s/925n/0Zt1gs7hn
 4b1eaPhT+H9TpnOV5xNqXC/YSEijypsxSf0ui9ifeaBOZ/3lNIhCiD+/4iSJwYR4rF0e
 DlleoMgI5k8v1yK/suzSDOA9QjsJNP1SsT8PEBVtImdHlZzC6yRYXWaQFub9G0xMqmn8
 ovqbw2qGsQtQik1eaKSh9i3qN1uHdwbVQh2RC02lwg6rOZD9t5eQxzJAhT5RxyXyP7FP
 6jTLmwLBPaKcSS7JN08axWTxSZHLLzP8hHjd6fdiq8brmCetM5WDyz4H2+boour55ws/
 RP/g==
X-Gm-Message-State: AOJu0Yw5MH6vjcpFn1wqfMGqNh/gr2arLUzlYtemq2QS1L1MTXl3iVYA
 gRtj7zLelF1EpVYas3JfUqDVD9CSV8OCeTtPCkrQPjDPQh7GXqRQ4dbKWUYUeDN0q6lNKmZEKTq
 goWDkS36sLLEZifB/VnapBdfLuAvn5nXxPaZON+0H
X-Google-Smtp-Source: AGHT+IH6k0g/T4Uj79mki0sW811Nk97SXAit2IwWn6A6jhfWYkhBI7I3G+ByLwwJbboyIXbXcAxk+gXir2RS
X-Received: by 2002:a05:6214:5705:b0:6cb:c994:160b with SMTP id
 6a1803df08f44-6d18580d0edmr185657066d6.18.1730177754443; 
 Mon, 28 Oct 2024 21:55:54 -0700 (PDT)
Received: from postal.iol.unh.edu (postal.iol.unh.edu. [132.177.123.84])
 by smtp-relay.gmail.com with ESMTPS id
 6a1803df08f44-6d179944920sm2130026d6.27.2024.10.28.21.55.54
 (version=TLS1_2 cipher=ECDHE-ECDSA-AES128-GCM-SHA256 bits=128/128);
 Mon, 28 Oct 2024 21:55:54 -0700 (PDT)
X-Relaying-Domain: iol.unh.edu
Date: Mon, 28 Oct 2024 21:55:54 -0700 (PDT)
Message-ID: <67206ada.d40a0220.6e44a.e3b3SMTPIN_ADDED_MISSING@mx.google.com>
Received: from [172.17.0.2] (unknown [172.18.0.217])
 by postal.iol.unh.edu (Postfix) with ESMTP id 220306052472;
 Tue, 29 Oct 2024 00:55:54 -0400 (EDT)
Subject: |FAILURE| pw147229 [PATCH] [v2] net/vmxnet3: support per-queue stats
From: dpdklab@iol.unh.edu
To: Test Report <test-report@dpdk.org>
Cc: dpdk-test-reports@iol.unh.edu, Morten Brorup <mb@smartsharesystems.com>
In-Reply-To: <20241025092734.1222248-1-mb@smartsharesystems.com>
References: <20241025092734.1222248-1-mb@smartsharesystems.com>
Content-Type: text/plain
X-BeenThere: test-report@dpdk.org
X-Mailman-Version: 2.1.29
Precedence: list
List-Id: automatic DPDK test reports <test-report.dpdk.org>
List-Unsubscribe: <https://mails.dpdk.org/options/test-report>,
 <mailto:test-report-request@dpdk.org?subject=unsubscribe>
List-Archive: <http://mails.dpdk.org/archives/test-report/>
List-Post: <mailto:test-report@dpdk.org>
List-Help: <mailto:test-report-request@dpdk.org?subject=help>
List-Subscribe: <https://mails.dpdk.org/listinfo/test-report>,
 <mailto:test-report-request@dpdk.org?subject=subscribe>
Errors-To: test-report-bounces@dpdk.org

Test-Label: iol-unit-amd64-testing
Test-Status: FAILURE
http://dpdk.org/patch/147229

_Testing issues_

Submitter: Morten Brorup <mb@smartsharesystems.com>
Date: Friday, October 25 2024 09:27:34 
DPDK git baseline: Repo:dpdk
  Branch: master
  CommitID:5bb17458f32befba8a2cccd9553ea65cd8b99581

147229 --> testing issues

Upstream job id: Generic-Unit-Test-DPDK#284666

Test environment and result as below:

+-------------------+----------------+
|    Environment    | dpdk_unit_test |
+===================+================+
| Ubuntu 24.04      | PASS           |
+-------------------+----------------+
| Ubuntu 22.04      | PASS           |
+-------------------+----------------+
| RHEL8             | PASS           |
+-------------------+----------------+
| RHEL9             | PASS           |
+-------------------+----------------+
| Ubuntu 20.04      | PASS           |
+-------------------+----------------+
| Fedora 40         | FAIL           |
+-------------------+----------------+
| Fedora 40 (Clang) | PASS           |
+-------------------+----------------+
| Fedora 39 (Clang) | PASS           |
+-------------------+----------------+
| Fedora 39         | PASS           |
+-------------------+----------------+
| Fedora 38 (Clang) | PASS           |
+-------------------+----------------+
| Fedora 38         | PASS           |
+-------------------+----------------+
| Debian 12         | PASS           |
+-------------------+----------------+
| Fedora 37         | PASS           |
+-------------------+----------------+
| Debian Bullseye   | PASS           |
+-------------------+----------------+
| CentOS Stream 9   | PASS           |
+-------------------+----------------+

==== Unit test summary for Fedora 40 (dpdk_unit_test): ====
ninja: Entering directory `/home-local/jenkins-local/jenkins-agent/workspace/Generic-Unit-Test-DPDK/dpdk/build'
ninja: no work to do.
  1/116 DPDK:fast-tests / acl_autotest                   OK               2.78s
  2/116 DPDK:fast-tests / alarm_autotest                 OK               1.18s
  3/116 DPDK:fast-tests / argparse_autotest              OK               0.18s
  4/116 DPDK:fast-tests / atomic_autotest                OK               0.35s
  5/116 DPDK:fast-tests / bitcount_autotest              OK               0.18s
  6/116 DPDK:fast-tests / bitmap_autotest                OK               0.18s
  7/116 DPDK:fast-tests / bitops_autotest                OK               1.68s
  8/116 DPDK:fast-tests / bitratestats_autotest          OK               0.18s
  9/116 DPDK:fast-tests / bitset_autotest                OK               1.53s
 10/116 DPDK:fast-tests / bpf_autotest                   OK               0.18s
 11/116 DPDK:fast-tests / bpf_convert_autotest           OK               0.18s
 12/116 DPDK:fast-tests / byteorder_autotest             OK               0.18s
 13/116 DPDK:fast-tests / cksum_autotest                 OK               0.18s
 14/116 DPDK:fast-tests / cmdline_autotest               OK               0.18s
 15/116 DPDK:fast-tests / common_autotest                OK               0.49s
 16/116 DPDK:fast-tests / compressdev_autotest           SKIP             0.14s   exit status 77
 17/116 DPDK:fast-tests / cpuflags_autotest              OK               0.18s
 18/116 DPDK:fast-tests / crc_autotest                   OK               0.18s
 19/116 DPDK:fast-tests / user_delay_us                  OK               0.18s
 20/116 DPDK:fast-tests / debug_autotest                 OK               0.50s
 21/116 DPDK:fast-tests / devargs_autotest               OK               0.18s
 22/116 DPDK:fast-tests / dispatcher_autotest            SKIP             0.14s   exit status 77
 23/116 DPDK:fast-tests / distributor_autotest           OK               0.87s
 24/116 DPDK:fast-tests / eal_flags_c_opt_autotest       OK               0.68s
 25/116 DPDK:fast-tests / eal_flags_main_opt_autotest    OK               0.27s
 26/116 DPDK:fast-tests / eal_flags_n_opt_autotest       OK               0.45s
 27/116 DPDK:fast-tests / eal_flags_hpet_autotest        OK               0.20s
 28/116 DPDK:fast-tests / eal_flags_no_huge_autotest     OK               0.47s
 29/116 DPDK:fast-tests / eal_flags_a_opt_autotest       OK               0.34s
 30/116 DPDK:fast-tests / eal_flags_b_opt_autotest       OK               0.29s
 31/116 DPDK:fast-tests / eal_flags_vdev_opt_autotest    OK               0.55s
 32/116 DPDK:fast-tests / eal_flags_r_opt_autotest       OK               0.24s
 33/116 DPDK:fast-tests / eal_flags_mem_autotest         OK               0.70s
 34/116 DPDK:fast-tests / eal_flags_file_prefix_autotest OK               2.13s
 35/116 DPDK:fast-tests / eal_flags_misc_autotest        FAIL             2.06s   killed by signal 11 SIGSEGV
>>> DPDK_TEST=eal_flags_misc_autotest MALLOC_PERTURB_=239 /home-local/jenkins-local/jenkins-agent/workspace/Generic-Unit-Test-DPDK/dpdk/build/app/dpdk-test

 36/116 DPDK:fast-tests / eal_fs_autotest                OK               0.18s
 37/116 DPDK:fast-tests / errno_autotest                 OK               0.18s
 38/116 DPDK:fast-tests / ethdev_link_status             OK               0.17s
 39/116 DPDK:fast-tests / event_eth_tx_adapter_autotest  OK               0.46s
 40/116 DPDK:fast-tests / event_ring_autotest            OK               0.19s
 41/116 DPDK:fast-tests / eventdev_common_autotest       OK               0.18s
 42/116 DPDK:fast-tests / eventdev_selftest_sw           OK               0.23s
 43/116 DPDK:fast-tests / fbarray_autotest               OK               0.18s
 44/116 DPDK:fast-tests / fib_autotest                   OK               1.09s
 45/116 DPDK:fast-tests / fib6_autotest                  OK               0.81s
 46/116 DPDK:fast-tests / func_reentrancy_autotest       OK               0.52s
 47/116 DPDK:fast-tests / graph_autotest                 OK               0.18s
 48/116 DPDK:fast-tests / node_list_dump                 OK               0.18s
 49/116 DPDK:fast-tests / hash_autotest                  OK               0.32s
 50/116 DPDK:fast-tests / hash_readwrite_func_autotest   SKIP             0.14s   exit status 77
 51/116 DPDK:fast-tests / interrupt_autotest             OK               1.20s
 52/116 DPDK:fast-tests / ipfrag_autotest                OK               0.15s
 53/116 DPDK:fast-tests / ipsec_autotest                 SKIP             0.18s   exit status 77
 54/116 DPDK:fast-tests / kvargs_autotest                OK               0.18s
 55/116 DPDK:fast-tests / latencystats_autotest          OK               0.19s
 56/116 DPDK:fast-tests / lcores_autotest                OK              24.30s
 57/116 DPDK:fast-tests / logs_autotest                  OK               0.20s
 58/116 DPDK:fast-tests / lpm_autotest                   OK               5.00s
 59/116 DPDK:fast-tests / lpm6_autotest                  OK               8.56s
 60/116 DPDK:fast-tests / malloc_autotest                OK               1.20s
 61/116 DPDK:fast-tests / mbuf_autotest                  OK               0.22s
 62/116 DPDK:fast-tests / mcslock_autotest               OK               1.07s
 63/116 DPDK:fast-tests / member_autotest                OK               2.02s
 64/116 DPDK:fast-tests / memcpy_autotest                OK               4.49s
 65/116 DPDK:fast-tests / memory_autotest                OK               0.16s
 66/116 DPDK:fast-tests / mempool_autotest               OK               0.49s
 67/116 DPDK:fast-tests / memzone_autotest               OK               0.16s
 68/116 DPDK:fast-tests / meter_autotest                 OK               0.20s
 69/116 DPDK:fast-tests / metrics_autotest               OK               0.20s
 70/116 DPDK:fast-tests / multiprocess_autotest          OK               0.40s
 71/116 DPDK:fast-tests / net_ether_autotest             OK               0.86s
 72/116 DPDK:fast-tests / net_ipv6_autotest              OK               0.20s
 73/116 DPDK:fast-tests / pcapng_autotest                OK               6.87s
 74/116 DPDK:fast-tests / pdcp_autotest                  SKIP             0.16s   exit status 77
 75/116 DPDK:fast-tests / pdump_autotest                 OK               0.50s
 76/116 DPDK:fast-tests / per_lcore_autotest             OK               0.29s
 77/116 DPDK:fast-tests / pflock_autotest                OK               0.32s
 78/116 DPDK:fast-tests / pie_autotest                   OK               0.22s
 79/116 DPDK:fast-tests / ring_pmd_autotest              OK               0.18s
 80/116 DPDK:fast-tests / power_autotest                 OK               0.18s
 81/116 DPDK:fast-tests / power_cpufreq_autotest         SKIP             0.14s   exit status 77
 82/116 DPDK:fast-tests / power_intel_uncore_autotest    SKIP             0.24s   exit status 77
 83/116 DPDK:fast-tests / power_kvm_vm_autotest          SKIP             0.14s   exit status 77
 84/116 DPDK:fast-tests / prefetch_autotest              OK               0.19s
 85/116 DPDK:fast-tests / ptr_compress_autotest          OK               0.26s
 86/116 DPDK:fast-tests / rawdev_autotest                OK               0.18s
 87/116 DPDK:fast-tests / rcu_qsbr_autotest              OK               0.29s
 88/116 DPDK:fast-tests / reorder_autotest               OK               0.41s
 89/116 DPDK:fast-tests / rib_autotest                   OK               6.63s
 90/116 DPDK:fast-tests / rib6_autotest                  OK               5.56s
 91/116 DPDK:fast-tests / ring_autotest                  OK               0.19s
 92/116 DPDK:fast-tests / rwlock_test1_autotest          OK               0.28s
 93/116 DPDK:fast-tests / rwlock_rda_autotest            OK               5.18s
 94/116 DPDK:fast-tests / rwlock_rds_wrm_autotest        OK               5.18s
 95/116 DPDK:fast-tests / rwlock_rde_wro_autotest        OK               5.18s
 96/116 DPDK:fast-tests / sched_autotest                 OK               0.18s
 97/116 DPDK:fast-tests / security_autotest              OK               0.22s
 98/116 DPDK:fast-tests / seqlock_autotest               SKIP             0.19s   exit status 77
 99/116 DPDK:fast-tests / service_autotest               OK               0.33s
100/116 DPDK:fast-tests / spinlock_autotest              OK               0.19s
101/116 DPDK:fast-tests / stack_autotest                 OK               0.18s
102/116 DPDK:fast-tests / stack_lf_autotest              OK               0.24s
103/116 DPDK:fast-tests / string_autotest                OK               0.18s
104/116 DPDK:fast-tests / table_autotest                 OK               6.90s
105/116 DPDK:fast-tests / tailq_autotest                 OK               0.17s
106/116 DPDK:fast-tests / telemetry_data_autotest        OK               0.17s
107/116 DPDK:fast-tests / telemetry_json_autotest        OK               0.17s
108/116 DPDK:fast-tests / thash_autotest                 OK               0.17s
109/116 DPDK:fast-tests / threads_autotest               OK               0.32s
110/116 DPDK:fast-tests / ticketlock_autotest            OK               0.19s
111/116 DPDK:fast-tests / timer_autotest                 OK               2.74s
112/116 DPDK:fast-tests / trace_autotest                 OK               0.20s
113/116 DPDK:fast-tests / trace_autotest_with_traces     OK               0.19s
114/116 DPDK:fast-tests / vdev_autotest                  OK               0.18s
115/116 DPDK:fast-tests / version_autotest               OK               0.18s
116/116 DPDK:fast-tests / telemetry_all                  SKIP             0.01s   exit status 77


Ok:                 105 
Expected Fail:      0   
Fail:               1   
Unexpected Pass:    0   
Skipped:            10  
Timeout:            0   

Full log written to /home-local/jenkins-local/jenkins-agent/workspace/Generic-Unit-Test-DPDK/dpdk/build/meson-logs/testlog.txt



Test log output from the failed test eal_flags_misc_autotest:

Sorry, we were not able to find the logs for this test.
Download the log output from the CI site for this test run.
==== End log output ====

Ubuntu 24.04
	Kernel: Depends on container host
	Compiler: gcc (Ubuntu 13.2.0-23ubuntu4) 13.2.0

Ubuntu 22.04
	Kernel: Depends on container host
	Compiler: gcc (Ubuntu 11.4.0-1ubuntu1~22.04) 11.4.0

RHEL8
	Kernel: Depends on container host
	Compiler: gcc 8.5.0 20210514 (Red Hat 8.5.0-22)

RHEL9
	Kernel: Depends on container host
	Compiler: gcc 11.4.1 20231218 (Red Hat 11.4.1-3)

Ubuntu 20.04
	Kernel: Depends on container host
	Compiler: gcc (Ubuntu 9.4.0-1ubuntu1~20.04.2) 9.4.0

Fedora 40
	Kernel: Depends on container host
	Compiler: gcc 14.2.1 20240801 (Red Hat 14.2.1-1)

Fedora 40 (Clang)
	Kernel: Depends on container host
	Compiler: clang 18.1.6 (Fedora 18.1.6-3.fc40)

Fedora 39 (Clang)
	Kernel: Depends on container host
	Compiler: clang 17.0.6 (Fedora 17.0.6-2.fc39)

Fedora 39
	Kernel: Depends on container host
	Compiler: gcc 13.3.1 20240522 (Red Hat 13.3.1-1)

Fedora 38 (Clang)
	Kernel: Depends on container host
	Compiler: clang 16.0.6 (Fedora 16.0.6-4.fc38)

Fedora 38
	Kernel: Depends on container host
	Compiler: gcc 13.2.1 20240316 (Red Hat 13.2.1-7)

Debian 12
	Kernel: Depends on container host
	Compiler: gcc (Debian 12.2.0-14) 12.2.0

Fedora 37
	Kernel: Depends on container host system
	Compiler: gcc 12.3.1 20230508 (Red Hat 12.3.1-1)

Debian Bullseye
	Kernel: Depends on container host
	Compiler: gcc (Debian 10.2.1-6) 10.2.1 20210110

CentOS Stream 9
	Kernel: Depends on container host
	Compiler: gcc 11.4.1 20231218 (Red Hat 11.4.1-3)

To view detailed results, visit:
https://lab.dpdk.org/results/dashboard/patchsets/31671/

UNH-IOL DPDK Community Lab

To manage your email subscriptions, visit: 
https://lab.dpdk.org/results/dashboard/preferences/subscriptions/