From mboxrd@z Thu Jan  1 00:00:00 1970
Return-Path: <test-report-bounces@dpdk.org>
Received: from mails.dpdk.org (mails.dpdk.org [217.70.189.124])
	by inbox.dpdk.org (Postfix) with ESMTP id 306DB45C09
	for <public@inbox.dpdk.org>; Tue, 29 Oct 2024 11:56:30 +0100 (CET)
Received: from mails.dpdk.org (localhost [127.0.0.1])
	by mails.dpdk.org (Postfix) with ESMTP id 16B034014F;
	Tue, 29 Oct 2024 11:56:30 +0100 (CET)
Received: from mail-yw1-f226.google.com (mail-yw1-f226.google.com
 [209.85.128.226])
 by mails.dpdk.org (Postfix) with ESMTP id DB24440144
 for <test-report@dpdk.org>; Tue, 29 Oct 2024 11:56:28 +0100 (CET)
Received: by mail-yw1-f226.google.com with SMTP id
 00721157ae682-6ea11b32ab4so13410057b3.0
 for <test-report@dpdk.org>; Tue, 29 Oct 2024 03:56:28 -0700 (PDT)
DKIM-Signature: v=1; a=rsa-sha256; c=relaxed/relaxed;
 d=iol.unh.edu; s=unh-iol; t=1730199388; x=1730804188; darn=dpdk.org;
 h=references:in-reply-to:cc:to:from:subject:message-id:date:from:to
 :cc:subject:date:message-id:reply-to;
 bh=sDJnUJgyzgJE2qjtz8Q0yWZHwgC87WVQtYvkfq8rb3w=;
 b=TQo2Vm41OYHb14UUsCT3ZSN34Pi7frSl9rc+0HQGoh4ZnxXsRuOK4a+nDM7sQtPHQP
 LHY/BxsZhaJbWrFs3R1YZIK4Lcj6mCsmZ//SjAh9Y3F3IZMrs4CvlxIrH1XAyIkNar1E
 /lpjnqdHUmQ1o3oyw+RQLK8QO1zJ9m/J9Pqtc=
X-Google-DKIM-Signature: v=1; a=rsa-sha256; c=relaxed/relaxed;
 d=1e100.net; s=20230601; t=1730199388; x=1730804188;
 h=references:in-reply-to:cc:to:from:subject:message-id:date
 :x-gm-message-state:from:to:cc:subject:date:message-id:reply-to;
 bh=sDJnUJgyzgJE2qjtz8Q0yWZHwgC87WVQtYvkfq8rb3w=;
 b=UwETKxoJNSUrnrvrlduo65Fp7ZSMAhr53qF30h4fwhn1FSwN4tBDeUZiYGsr4xwbiX
 vGN1pfRO0br0l6YTzMR/T2Io1/RFdKbGiJoGt6tXdE0XAY7m4mus2vq3l+PcBurcWZDM
 xeXKvQopNuS/CXeIfirzd5KtZvZ2XQcSt3VDkp3b0mtYlArXCRa0rCxwgzmzsfuUdSat
 l/b5HyFyBtJW7tQNG4iyt/dZCRZO0/2beopUiMva2ddYqUuxnoZ0QZ7fgek0/TBKNcx9
 oA6onRwwdSlj7bbf07Jy4FdChTZgLU4JFDYB7PNkniW4bwjWsmfjGBl8Pqh1Axuq1NjZ
 ZNcQ==
X-Gm-Message-State: AOJu0Yw5R+LOP7dC8jnRdlR0GDNr+MVoZGYdDdd3gsNSAuJO7Hw/bvVT
 rTfSrOSqiYqwm8g9xvLGUqsHKLCuUPI18wbtI24twlHRiXw/2w9hVzDyCw+piP9GcgLgeJxb7v3
 +J1OzCWnrypjAyAAlnSYizk2lV5JVvvPQb22VzUIi
X-Google-Smtp-Source: AGHT+IEqJ9ETHAwvg4rFz6SmSwiLcEQ/V+FGM09GpWjz2vKgZ13AJNLlLavwOKQgXbocz81pNeVacPjlrXaF
X-Received: by 2002:a05:690c:4b90:b0:664:74cd:5548 with SMTP id
 00721157ae682-6ea2b6668ffmr10653697b3.1.1730199388288; 
 Tue, 29 Oct 2024 03:56:28 -0700 (PDT)
Received: from postal.iol.unh.edu (postal.iol.unh.edu. [132.177.123.84])
 by smtp-relay.gmail.com with ESMTPS id
 00721157ae682-6e9c6bd2d55sm5025187b3.10.2024.10.29.03.56.28
 (version=TLS1_2 cipher=ECDHE-ECDSA-AES128-GCM-SHA256 bits=128/128);
 Tue, 29 Oct 2024 03:56:28 -0700 (PDT)
X-Relaying-Domain: iol.unh.edu
Date: Tue, 29 Oct 2024 03:56:28 -0700 (PDT)
Message-ID: <6720bf5c.0d0a0220.380d20.22d1SMTPIN_ADDED_MISSING@mx.google.com>
Received: from [172.21.0.9] (unknown [172.18.0.240])
 by postal.iol.unh.edu (Postfix) with ESMTP id D8FB96052471;
 Tue, 29 Oct 2024 06:56:27 -0400 (EDT)
Subject: |FAILURE| pw146841-146853 [PATCH] [13/13] net/ngbe: restrict configu
From: dpdklab@iol.unh.edu
To: Test Report <test-report@dpdk.org>
Cc: dpdk-test-reports@iol.unh.edu, Jiawen Wu <jiawenwu@trustnetic.com>
In-Reply-To: <20241023064836.2017879-14-jiawenwu@trustnetic.com>
References: <20241023064836.2017879-14-jiawenwu@trustnetic.com>
Content-Type: text/plain
X-BeenThere: test-report@dpdk.org
X-Mailman-Version: 2.1.29
Precedence: list
List-Id: automatic DPDK test reports <test-report.dpdk.org>
List-Unsubscribe: <https://mails.dpdk.org/options/test-report>,
 <mailto:test-report-request@dpdk.org?subject=unsubscribe>
List-Archive: <http://mails.dpdk.org/archives/test-report/>
List-Post: <mailto:test-report@dpdk.org>
List-Help: <mailto:test-report-request@dpdk.org?subject=help>
List-Subscribe: <https://mails.dpdk.org/listinfo/test-report>,
 <mailto:test-report-request@dpdk.org?subject=subscribe>
Errors-To: test-report-bounces@dpdk.org

Test-Label: iol-unit-arm64-testing
Test-Status: FAILURE
http://dpdk.org/patch/146853

_Testing issues_

Submitter: Jiawen Wu <jiawenwu@trustnetic.com>
Date: Wednesday, October 23 2024 06:48:36 
DPDK git baseline: Repo:dpdk
  Branch: master
  CommitID:5bb17458f32befba8a2cccd9553ea65cd8b99581

146841-146853 --> testing issues

Upstream job id: Generic-Unit-Test-DPDK#285238

Test environment and result as below:

+-----------------------------+----------------+------------------------------+---------------------------+--------------+
|         Environment         | dpdk_unit_test | cryptodev_sw_snow3g_autotest | cryptodev_sw_zuc_autotest | lpm_autotest |
+=============================+================+==============================+===========================+==============+
| Debian 11 (Buster) (ARM)    | WARN           | SKIPPED                      | SKIPPED                   | SKIPPED      |
+-----------------------------+----------------+------------------------------+---------------------------+--------------+
| Debian 12 (arm)             | WARN           | PEND                         | PEND                      | SKIPPED      |
+-----------------------------+----------------+------------------------------+---------------------------+--------------+
| CentOS Stream 9 (ARM)       | WARN           | SKIPPED                      | SKIPPED                   | SKIPPED      |
+-----------------------------+----------------+------------------------------+---------------------------+--------------+
| Fedora 39 (ARM Clang)       | PEND           | SKIPPED                      | SKIPPED                   | SKIPPED      |
+-----------------------------+----------------+------------------------------+---------------------------+--------------+
| Fedora 39 (ARM)             | WARN           | SKIPPED                      | SKIPPED                   | SKIPPED      |
+-----------------------------+----------------+------------------------------+---------------------------+--------------+
| Fedora 37 (ARM)             | PEND           | SKIPPED                      | SKIPPED                   | SKIPPED      |
+-----------------------------+----------------+------------------------------+---------------------------+--------------+
| Fedora 40 (ARM)             | PEND           | SKIPPED                      | SKIPPED                   | SKIPPED      |
+-----------------------------+----------------+------------------------------+---------------------------+--------------+
| Fedora 38 (ARM)             | WARN           | SKIPPED                      | SKIPPED                   | SKIPPED      |
+-----------------------------+----------------+------------------------------+---------------------------+--------------+
| Fedora 38 (ARM Clang)       | WARN           | SKIPPED                      | SKIPPED                   | SKIPPED      |
+-----------------------------+----------------+------------------------------+---------------------------+--------------+
| Ubuntu 24.04 (ARM)          | WARN           | SKIPPED                      | SKIPPED                   | SKIPPED      |
+-----------------------------+----------------+------------------------------+---------------------------+--------------+
| Ubuntu 20.04 (ARM)          | WARN           | SKIPPED                      | SKIPPED                   | SKIPPED      |
+-----------------------------+----------------+------------------------------+---------------------------+--------------+
| Ubuntu 22.04 (ARM)          | PEND           | SKIPPED                      | SKIPPED                   | SKIPPED      |
+-----------------------------+----------------+------------------------------+---------------------------+--------------+
| 32-bit Ubuntu 22.04.4 (ARM) | FAIL           | SKIPPED                      | SKIPPED                   | SKIPPED      |
+-----------------------------+----------------+------------------------------+---------------------------+--------------+
| Fedora 40 (ARM Clang)       | PEND           | SKIPPED                      | SKIPPED                   | SKIPPED      |
+-----------------------------+----------------+------------------------------+---------------------------+--------------+
| RHEL9 (ARM)                 | WARN           | SKIPPED                      | SKIPPED                   | SKIPPED      |
+-----------------------------+----------------+------------------------------+---------------------------+--------------+
| Ubuntu 20.04 ARM SVE        | SKIPPED        | SKIPPED                      | SKIPPED                   | PASS         |
+-----------------------------+----------------+------------------------------+---------------------------+--------------+

==== 20 line log output for RHEL9 (ARM) (dpdk_unit_test): ====
[2033/3289] Compiling C object drivers/net/ngbe/base/libngbe_base.a.p/ngbe_phy_yt.c.o
[2034/3289] Linking static target drivers/net/ngbe/base/libngbe_base.a
[2035/3289] Linking target drivers/librte_net_mlx5.so.25.0
[2036/3289] Compiling C object drivers/libtmp_rte_net_ngbe.a.p/net_ngbe_ngbe_ptypes.c.o
[2037/3289] Compiling C object drivers/libtmp_rte_net_ngbe.a.p/net_ngbe_ngbe_pf.c.o
[2038/3289] Compiling C object drivers/libtmp_rte_net_ngbe.a.p/net_ngbe_ngbe_rxtx_vec_neon.c.o
FAILED: drivers/libtmp_rte_net_ngbe.a.p/net_ngbe_ngbe_rxtx_vec_neon.c.o
ccache cc -Idrivers/libtmp_rte_net_ngbe.a.p -Idrivers -I../drivers -Idrivers/net/ngbe -I../drivers/net/ngbe -Idrivers/net/ngbe/base -I../drivers/net/ngbe/base -Ilib/ethdev -I../lib/ethdev -I. -I.. -Iconfig -I../config -Ilib/eal/include -I../lib/eal/include -Ilib/eal/linux/include -I../lib/eal/linux/include -Ilib/eal/arm/include -I../lib/eal/arm/include -Ilib/eal/common -I../lib/eal/common -Ilib/eal -I../lib/eal -Ilib/kvargs -I../lib/kvargs -Ilib/log -I../lib/log -Ilib/metrics -I../lib/metrics -Ilib/telemetry -I../lib/telemetry -Ilib/net -I../lib/net -Ilib/mbuf -I../lib/mbuf -Ilib/mempool -I../lib/mempool -Ilib/ring -I../lib/ring -Ilib/meter -I../lib/meter -Idrivers/bus/pci -I../drivers/bus/pci -I../drivers/bus/pci/linux -Ilib/pci -I../lib/pci -Idrivers/bus/vdev -I../drivers/bus/vdev -Ilib/hash -I../lib/hash -Ilib/rcu -I../lib/rcu -fdiagnostics-color=always -pipe -D_FILE_OFFSET_BITS=64 -Wall -Winvalid-pch -Wextra -Werror -std=c11 -O3 -include rte_config.h -Wcast-qual -Wdeprecated -Wfo
 rmat -Wformat-nonliteral -Wformat-security -Wmissing-declarations -Wmissing-prototypes -Wnested-externs -Wold-style-definition -Wpointer-arith -Wsign-compare -Wstrict-prototypes -Wundef -Wwrite-strings -Wno-address-of-packed-member -Wno-packed-not-aligned -Wno-missing-field-initializers -D_GNU_SOURCE -fPIC -mcpu=thunderx2t99+crc+crypto -DALLOW_EXPERIMENTAL_API -DALLOW_INTERNAL_API -Wno-format-truncation -DRTE_LOG_DEFAULT_LOGTYPE=pmd.net.ngbe -MD -MQ drivers/libtmp_rte_net_ngbe.a.p/net_ngbe_ngbe_rxtx_vec_neon.c.o -MF drivers/libtmp_rte_net_ngbe.a.p/net_ngbe_ngbe_rxtx_vec_neon.c.o.d -o drivers/libtmp_rte_net_ngbe.a.p/net_ngbe_ngbe_rxtx_vec_neon.c.o -c ../drivers/net/ngbe/ngbe_rxtx_vec_neon.c
../drivers/net/ngbe/ngbe_rxtx_vec_neon.c: In function 'vtx1':
../drivers/net/ngbe/ngbe_rxtx_vec_neon.c:485:22: error: expected expression before '{' token
485 |         descriptor = {pkt->buf_iova + pkt->data_off,
|                      ^
../drivers/net/ngbe/ngbe_rxtx_vec_neon.c:477:48: error: unused parameter 'flags' [-Werror=unused-parameter]
477 |                 struct rte_mbuf *pkt, uint64_t flags)
|                                       ~~~~~~~~~^~~~~
cc1: all warnings being treated as errors
[2039/3289] Compiling C object drivers/libtmp_rte_net_null.a.p/net_null_rte_eth_null.c.o
[2040/3289] Compiling C object drivers/libtmp_rte_net_ngbe.a.p/net_ngbe_ngbe_ethdev.c.o
[2041/3289] Compiling C object drivers/libtmp_rte_net_ngbe.a.p/net_ngbe_ngbe_rxtx.c.o
ninja: build stopped: subcommand failed.
==== End log output ====

Debian 11 (Buster) (ARM)
	Kernel: Depends on container host
	Compiler: gcc (Debian 10.2.1-6) 10.2.1 20210110

Debian 12 (arm)
	Kernel: Depends on container host
	Compiler: gcc (Debian 12.2.0-14) 12.2.0

CentOS Stream 9 (ARM)
	Kernel: Depends on container host
	Compiler: gcc 11.4.1 20231218 (Red Hat 11.4.1-3)

Fedora 39 (ARM Clang)
	Kernel: Depends on container host
	Compiler: clang 17.0.6 (Fedora 17.0.6-2.fc39)

Fedora 39 (ARM)
	Kernel: Depends on container host
	Compiler: gcc 13.3.1 20240522 (Red Hat 13.3.1-1)

Fedora 37 (ARM)
	Kernel: Depends on container host
	Compiler: gcc 12.3.1 20230508 (Red Hat 12.3.1-1)

Fedora 40 (ARM)
	Kernel: Depends on container host
	Compiler: gcc 14.2.1 20240801 (Red Hat 14.2.1-1)

Fedora 38 (ARM)
	Kernel: Depends on container host
	Compiler: gcc 13.2.1 20240316 (Red Hat 13.2.1-7)

Fedora 38 (ARM Clang)
	Kernel: Depends on container host
	Compiler: clang 16.0.6 (Fedora 16.0.6-4.fc38)

Ubuntu 24.04 (ARM)
	Kernel: Depends on container host
	Compiler: gcc (Ubuntu 13.2.0-23ubuntu4) 13.2.0

Ubuntu 20.04 (ARM)
	Kernel: Depends on container host
	Compiler: gcc (Ubuntu 9.4.0-1ubuntu1~20.04.2) 9.4.0

Ubuntu 22.04 (ARM)
	Kernel: Depends on container host
	Compiler: gcc (Ubuntu 11.4.0-1ubuntu1~22.04) 11.4.0

32-bit Ubuntu 22.04.4 (ARM)
	Kernel: 5.15.83+ aarch64
	Compiler: gcc (Ubuntu 11.4.0-1ubuntu1~22.04) 11.4.0

Fedora 40 (ARM Clang)
	Kernel: Depends on container host
	Compiler: clang 18.1.6 (Fedora 18.1.6-3.fc40)

RHEL9 (ARM)
	Kernel: Depends on container host
	Compiler: gcc 11.4.1 20231218 (Red Hat 11.4.1-3)

Ubuntu 20.04 ARM SVE
	Kernel: Depends on container host
	Compiler: gcc (Ubuntu 10.5.0-1ubuntu1~20.04) 10.5.0

To view detailed results, visit:
https://lab.dpdk.org/results/dashboard/patchsets/31616/

UNH-IOL DPDK Community Lab

To manage your email subscriptions, visit: 
https://lab.dpdk.org/results/dashboard/preferences/subscriptions/