From mboxrd@z Thu Jan  1 00:00:00 1970
Return-Path: <test-report-bounces@dpdk.org>
Received: from mails.dpdk.org (mails.dpdk.org [217.70.189.124])
	by inbox.dpdk.org (Postfix) with ESMTP id 422D345C1F
	for <public@inbox.dpdk.org>; Thu, 31 Oct 2024 11:51:47 +0100 (CET)
Received: from mails.dpdk.org (localhost [127.0.0.1])
	by mails.dpdk.org (Postfix) with ESMTP id 3E2924356A;
	Thu, 31 Oct 2024 11:51:47 +0100 (CET)
Received: from mail-vk1-f226.google.com (mail-vk1-f226.google.com
 [209.85.221.226])
 by mails.dpdk.org (Postfix) with ESMTP id 58D4E40264
 for <test-report@dpdk.org>; Thu, 31 Oct 2024 11:51:46 +0100 (CET)
Received: by mail-vk1-f226.google.com with SMTP id
 71dfb90a1353d-50de14e7d8cso263263e0c.1
 for <test-report@dpdk.org>; Thu, 31 Oct 2024 03:51:46 -0700 (PDT)
DKIM-Signature: v=1; a=rsa-sha256; c=relaxed/relaxed;
 d=iol.unh.edu; s=unh-iol; t=1730371905; x=1730976705; darn=dpdk.org;
 h=references:in-reply-to:cc:to:from:subject:message-id:date:from:to
 :cc:subject:date:message-id:reply-to;
 bh=W5jS6rU/phH+mzLHESob66/22d7Xe3HtdyeYnL7c2fs=;
 b=OgwzhVMZuFWOOe6m3ck3YruZqLrLTYy/KJFzBN08vEkwuvhyXYnmk8RO7a/eg1HKAX
 hTI0auMsxY8zXD9I20/tOwqIjxwvM2ATVPtfUpI5vjyy5zj/cPULEXAKfVEb3sfkfKe4
 AjnHlsEiJXNCT4xj4nxBZyA52STKHXEgoXx5I=
X-Google-DKIM-Signature: v=1; a=rsa-sha256; c=relaxed/relaxed;
 d=1e100.net; s=20230601; t=1730371905; x=1730976705;
 h=references:in-reply-to:cc:to:from:subject:message-id:date
 :x-gm-message-state:from:to:cc:subject:date:message-id:reply-to;
 bh=W5jS6rU/phH+mzLHESob66/22d7Xe3HtdyeYnL7c2fs=;
 b=ZSbS2AbUNdDq1F6Qn21vUXErN8dGOv/071VhllqvX8PmQRkSZh2LrxIp0eMgO1s9yE
 ZUJNFQ5WIBLPKxSIkqOLea0gwuL8nOQptYFHDlOt4ykTo6XQfrDoen6DP60oleRVmI2D
 EF2HiUHELoSv0pVy9ERoqzjw1KIjsZXLC6cy6n8G9aCnf6fsWg3q8k3a43OB4h70JPum
 BiBm2U5yFrQgOzL+6KIF0PqyNMxzmzfxuSGmmLKkeMxEuu4Li4vgE+BO/2pFiqZ/Uu0z
 b9ge8tKPXao5hN8KOYEOvo/XU/G8Gcz1MttIRwKa2FuBf8m0R3EbQC86r/IBwnH+Mf6b
 48tw==
X-Gm-Message-State: AOJu0Yzm4woOpte3anw2el15VA2Y/H5jeafhKTsLZvKj1UZmT+PYpboM
 m+b+TceKYwLkP6uEt1diKV+rW/pniXvA6ReDYgpBO3b5J8xwU3fp2/vcSj1SoXZWIbNp2JYJbes
 ASK+o1H+u3DS4xR5zA0+inhU1mhkH0Lw1hBVyL1bQMTL1aS/s
X-Google-Smtp-Source: AGHT+IFfyf3h8Vl0W6m54DCJWLrdLVCSSabwB3/9DAuEn1KlRfvapJoXQuBK39is1JZQLkjruP75GjnsFHnT
X-Received: by 2002:a05:6122:218f:b0:50d:69a8:f5d6 with SMTP id
 71dfb90a1353d-5105d0c852cmr7683724e0c.8.1730371905649; 
 Thu, 31 Oct 2024 03:51:45 -0700 (PDT)
Received: from postal.iol.unh.edu (postal.iol.unh.edu.
 [2606:4100:3880:1234::84]) by smtp-relay.gmail.com with ESMTPS id
 71dfb90a1353d-5106f3a8994sm46916e0c.9.2024.10.31.03.51.45
 (version=TLS1_2 cipher=ECDHE-ECDSA-AES128-GCM-SHA256 bits=128/128);
 Thu, 31 Oct 2024 03:51:45 -0700 (PDT)
X-Relaying-Domain: iol.unh.edu
Date: Thu, 31 Oct 2024 03:51:45 -0700 (PDT)
Message-ID: <67236141.050a0220.148549.3377SMTPIN_ADDED_MISSING@mx.google.com>
Received: from [172.21.0.5] (unknown [172.18.0.240])
 by postal.iol.unh.edu (Postfix) with ESMTP id 42E6B6052471;
 Thu, 31 Oct 2024 06:51:45 -0400 (EDT)
Subject: |FAILURE| pw147704-147706 [PATCH] [RFC,v3,3/3] examples: add lcore t
From: dpdklab@iol.unh.edu
To: Test Report <test-report@dpdk.org>
Cc: dpdk-test-reports@iol.unh.edu, "Varghese, Vipin" <vipin.varghese@amd.com>
In-Reply-To: <20241030054133.520-4-vipin.varghese@amd.com>
References: <20241030054133.520-4-vipin.varghese@amd.com>
Content-Type: text/plain
X-BeenThere: test-report@dpdk.org
X-Mailman-Version: 2.1.29
Precedence: list
List-Id: automatic DPDK test reports <test-report.dpdk.org>
List-Unsubscribe: <https://mails.dpdk.org/options/test-report>,
 <mailto:test-report-request@dpdk.org?subject=unsubscribe>
List-Archive: <http://mails.dpdk.org/archives/test-report/>
List-Post: <mailto:test-report@dpdk.org>
List-Help: <mailto:test-report-request@dpdk.org?subject=help>
List-Subscribe: <https://mails.dpdk.org/listinfo/test-report>,
 <mailto:test-report-request@dpdk.org?subject=subscribe>
Errors-To: test-report-bounces@dpdk.org

Test-Label: iol-unit-arm64-testing
Test-Status: FAILURE
http://dpdk.org/patch/147706

_Testing issues_

Submitter: Varghese, Vipin <vipin.varghese@amd.com>
Date: Wednesday, October 30 2024 05:41:33 
DPDK git baseline: Repo:dpdk
  Branch: master
  CommitID:6dad0bb5c8621644beca86ff5f4910a943ba604d

147704-147706 --> testing issues

Upstream job id: Generic-Unit-Test-DPDK#286478

Test environment and result as below:

+-----------------------------+----------------+--------------+------------------------------+---------------------------+
|         Environment         | dpdk_unit_test | lpm_autotest | cryptodev_sw_snow3g_autotest | cryptodev_sw_zuc_autotest |
+=============================+================+==============+==============================+===========================+
| Ubuntu 20.04 (ARM)          | FAIL           | SKIPPED      | SKIPPED                      | SKIPPED                   |
+-----------------------------+----------------+--------------+------------------------------+---------------------------+
| CentOS Stream 9 (ARM)       | FAIL           | SKIPPED      | SKIPPED                      | SKIPPED                   |
+-----------------------------+----------------+--------------+------------------------------+---------------------------+
| Debian 12 (arm)             | FAIL           | SKIPPED      | PASS                         | PASS                      |
+-----------------------------+----------------+--------------+------------------------------+---------------------------+
| Fedora 39 (ARM)             | FAIL           | SKIPPED      | SKIPPED                      | SKIPPED                   |
+-----------------------------+----------------+--------------+------------------------------+---------------------------+
| Fedora 40 (ARM Clang)       | FAIL           | SKIPPED      | SKIPPED                      | SKIPPED                   |
+-----------------------------+----------------+--------------+------------------------------+---------------------------+
| Ubuntu 22.04 (ARM)          | FAIL           | SKIPPED      | SKIPPED                      | SKIPPED                   |
+-----------------------------+----------------+--------------+------------------------------+---------------------------+
| Fedora 39 (ARM Clang)       | FAIL           | SKIPPED      | SKIPPED                      | SKIPPED                   |
+-----------------------------+----------------+--------------+------------------------------+---------------------------+
| Ubuntu 24.04 (ARM)          | FAIL           | SKIPPED      | SKIPPED                      | SKIPPED                   |
+-----------------------------+----------------+--------------+------------------------------+---------------------------+
| RHEL9 (ARM)                 | FAIL           | SKIPPED      | SKIPPED                      | SKIPPED                   |
+-----------------------------+----------------+--------------+------------------------------+---------------------------+
| Fedora 40 (ARM)             | FAIL           | SKIPPED      | SKIPPED                      | SKIPPED                   |
+-----------------------------+----------------+--------------+------------------------------+---------------------------+
| 32-bit Ubuntu 22.04.4 (ARM) | PASS           | SKIPPED      | SKIPPED                      | SKIPPED                   |
+-----------------------------+----------------+--------------+------------------------------+---------------------------+
| Ubuntu 20.04 ARM SVE        | SKIPPED        | PASS         | SKIPPED                      | SKIPPED                   |
+-----------------------------+----------------+--------------+------------------------------+---------------------------+

==== Unit test summary for Fedora 40 (ARM) (dpdk_unit_test): ====
ninja: Entering directory `/home-local/jenkins-local/jenkins-agent/workspace/Generic-Unit-Test-DPDK@2/dpdk/build'
ninja: no work to do.
  1/116 DPDK:fast-tests / acl_autotest                   OK               8.43s
  2/116 DPDK:fast-tests / alarm_autotest                 OK               1.26s
  3/116 DPDK:fast-tests / argparse_autotest              OK               0.26s
  4/116 DPDK:fast-tests / atomic_autotest                OK               9.85s
  5/116 DPDK:fast-tests / bitcount_autotest              OK               0.31s
  6/116 DPDK:fast-tests / bitmap_autotest                OK               0.26s
  7/116 DPDK:fast-tests / bitops_autotest                OK               1.75s
  8/116 DPDK:fast-tests / bitratestats_autotest          OK               0.27s
  9/116 DPDK:fast-tests / bitset_autotest                OK               5.26s
 10/116 DPDK:fast-tests / bpf_autotest                   OK               0.26s
 11/116 DPDK:fast-tests / bpf_convert_autotest           OK               0.28s
 12/116 DPDK:fast-tests / byteorder_autotest             OK               0.26s
 13/116 DPDK:fast-tests / cksum_autotest                 OK               0.26s
 14/116 DPDK:fast-tests / cmdline_autotest               OK               0.26s
 15/116 DPDK:fast-tests / common_autotest                OK               2.01s
 16/116 DPDK:fast-tests / compressdev_autotest           SKIP             0.13s   exit status 77
 17/116 DPDK:fast-tests / cpuflags_autotest              OK               0.32s
 18/116 DPDK:fast-tests / crc_autotest                   OK               0.26s
 19/116 DPDK:fast-tests / user_delay_us                  OK               0.26s
 20/116 DPDK:fast-tests / debug_autotest                 OK               1.70s
 21/116 DPDK:fast-tests / devargs_autotest               OK               0.26s
 22/116 DPDK:fast-tests / dispatcher_autotest            OK               4.69s
 23/116 DPDK:fast-tests / distributor_autotest           OK               1.06s
 24/116 DPDK:fast-tests / eal_flags_c_opt_autotest       OK               1.47s
 25/116 DPDK:fast-tests / eal_flags_main_opt_autotest    OK               0.43s
 26/116 DPDK:fast-tests / eal_flags_n_opt_autotest       OK               0.41s
 27/116 DPDK:fast-tests / eal_flags_hpet_autotest        OK               0.25s
 28/116 DPDK:fast-tests / eal_flags_no_huge_autotest     OK               0.45s
 29/116 DPDK:fast-tests / eal_flags_a_opt_autotest       OK               0.61s
 30/116 DPDK:fast-tests / eal_flags_b_opt_autotest       OK               0.48s
 31/116 DPDK:fast-tests / eal_flags_vdev_opt_autotest    OK               0.43s
 32/116 DPDK:fast-tests / eal_flags_r_opt_autotest       OK               0.35s
 33/116 DPDK:fast-tests / eal_flags_mem_autotest         OK               0.62s
 34/116 DPDK:fast-tests / eal_flags_file_prefix_autotest OK               2.42s
 35/116 DPDK:fast-tests / eal_flags_misc_autotest        OK               1.77s
 36/116 DPDK:fast-tests / eal_fs_autotest                OK               0.30s
 37/116 DPDK:fast-tests / errno_autotest                 OK               0.27s
 38/116 DPDK:fast-tests / ethdev_link_status             OK               0.26s
 39/116 DPDK:fast-tests / event_eth_tx_adapter_autotest  OK               2.07s
 40/116 DPDK:fast-tests / event_ring_autotest            OK               0.30s
 41/116 DPDK:fast-tests / eventdev_common_autotest       OK               0.26s
 42/116 DPDK:fast-tests / eventdev_selftest_sw           OK              20.92s
 43/116 DPDK:fast-tests / fbarray_autotest               OK               0.25s
 44/116 DPDK:fast-tests / fib_autotest                   OK               1.78s
 45/116 DPDK:fast-tests / fib6_autotest                  OK               1.56s
 46/116 DPDK:fast-tests / func_reentrancy_autotest       OK               1.41s
 47/116 DPDK:fast-tests / graph_autotest                 OK               0.30s
 48/116 DPDK:fast-tests / node_list_dump                 OK               0.27s
 49/116 DPDK:fast-tests / hash_autotest                  OK               1.07s
 50/116 DPDK:fast-tests / hash_readwrite_func_autotest   OK              15.01s
 51/116 DPDK:fast-tests / interrupt_autotest             OK               1.39s
 52/116 DPDK:fast-tests / ipfrag_autotest                OK               0.15s
 53/116 DPDK:fast-tests / ipsec_autotest                 SKIP             0.30s   exit status 77
 54/116 DPDK:fast-tests / kvargs_autotest                OK               0.28s
 55/116 DPDK:fast-tests / latencystats_autotest          OK               0.27s
 56/116 DPDK:fast-tests / lcores_autotest                FAIL            96.10s   (exit status 255 or signal 127 SIGinvalid)
>>> DPDK_TEST=lcores_autotest MALLOC_PERTURB_=55 /home-local/jenkins-local/jenkins-agent/workspace/Generic-Unit-Test-DPDK@2/dpdk/build/app/dpdk-test --no-huge -m 2048

 57/116 DPDK:fast-tests / logs_autotest                  OK               0.25s
 58/116 DPDK:fast-tests / lpm_autotest                   OK               3.18s
 59/116 DPDK:fast-tests / lpm6_autotest                  OK               9.75s
 60/116 DPDK:fast-tests / malloc_autotest                OK               0.81s
 61/116 DPDK:fast-tests / mbuf_autotest                  OK               3.57s
 62/116 DPDK:fast-tests / mcslock_autotest               OK               1.26s
 63/116 DPDK:fast-tests / member_autotest                OK               2.90s
 64/116 DPDK:fast-tests / memcpy_autotest                OK              10.65s
 65/116 DPDK:fast-tests / memory_autotest                OK               0.12s
 66/116 DPDK:fast-tests / mempool_autotest               OK               0.58s
 67/116 DPDK:fast-tests / memzone_autotest               OK               0.15s
 68/116 DPDK:fast-tests / meter_autotest                 OK               0.31s
 69/116 DPDK:fast-tests / metrics_autotest               OK               0.25s
 70/116 DPDK:fast-tests / multiprocess_autotest          OK               0.38s
 71/116 DPDK:fast-tests / net_ether_autotest             OK               1.75s
 72/116 DPDK:fast-tests / net_ipv6_autotest              OK               0.26s
 73/116 DPDK:fast-tests / pcapng_autotest                OK               6.76s
 74/116 DPDK:fast-tests / pdcp_autotest                  SKIP             0.14s   exit status 77
 75/116 DPDK:fast-tests / pdump_autotest                 OK               0.71s
 76/116 DPDK:fast-tests / per_lcore_autotest             OK               0.36s
 77/116 DPDK:fast-tests / pflock_autotest                OK               0.61s
 78/116 DPDK:fast-tests / pie_autotest                   OK               0.26s
 79/116 DPDK:fast-tests / ring_pmd_autotest              OK               0.27s
 80/116 DPDK:fast-tests / power_autotest                 OK               0.26s
 81/116 DPDK:fast-tests / power_cpufreq_autotest         SKIP             0.12s   exit status 77
 82/116 DPDK:fast-tests / power_intel_uncore_autotest    SKIP             0.30s   exit status 77
 83/116 DPDK:fast-tests / power_kvm_vm_autotest          SKIP             0.12s   exit status 77
 84/116 DPDK:fast-tests / prefetch_autotest              OK               0.31s
 85/116 DPDK:fast-tests / ptr_compress_autotest          OK               0.26s
 86/116 DPDK:fast-tests / rawdev_autotest                OK               0.26s
 87/116 DPDK:fast-tests / rcu_qsbr_autotest              OK               1.30s
 88/116 DPDK:fast-tests / reorder_autotest               OK               0.79s
 89/116 DPDK:fast-tests / rib_autotest                   OK               7.90s
 90/116 DPDK:fast-tests / rib6_autotest                  OK               7.76s
 91/116 DPDK:fast-tests / ring_autotest                  OK               0.32s
 92/116 DPDK:fast-tests / rwlock_test1_autotest          OK               0.61s
 93/116 DPDK:fast-tests / rwlock_rda_autotest            OK               5.26s
 94/116 DPDK:fast-tests / rwlock_rds_wrm_autotest        OK               5.33s
 95/116 DPDK:fast-tests / rwlock_rde_wro_autotest        OK               5.26s
 96/116 DPDK:fast-tests / sched_autotest                 OK               0.29s
 97/116 DPDK:fast-tests / security_autotest              OK               0.13s
 98/116 DPDK:fast-tests / seqlock_autotest               OK               2.31s
 99/116 DPDK:fast-tests / service_autotest               OK               2.97s
100/116 DPDK:fast-tests / spinlock_autotest              OK               0.31s
101/116 DPDK:fast-tests / stack_autotest                 OK               0.68s
102/116 DPDK:fast-tests / stack_lf_autotest              OK               0.64s
103/116 DPDK:fast-tests / string_autotest                OK               0.31s
104/116 DPDK:fast-tests / table_autotest                 OK              14.56s
105/116 DPDK:fast-tests / tailq_autotest                 OK               0.26s
106/116 DPDK:fast-tests / telemetry_data_autotest        OK               0.27s
107/116 DPDK:fast-tests / telemetry_json_autotest        OK               0.26s
108/116 DPDK:fast-tests / thash_autotest                 OK               0.29s
109/116 DPDK:fast-tests / threads_autotest               OK               0.46s
110/116 DPDK:fast-tests / ticketlock_autotest            OK               0.32s
111/116 DPDK:fast-tests / timer_autotest                 OK               3.44s
112/116 DPDK:fast-tests / trace_autotest                 OK               0.36s
113/116 DPDK:fast-tests / trace_autotest_with_traces     OK               0.29s
114/116 DPDK:fast-tests / vdev_autotest                  OK               0.26s
115/116 DPDK:fast-tests / version_autotest               OK               0.26s
116/116 DPDK:fast-tests / telemetry_all                  SKIP             0.02s   exit status 77


Ok:                 108 
Expected Fail:      0   
Fail:               1   
Unexpected Pass:    0   
Skipped:            7   
Timeout:            0   

Full log written to /home-local/jenkins-local/jenkins-agent/workspace/Generic-Unit-Test-DPDK@2/dpdk/build/meson-logs/testlog.txt



Test log output from the failed test lcores_autotest:

Sorry, we were not able to find the logs for this test.
Download the log output from the CI site for this test run.
==== End log output ====

Ubuntu 20.04 (ARM)
	Kernel: Depends on container host
	Compiler: gcc (Ubuntu 9.4.0-1ubuntu1~20.04.2) 9.4.0

CentOS Stream 9 (ARM)
	Kernel: Depends on container host
	Compiler: gcc 11.4.1 20231218 (Red Hat 11.4.1-3)

Debian 12 (arm)
	Kernel: Depends on container host
	Compiler: gcc (Debian 12.2.0-14) 12.2.0

Fedora 39 (ARM)
	Kernel: Depends on container host
	Compiler: gcc 13.3.1 20240522 (Red Hat 13.3.1-1)

Fedora 40 (ARM Clang)
	Kernel: Depends on container host
	Compiler: clang 18.1.6 (Fedora 18.1.6-3.fc40)

Ubuntu 22.04 (ARM)
	Kernel: Depends on container host
	Compiler: gcc (Ubuntu 11.4.0-1ubuntu1~22.04) 11.4.0

Fedora 39 (ARM Clang)
	Kernel: Depends on container host
	Compiler: clang 17.0.6 (Fedora 17.0.6-2.fc39)

Ubuntu 24.04 (ARM)
	Kernel: Depends on container host
	Compiler: gcc (Ubuntu 13.2.0-23ubuntu4) 13.2.0

RHEL9 (ARM)
	Kernel: Depends on container host
	Compiler: gcc 11.4.1 20231218 (Red Hat 11.4.1-3)

Fedora 40 (ARM)
	Kernel: Depends on container host
	Compiler: gcc 14.2.1 20240801 (Red Hat 14.2.1-1)

32-bit Ubuntu 22.04.4 (ARM)
	Kernel: 5.15.83+ aarch64
	Compiler: gcc (Ubuntu 11.4.0-1ubuntu1~22.04) 11.4.0

Ubuntu 20.04 ARM SVE
	Kernel: Depends on container host
	Compiler: gcc (Ubuntu 10.5.0-1ubuntu1~20.04) 10.5.0

To view detailed results, visit:
https://lab.dpdk.org/results/dashboard/patchsets/31762/

UNH-IOL DPDK Community Lab

To manage your email subscriptions, visit: 
https://lab.dpdk.org/results/dashboard/preferences/subscriptions/