From mboxrd@z Thu Jan  1 00:00:00 1970
Return-Path: <test-report-bounces@dpdk.org>
Received: from mails.dpdk.org (mails.dpdk.org [217.70.189.124])
	by inbox.dpdk.org (Postfix) with ESMTP id 9D48445C4B
	for <public@inbox.dpdk.org>; Fri,  1 Nov 2024 15:34:00 +0100 (CET)
Received: from mails.dpdk.org (localhost [127.0.0.1])
	by mails.dpdk.org (Postfix) with ESMTP id 7D2584027C;
	Fri,  1 Nov 2024 15:34:00 +0100 (CET)
Received: from mail-io1-f97.google.com (mail-io1-f97.google.com
 [209.85.166.97]) by mails.dpdk.org (Postfix) with ESMTP id D161D4003C
 for <test-report@dpdk.org>; Fri,  1 Nov 2024 15:33:59 +0100 (CET)
Received: by mail-io1-f97.google.com with SMTP id
 ca18e2360f4ac-83aba65556cso82946539f.3
 for <test-report@dpdk.org>; Fri, 01 Nov 2024 07:33:59 -0700 (PDT)
DKIM-Signature: v=1; a=rsa-sha256; c=relaxed/relaxed;
 d=iol.unh.edu; s=unh-iol; t=1730471639; x=1731076439; darn=dpdk.org;
 h=references:in-reply-to:cc:to:from:subject:message-id:date:from:to
 :cc:subject:date:message-id:reply-to;
 bh=xFX+XVfHxVv1V/4cdFBcpKB+HxWLRfrNvbV1FhjwCJ0=;
 b=CxHuHpyA7KuMij6XGYerBqJpd+11IpNA8H9PruNF34qTl7mkc5DJnBW8WxqyD0pN2t
 S8vzkD7mmy85IIWQ2lCq4E8XiC993AoVBrvd0IpDqMFGzT/eiiTNLkYIsTXPaUHgHW6r
 7sw90I68KbzJfGVFNdQ2YkdY887SDS5xh7MUs=
X-Google-DKIM-Signature: v=1; a=rsa-sha256; c=relaxed/relaxed;
 d=1e100.net; s=20230601; t=1730471639; x=1731076439;
 h=references:in-reply-to:cc:to:from:subject:message-id:date
 :x-gm-message-state:from:to:cc:subject:date:message-id:reply-to;
 bh=xFX+XVfHxVv1V/4cdFBcpKB+HxWLRfrNvbV1FhjwCJ0=;
 b=bOIx6fkww4MuO476a8ficoF5mmkGi6DyZFGTnTbdbM33pGS7iugMcm23J8vlITwFTL
 YFwreewjanWSCjBRQBaQs+BzoznDb+iAEyuFdBcQp4JPom8Y7bcBS6g3+gW+xUmmznV9
 uBDNqmDjgsyS5Jk00kb7kmMjMre5jU3hIPMDTC9Rhi/n1gJwQLH5eL4GVCo1u0hJB1YJ
 ZLc6KZ7tpM7ySOhyoUnVNj1k4LcAUnYMh+8LCKLcFmyzb5k3fZIpxmVHxVdmmuKe5cLF
 pwswlfdjptL0LRK+Yyv7v1mcFMDOjW+u7mLxgHV6quB63R7rJMhlqjeLWzRZd7ErLXdX
 gW9A==
X-Gm-Message-State: AOJu0YyIBJ/JUEqYn7jFxtSdoE7xZOFryDAl4X5+C8kugcW0MnhGhvLL
 HgZM3Cp6ymdM9bqjgRN5uP/J3quq7yVCbH60sh4QU6yp+36e/HU0Y4oBepr4BN1OKTdgF6PcVCt
 IHe2hdlYK+EjCx6znlzPOX2GeZlSjde+XjcydGs9/
X-Google-Smtp-Source: AGHT+IGO4T1BqHH3KoiTew71a7ok/QqjxWH9yQ6CwocydQpTfy3AhfcxkYJdG0rdUMwzpFRbu5LeAPq1+zbK
X-Received: by 2002:a05:6e02:1a6c:b0:3a4:e377:d906 with SMTP id
 e9e14a558f8ab-3a6b021b260mr41739015ab.1.1730471638945; 
 Fri, 01 Nov 2024 07:33:58 -0700 (PDT)
Received: from postal.iol.unh.edu (postal.iol.unh.edu. [132.177.123.84])
 by smtp-relay.gmail.com with ESMTPS id
 e9e14a558f8ab-3a6b02d6fb4sm1268175ab.21.2024.11.01.07.33.58
 (version=TLS1_2 cipher=ECDHE-ECDSA-AES128-GCM-SHA256 bits=128/128);
 Fri, 01 Nov 2024 07:33:58 -0700 (PDT)
X-Relaying-Domain: iol.unh.edu
Date: Fri, 01 Nov 2024 07:33:58 -0700 (PDT)
Message-ID: <6724e6d6.050a0220.25cb23.5913SMTPIN_ADDED_MISSING@mx.google.com>
Received: from [172.17.0.4] (unknown [172.18.0.217])
 by postal.iol.unh.edu (Postfix) with ESMTP id 5AF2C6052471;
 Fri,  1 Nov 2024 10:33:58 -0400 (EDT)
Subject: |FAILURE| pw147124 [PATCH] [v4] ethdev: TEST support single queue pe
From: dpdklab@iol.unh.edu
To: Test Report <test-report@dpdk.org>
Cc: dpdk-test-reports@iol.unh.edu, Morten Brorup <mb@smartsharesystems.com>
In-Reply-To: <20241024145550.985298-1-mb@smartsharesystems.com>
References: <20241024145550.985298-1-mb@smartsharesystems.com>
Content-Type: text/plain
X-BeenThere: test-report@dpdk.org
X-Mailman-Version: 2.1.29
Precedence: list
List-Id: automatic DPDK test reports <test-report.dpdk.org>
List-Unsubscribe: <https://mails.dpdk.org/options/test-report>,
 <mailto:test-report-request@dpdk.org?subject=unsubscribe>
List-Archive: <http://mails.dpdk.org/archives/test-report/>
List-Post: <mailto:test-report@dpdk.org>
List-Help: <mailto:test-report-request@dpdk.org?subject=help>
List-Subscribe: <https://mails.dpdk.org/listinfo/test-report>,
 <mailto:test-report-request@dpdk.org?subject=subscribe>
Errors-To: test-report-bounces@dpdk.org

Test-Label: iol-compile-amd64-testing
Test-Status: FAILURE
http://dpdk.org/patch/147124

_Testing issues_

Submitter: Morten Brorup <mb@smartsharesystems.com>
Date: Thursday, October 24 2024 14:55:50 
DPDK git baseline: Repo:dpdk
  Branch: master
  CommitID:5bb17458f32befba8a2cccd9553ea65cd8b99581

147124 --> testing issues

Upstream job id: Windows-Compile-DPDK-Native#23954

Test environment and result as below:

+---------------------+--------------------+-----------------------+----------------------+------------------+-------------------+
|     Environment     | dpdk_meson_compile | dpdk_win_llvm_compile | dpdk_mingw64_compile | dpdk_compile_ovs | dpdk_compile_spdk |
+=====================+====================+=======================+======================+==================+===================+
| FreeBSD 13.4        | FAIL               | SKIPPED               | SKIPPED              | SKIPPED          | SKIPPED           |
+---------------------+--------------------+-----------------------+----------------------+------------------+-------------------+
| FreeBSD 14.1        | FAIL               | SKIPPED               | SKIPPED              | SKIPPED          | SKIPPED           |
+---------------------+--------------------+-----------------------+----------------------+------------------+-------------------+
| CentOS Stream 9     | PASS               | SKIPPED               | SKIPPED              | PASS             | PASS              |
+---------------------+--------------------+-----------------------+----------------------+------------------+-------------------+
| Debian Bullseye     | PASS               | SKIPPED               | SKIPPED              | PASS             | PASS              |
+---------------------+--------------------+-----------------------+----------------------+------------------+-------------------+
| Debian 12           | PASS               | SKIPPED               | SKIPPED              | PASS             | PASS              |
+---------------------+--------------------+-----------------------+----------------------+------------------+-------------------+
| Fedora 37           | PASS               | SKIPPED               | SKIPPED              | PASS             | PASS              |
+---------------------+--------------------+-----------------------+----------------------+------------------+-------------------+
| Fedora 38 (Clang)   | FAIL               | SKIPPED               | SKIPPED              | WARN             | WARN              |
+---------------------+--------------------+-----------------------+----------------------+------------------+-------------------+
| Fedora 39 (Clang)   | FAIL               | SKIPPED               | SKIPPED              | WARN             | WARN              |
+---------------------+--------------------+-----------------------+----------------------+------------------+-------------------+
| Fedora 39           | PASS               | SKIPPED               | SKIPPED              | PASS             | PASS              |
+---------------------+--------------------+-----------------------+----------------------+------------------+-------------------+
| Fedora 40 (Clang)   | FAIL               | SKIPPED               | SKIPPED              | WARN             | WARN              |
+---------------------+--------------------+-----------------------+----------------------+------------------+-------------------+
| Fedora 40           | FAIL               | SKIPPED               | SKIPPED              | WARN             | WARN              |
+---------------------+--------------------+-----------------------+----------------------+------------------+-------------------+
| openSUSE Leap 15    | PASS               | SKIPPED               | SKIPPED              | PASS             | SKIPPED           |
+---------------------+--------------------+-----------------------+----------------------+------------------+-------------------+
| RHEL8               | PASS               | SKIPPED               | SKIPPED              | PASS             | SKIPPED           |
+---------------------+--------------------+-----------------------+----------------------+------------------+-------------------+
| RHEL9               | PASS               | SKIPPED               | SKIPPED              | PASS             | SKIPPED           |
+---------------------+--------------------+-----------------------+----------------------+------------------+-------------------+
| Ubuntu 20.04        | PASS               | SKIPPED               | SKIPPED              | PASS             | SKIPPED           |
+---------------------+--------------------+-----------------------+----------------------+------------------+-------------------+
| Ubuntu 22.04        | PASS               | SKIPPED               | SKIPPED              | PASS             | PASS              |
+---------------------+--------------------+-----------------------+----------------------+------------------+-------------------+
| Ubuntu 24.04        | PASS               | SKIPPED               | SKIPPED              | PASS             | PASS              |
+---------------------+--------------------+-----------------------+----------------------+------------------+-------------------+
| Alpine              | PASS               | SKIPPED               | SKIPPED              | PASS             | SKIPPED           |
+---------------------+--------------------+-----------------------+----------------------+------------------+-------------------+
| Fedora 38           | PASS               | SKIPPED               | SKIPPED              | PASS             | PASS              |
+---------------------+--------------------+-----------------------+----------------------+------------------+-------------------+
| Windows Server 2022 | SKIPPED            | FAIL                  | PASS                 | SKIPPED          | SKIPPED           |
+---------------------+--------------------+-----------------------+----------------------+------------------+-------------------+

==== 20 line log output for Windows Server 2022 (dpdk_win_llvm_compile): ====
../drivers/net/e1000/igb_rxtx.c:1863:13: error: unknown pragma ignored [-Werror,-Wunknown-pragmas]
#pragma GCC push_options
^
../drivers/net/e1000/igb_rxtx.c:1864:13: error: unknown pragma ignored [-Werror,-Wunknown-pragmas]
#pragma GCC optimize("no-peel-loops")
^
../drivers/net/e1000/igb_rxtx.c:1890:13: error: unknown pragma ignored [-Werror,-Wunknown-pragmas]
#pragma GCC pop_options
^
3 errors generated.
[207/836] Compiling C object drivers/libtmp_rte_net_e1000.a.p/net_e1000_igb_pf.c.obj
[208/836] Compiling C object drivers/net/i40e/base/libi40e_base.a.p/i40e_diag.c.obj
[209/836] Compiling C object drivers/net/i40e/base/libi40e_base.a.p/i40e_adminq.c.obj
[210/836] Compiling C object drivers/libtmp_rte_net_e1000.a.p/net_e1000_em_rxtx.c.obj
[211/836] Compiling C object drivers/net/i40e/base/libi40e_base.a.p/i40e_dcb.c.obj
[212/836] Compiling C object drivers/libtmp_rte_net_e1000.a.p/net_e1000_igb_ethdev.c.obj
[213/836] Compiling C object drivers/net/i40e/base/libi40e_base.a.p/i40e_common.c.obj
[214/836] Compiling C object drivers/libtmp_rte_net_i40e.a.p/net_i40e_i40e_pf.c.obj
[215/836] Compiling C object drivers/libtmp_rte_net_i40e.a.p/net_i40e_i40e_rxtx.c.obj
ninja: build stopped: subcommand failed.
==== End log output ====

FreeBSD 13.4
	Kernel: 13.4-RELEASE-p1
	Compiler: clang 18.1.6

FreeBSD 14.1
	Kernel: 14.1-RELEASE-p3
	Compiler: clang 18.1.5

CentOS Stream 9
	Kernel: Depends on container host
	Compiler: gcc 11.4.1 20231218 (Red Hat 11.4.1-3)

Debian Bullseye
	Kernel: Depends on container host
	Compiler: gcc (Debian 10.2.1-6) 10.2.1 20210110

Debian 12
	Kernel: Depends on container host
	Compiler: gcc (Debian 12.2.0-14) 12.2.0

Fedora 37
	Kernel: Depends on container host system
	Compiler: gcc 12.3.1 20230508 (Red Hat 12.3.1-1)

Fedora 38 (Clang)
	Kernel: Depends on container host
	Compiler: clang 16.0.6 (Fedora 16.0.6-4.fc38)

Fedora 39 (Clang)
	Kernel: Depends on container host
	Compiler: clang 17.0.6 (Fedora 17.0.6-2.fc39)

Fedora 39
	Kernel: Depends on container host
	Compiler: gcc 13.3.1 20240522 (Red Hat 13.3.1-1)

Fedora 40 (Clang)
	Kernel: Depends on container host
	Compiler: clang 18.1.6 (Fedora 18.1.6-3.fc40)

Fedora 40
	Kernel: Depends on container host
	Compiler: gcc 14.2.1 20240801 (Red Hat 14.2.1-1)

openSUSE Leap 15
	Kernel: Depends on container host
	Compiler: gcc (SUSE Linux) 7.5.0

RHEL8
	Kernel: Depends on container host
	Compiler: gcc 8.5.0 20210514 (Red Hat 8.5.0-22)

RHEL9
	Kernel: Depends on container host
	Compiler: gcc 11.4.1 20231218 (Red Hat 11.4.1-3)

Ubuntu 20.04
	Kernel: Depends on container host
	Compiler: gcc (Ubuntu 9.4.0-1ubuntu1~20.04.2) 9.4.0

Ubuntu 22.04
	Kernel: Depends on container host
	Compiler: gcc (Ubuntu 11.4.0-1ubuntu1~22.04) 11.4.0

Ubuntu 24.04
	Kernel: Depends on container host
	Compiler: gcc (Ubuntu 13.2.0-23ubuntu4) 13.2.0

Alpine
	Kernel: Depends on container host
	Compiler: gcc (Alpine 13.2.1_git20240309) 13.2.1 20240309

Fedora 38
	Kernel: Depends on container host
	Compiler: gcc 13.2.1 20240316 (Red Hat 13.2.1-7)

Windows Server 2022
	Kernel: 10.0.20348.2031
	Compiler: clang 15.0.7, gcc 14.1.0 (MinGW), and MSVC VS 19.39.33521

To view detailed results, visit:
https://lab.dpdk.org/results/dashboard/patchsets/31647/

UNH-IOL DPDK Community Lab

To manage your email subscriptions, visit: 
https://lab.dpdk.org/results/dashboard/preferences/subscriptions/