From mboxrd@z Thu Jan  1 00:00:00 1970
Return-Path: <test-report-bounces@dpdk.org>
Received: from mails.dpdk.org (mails.dpdk.org [217.70.189.124])
	by inbox.dpdk.org (Postfix) with ESMTP id 42C8545CA9
	for <public@inbox.dpdk.org>; Thu,  7 Nov 2024 13:23:31 +0100 (CET)
Received: from mails.dpdk.org (localhost [127.0.0.1])
	by mails.dpdk.org (Postfix) with ESMTP id 3F33542F06;
	Thu,  7 Nov 2024 13:23:31 +0100 (CET)
Received: from mail-ot1-f99.google.com (mail-ot1-f99.google.com
 [209.85.210.99]) by mails.dpdk.org (Postfix) with ESMTP id B3F7F42F01
 for <test-report@dpdk.org>; Thu,  7 Nov 2024 13:23:29 +0100 (CET)
Received: by mail-ot1-f99.google.com with SMTP id
 46e09a7af769-7181eb9ad46so542350a34.1
 for <test-report@dpdk.org>; Thu, 07 Nov 2024 04:23:29 -0800 (PST)
DKIM-Signature: v=1; a=rsa-sha256; c=relaxed/relaxed;
 d=iol.unh.edu; s=unh-iol; t=1730982209; x=1731587009; darn=dpdk.org;
 h=references:in-reply-to:cc:to:from:subject:message-id:date:from:to
 :cc:subject:date:message-id:reply-to;
 bh=n2RxntZ8xROcCj09gexBcXkDVgdgwAinlBwLrAzwVkI=;
 b=BWFe+WxB6SsEvL0yvSdT+D3pO+I91g9yZnnBnxFzXauTXt55NY8Fk7opP4CuvRsUkk
 0UkYguhWbIX3S1orRT8NJ7UT4Jhsn6sCvq6AhXJtynED/ttWBW5asApFQn6pfyhf9Gp3
 VciAZ0F0vL47bTYAK0Y0/lEglmj7I1Wfo5AcQ=
X-Google-DKIM-Signature: v=1; a=rsa-sha256; c=relaxed/relaxed;
 d=1e100.net; s=20230601; t=1730982209; x=1731587009;
 h=references:in-reply-to:cc:to:from:subject:message-id:date
 :x-gm-message-state:from:to:cc:subject:date:message-id:reply-to;
 bh=n2RxntZ8xROcCj09gexBcXkDVgdgwAinlBwLrAzwVkI=;
 b=INqoLMArOv2YeOkZdmjep4bEB4GjDkmdlqqzzC4De7XqXZcIO2JLVYgJe1Nk8OIa8a
 UEzbd278SUIn0uej32yB0M/h92ODcuN+IDTUNwY/iHRGKma1l1p1P/bXi9rtZh9ZnDzM
 /v1gXP5cdczMGpKmZGhfWi9lKBYYTSKw/heDYrr8Eo62vREgaVWxW3JOhcCHooWU9G1t
 aM7tTwyvA9CzLG36+CgklDV9L/JLvxftTfPGGJxnDt/q838CoaWRhknJgI0VaCsuLe8f
 QjvPI2hDsyPAfyUStn4q4dQgiKJNsT4Gasqd8oA+2Cuk4rla6Mny7kRBxUNR8mUDlu0h
 absA==
X-Gm-Message-State: AOJu0YyvUOu5kopTRSW7f6Pp7R/nmyUCTVdK4phRdh0MdPSNPfwt3MIt
 DDQ8F1a6O2jNW4NlcEZg7Kz5DsWRZVsgY5lIUBybGNMPIaF3KjNfrpNuxAYc/2shcZg7lq90cxU
 zH1egYJzy0IBNydc2Ka8agXF0Nb7/6xKujcvLupdp
X-Google-Smtp-Source: AGHT+IGk4nIaFxEyHUHdAYZGkqY+LyTT2m4hO2wwS8FyVX/roLM2yODtMa8pfnJb/GEHygduOGkYO6LuFR89
X-Received: by 2002:a05:6830:314e:b0:718:41b8:5d6d with SMTP id
 46e09a7af769-7186828d782mr39624900a34.24.1730982209064; 
 Thu, 07 Nov 2024 04:23:29 -0800 (PST)
Received: from postal.iol.unh.edu (postal.iol.unh.edu. [132.177.123.84])
 by smtp-relay.gmail.com with ESMTPS id
 41be03b00d2f7-7f41f62a958sm45596a12.25.2024.11.07.04.23.28
 (version=TLS1_2 cipher=ECDHE-ECDSA-AES128-GCM-SHA256 bits=128/128);
 Thu, 07 Nov 2024 04:23:29 -0800 (PST)
X-Relaying-Domain: iol.unh.edu
Date: Thu, 07 Nov 2024 04:23:29 -0800 (PST)
Message-ID: <672cb141.630a0220.12567.30e2SMTPIN_ADDED_MISSING@mx.google.com>
Received: from [172.17.0.3] (unknown [172.18.0.217])
 by postal.iol.unh.edu (Postfix) with ESMTP id 2CAA46052471;
 Thu,  7 Nov 2024 07:23:28 -0500 (EST)
Subject: |FAILURE| pw148030 [PATCH] [TEST,v11] ethdev: test single queue per 
From: dpdklab@iol.unh.edu
To: Test Report <test-report@dpdk.org>
Cc: dpdk-test-reports@iol.unh.edu, Morten Brorup <mb@smartsharesystems.com>
In-Reply-To: <20241107092649.1507375-1-mb@smartsharesystems.com>
References: <20241107092649.1507375-1-mb@smartsharesystems.com>
Content-Type: text/plain
X-BeenThere: test-report@dpdk.org
X-Mailman-Version: 2.1.29
Precedence: list
List-Id: automatic DPDK test reports <test-report.dpdk.org>
List-Unsubscribe: <https://mails.dpdk.org/options/test-report>,
 <mailto:test-report-request@dpdk.org?subject=unsubscribe>
List-Archive: <http://mails.dpdk.org/archives/test-report/>
List-Post: <mailto:test-report@dpdk.org>
List-Help: <mailto:test-report-request@dpdk.org?subject=help>
List-Subscribe: <https://mails.dpdk.org/listinfo/test-report>,
 <mailto:test-report-request@dpdk.org?subject=subscribe>
Errors-To: test-report-bounces@dpdk.org

Test-Label: iol-compile-amd64-testing
Test-Status: FAILURE
http://dpdk.org/patch/148030

_Testing issues_

Submitter: Morten Brorup <mb@smartsharesystems.com>
Date: Thursday, November 07 2024 09:26:49 
DPDK git baseline: Repo:dpdk
  Branch: master
  CommitID:9bbd44d63846cf0771ec0f1c7e1b5a63ec5e9603

148030 --> testing issues

Upstream job id: Generic-DPDK-Compile-Meson#330585

Test environment and result as below:

+---------------------+--------------------+------------------+-------------------+-------------------+
|     Environment     | dpdk_meson_compile | dpdk_compile_ovs | dpdk_compile_spdk | dpdk_msvc_compile |
+=====================+====================+==================+===================+===================+
| CentOS Stream 9     | PASS               | PASS             | PASS              | SKIPPED           |
+---------------------+--------------------+------------------+-------------------+-------------------+
| Debian 12           | PASS               | PASS             | PASS              | SKIPPED           |
+---------------------+--------------------+------------------+-------------------+-------------------+
| Fedora 39 (Clang)   | PASS               | PASS             | PASS              | SKIPPED           |
+---------------------+--------------------+------------------+-------------------+-------------------+
| Fedora 40           | FAIL               | WARN             | WARN              | SKIPPED           |
+---------------------+--------------------+------------------+-------------------+-------------------+
| Fedora 39           | FAIL               | WARN             | WARN              | SKIPPED           |
+---------------------+--------------------+------------------+-------------------+-------------------+
| Fedora 40 (Clang)   | PASS               | PASS             | PASS              | SKIPPED           |
+---------------------+--------------------+------------------+-------------------+-------------------+
| RHEL8               | PASS               | PASS             | SKIPPED           | SKIPPED           |
+---------------------+--------------------+------------------+-------------------+-------------------+
| RHEL9               | PASS               | PASS             | SKIPPED           | SKIPPED           |
+---------------------+--------------------+------------------+-------------------+-------------------+
| Ubuntu 20.04        | PASS               | PASS             | SKIPPED           | SKIPPED           |
+---------------------+--------------------+------------------+-------------------+-------------------+
| Ubuntu 22.04        | PASS               | PASS             | PASS              | SKIPPED           |
+---------------------+--------------------+------------------+-------------------+-------------------+
| Ubuntu 24.04        | FAIL               | WARN             | WARN              | SKIPPED           |
+---------------------+--------------------+------------------+-------------------+-------------------+
| FreeBSD 13.4        | PASS               | SKIPPED          | SKIPPED           | SKIPPED           |
+---------------------+--------------------+------------------+-------------------+-------------------+
| Alpine              | FAIL               | WARN             | SKIPPED           | SKIPPED           |
+---------------------+--------------------+------------------+-------------------+-------------------+
| FreeBSD 14.1        | PASS               | SKIPPED          | SKIPPED           | SKIPPED           |
+---------------------+--------------------+------------------+-------------------+-------------------+
| Windows Server 2022 | SKIPPED            | SKIPPED          | SKIPPED           | PASS              |
+---------------------+--------------------+------------------+-------------------+-------------------+

==== 20 line log output for Alpine (dpdk_compile_ovs): ====
 --- Failed to get log output --- 
==== End log output ====

CentOS Stream 9
	Kernel: Depends on container host
	Compiler: gcc 11.4.1 20231218 (Red Hat 11.4.1-3)

Debian 12
	Kernel: Depends on container host
	Compiler: gcc (Debian 12.2.0-14) 12.2.0

Fedora 39 (Clang)
	Kernel: Depends on container host
	Compiler: clang 17.0.6 (Fedora 17.0.6-2.fc39)

Fedora 40
	Kernel: Depends on container host
	Compiler: gcc 14.2.1 20240801 (Red Hat 14.2.1-1)

Fedora 39
	Kernel: Depends on container host
	Compiler: gcc 13.3.1 20240522 (Red Hat 13.3.1-1)

Fedora 40 (Clang)
	Kernel: Depends on container host
	Compiler: clang 18.1.6 (Fedora 18.1.6-3.fc40)

RHEL8
	Kernel: Depends on container host
	Compiler: gcc 8.5.0 20210514 (Red Hat 8.5.0-22)

RHEL9
	Kernel: Depends on container host
	Compiler: gcc 11.4.1 20231218 (Red Hat 11.4.1-3)

Ubuntu 20.04
	Kernel: Depends on container host
	Compiler: gcc (Ubuntu 9.4.0-1ubuntu1~20.04.2) 9.4.0

Ubuntu 22.04
	Kernel: Depends on container host
	Compiler: gcc (Ubuntu 11.4.0-1ubuntu1~22.04) 11.4.0

Ubuntu 24.04
	Kernel: Depends on container host
	Compiler: gcc (Ubuntu 13.2.0-23ubuntu4) 13.2.0

FreeBSD 13.4
	Kernel: 13.4-RELEASE-p1
	Compiler: clang 18.1.6

Alpine
	Kernel: Depends on container host
	Compiler: gcc (Alpine 13.2.1_git20240309) 13.2.1 20240309

FreeBSD 14.1
	Kernel: 14.1-RELEASE-p3
	Compiler: clang 18.1.5

Windows Server 2022
	Kernel: 10.0.20348.2031
	Compiler: clang 15.0.7, gcc 14.1.0 (MinGW), and MSVC VS 19.39.33521

To view detailed results, visit:
https://lab.dpdk.org/results/dashboard/patchsets/31844/

UNH-IOL DPDK Community Lab

To manage your email subscriptions, visit: 
https://lab.dpdk.org/results/dashboard/preferences/subscriptions/