From mboxrd@z Thu Jan  1 00:00:00 1970
Return-Path: <test-report-bounces@dpdk.org>
Received: from mails.dpdk.org (mails.dpdk.org [217.70.189.124])
	by inbox.dpdk.org (Postfix) with ESMTP id 1D49545CA6
	for <public@inbox.dpdk.org>; Fri,  8 Nov 2024 12:55:29 +0100 (CET)
Received: from mails.dpdk.org (localhost [127.0.0.1])
	by mails.dpdk.org (Postfix) with ESMTP id 0D6C640677;
	Fri,  8 Nov 2024 12:55:29 +0100 (CET)
Received: from mail-io1-f97.google.com (mail-io1-f97.google.com
 [209.85.166.97]) by mails.dpdk.org (Postfix) with ESMTP id 7E3854025E
 for <test-report@dpdk.org>; Fri,  8 Nov 2024 12:55:27 +0100 (CET)
Received: by mail-io1-f97.google.com with SMTP id
 ca18e2360f4ac-83aba237c03so82852739f.3
 for <test-report@dpdk.org>; Fri, 08 Nov 2024 03:55:27 -0800 (PST)
DKIM-Signature: v=1; a=rsa-sha256; c=relaxed/relaxed;
 d=iol.unh.edu; s=unh-iol; t=1731066927; x=1731671727; darn=dpdk.org;
 h=references:in-reply-to:cc:to:from:subject:message-id:date:from:to
 :cc:subject:date:message-id:reply-to;
 bh=4/ZAllJHmrh2jokT/XpZ+iHTgeoDqqeXBgRnrZlgE+k=;
 b=AJSyIuonkMx1LkHXD5rRlPBF0JQbYAdEFdU56YkGSjX+S2NyYK0SXakc3SPzli0xMM
 b/lKmILPQUcuvAt12uFs+a4jYpJYOsInlz+nKWP+FDrQTquTMod2e/N2d4OsDB4NJJ6M
 tx8YZtlJwST/d4Umw2awJ4jUeWdIsrARY6ojo=
X-Google-DKIM-Signature: v=1; a=rsa-sha256; c=relaxed/relaxed;
 d=1e100.net; s=20230601; t=1731066927; x=1731671727;
 h=references:in-reply-to:cc:to:from:subject:message-id:date
 :x-gm-message-state:from:to:cc:subject:date:message-id:reply-to;
 bh=4/ZAllJHmrh2jokT/XpZ+iHTgeoDqqeXBgRnrZlgE+k=;
 b=dTS1P8VznzQ//dOoNp1h9b9BkVEzPVUhkrhotdy80E2qYgFwxYdLxom2uKvDIQVX43
 Tf1lFw17ySO0o6vc2izOYuiS2lOJcwlhsOdxwj6k0iodMi+7NVrB7SStMMLNdhnSci79
 8HQPfPCN9Yi9O/3bB+chFQO+I8iS9M5FirMo5MA5wS4DBm9LwtIKL/pDYm9GApVoPFyl
 QB87vfHgw6NqLqaDrFWSSRXBnQk6Acd4TApbkGj1Lqk9YIZZysd3sefqkoVe9bj0MPpm
 sfLn/EiEFM8baVNJb2zPxQnrptcZ+2teC8LJjf5g3S/Yv75rl9vVSMflpgnZuy7vWz6U
 484Q==
X-Gm-Message-State: AOJu0YxMNz+XLMM98KjzYIHVH5/hYu3XqfRAT/L5MIvGnGrTvZUb1p2+
 i2zlfoyRTKylJ4mx/OytVePn0CbQY1E+XGp0sU5dpejjiyFY02pdWc/u7haL5n+4XHR1bGb207R
 k/yAAFloNyvdjsxSEbT9Su9SfciGjseOUIcY354Jc
X-Google-Smtp-Source: AGHT+IGaaeNjXsf+3fmC3zvve9kWvdjpt6/aWiwU8NCfjn5J6pWbuMlVAL5oQT8BXql7F0VzEmDNW6qrLfw6
X-Received: by 2002:a05:6602:29c7:b0:803:5e55:ecb2 with SMTP id
 ca18e2360f4ac-83e03068fe6mr347347539f.0.1731066926724; 
 Fri, 08 Nov 2024 03:55:26 -0800 (PST)
Received: from postal.iol.unh.edu (postal.iol.unh.edu. [132.177.123.84])
 by smtp-relay.gmail.com with ESMTPS id
 8926c6da1cb9f-4de5f8d3bb5sm114109173.56.2024.11.08.03.55.26
 (version=TLS1_2 cipher=ECDHE-ECDSA-AES128-GCM-SHA256 bits=128/128);
 Fri, 08 Nov 2024 03:55:26 -0800 (PST)
X-Relaying-Domain: iol.unh.edu
Date: Fri, 08 Nov 2024 03:55:26 -0800 (PST)
Message-ID: <672dfc2e.050a0220.2ccfed.7c9cSMTPIN_ADDED_MISSING@mx.google.com>
Received: from [172.21.0.6] (unknown [172.18.0.240])
 by postal.iol.unh.edu (Postfix) with ESMTP id 3F2CE6052471;
 Fri,  8 Nov 2024 06:55:26 -0500 (EST)
Subject: |FAILURE| pw148107-148125 [PATCH] [v5,20/20] app/testpmd: remove use
From: dpdklab@iol.unh.edu
To: Test Report <test-report@dpdk.org>
Cc: dpdk-test-reports@iol.unh.edu,
 Andre Muezerie <andremue@linux.microsoft.com>
In-Reply-To: <1731026691-1529-21-git-send-email-andremue@linux.microsoft.com>
References: <1731026691-1529-21-git-send-email-andremue@linux.microsoft.com>
Content-Type: text/plain
X-BeenThere: test-report@dpdk.org
X-Mailman-Version: 2.1.29
Precedence: list
List-Id: automatic DPDK test reports <test-report.dpdk.org>
List-Unsubscribe: <https://mails.dpdk.org/options/test-report>,
 <mailto:test-report-request@dpdk.org?subject=unsubscribe>
List-Archive: <http://mails.dpdk.org/archives/test-report/>
List-Post: <mailto:test-report@dpdk.org>
List-Help: <mailto:test-report-request@dpdk.org?subject=help>
List-Subscribe: <https://mails.dpdk.org/listinfo/test-report>,
 <mailto:test-report-request@dpdk.org?subject=subscribe>
Errors-To: test-report-bounces@dpdk.org

Test-Label: iol-unit-amd64-testing
Test-Status: FAILURE
http://dpdk.org/patch/148125

_Testing issues_

Submitter: Andre Muezerie <andremue@linux.microsoft.com>
Date: Friday, November 08 2024 00:44:51 
DPDK git baseline: Repo:dpdk
  Branch: master
  CommitID:18b5049ab4fecda6ad303606cc265d923b56da14

148107-148125 --> testing issues

Upstream job id: Generic-Unit-Test-DPDK#289451

Test environment and result as below:

+---------------------+----------------+
|     Environment     | dpdk_unit_test |
+=====================+================+
| CentOS Stream 9     | PASS           |
+---------------------+----------------+
| Fedora 39           | PASS           |
+---------------------+----------------+
| Debian 12           | PASS           |
+---------------------+----------------+
| Fedora 40 (Clang)   | PASS           |
+---------------------+----------------+
| Fedora 39 (Clang)   | PASS           |
+---------------------+----------------+
| Fedora 40           | PASS           |
+---------------------+----------------+
| Ubuntu 22.04        | PASS           |
+---------------------+----------------+
| Ubuntu 20.04        | PEND           |
+---------------------+----------------+
| RHEL9               | PEND           |
+---------------------+----------------+
| RHEL8               | PEND           |
+---------------------+----------------+
| Ubuntu 24.04        | PEND           |
+---------------------+----------------+
| Windows Server 2022 | FAIL           |
+---------------------+----------------+

==== Unit test summary for Windows Server 2022 (dpdk_unit_test): ====
Failed to get the unit test results.
Displaying the unit test results is not supported for some environments,
such as our aarch32 testing, where meson is not used to run the tests.
Download the logs available on our CI site.
==== End log output ====

CentOS Stream 9
	Kernel: Depends on container host
	Compiler: gcc 11.4.1 20231218 (Red Hat 11.4.1-3)

Fedora 39
	Kernel: Depends on container host
	Compiler: gcc 13.3.1 20240522 (Red Hat 13.3.1-1)

Debian 12
	Kernel: Depends on container host
	Compiler: gcc (Debian 12.2.0-14) 12.2.0

Fedora 40 (Clang)
	Kernel: Depends on container host
	Compiler: clang 18.1.6 (Fedora 18.1.6-3.fc40)

Fedora 39 (Clang)
	Kernel: Depends on container host
	Compiler: clang 17.0.6 (Fedora 17.0.6-2.fc39)

Fedora 40
	Kernel: Depends on container host
	Compiler: gcc 14.2.1 20240801 (Red Hat 14.2.1-1)

Ubuntu 22.04
	Kernel: Depends on container host
	Compiler: gcc (Ubuntu 11.4.0-1ubuntu1~22.04) 11.4.0

Ubuntu 20.04
	Kernel: Depends on container host
	Compiler: gcc (Ubuntu 9.4.0-1ubuntu1~20.04.2) 9.4.0

RHEL9
	Kernel: Depends on container host
	Compiler: gcc 11.4.1 20231218 (Red Hat 11.4.1-3)

RHEL8
	Kernel: Depends on container host
	Compiler: gcc 8.5.0 20210514 (Red Hat 8.5.0-22)

Ubuntu 24.04
	Kernel: Depends on container host
	Compiler: gcc (Ubuntu 13.2.0-23ubuntu4) 13.2.0

Windows Server 2022
	Kernel: 10.0.20348.2031
	Compiler: clang 15.0.7, gcc 14.1.0 (MinGW), and MSVC VS 19.39.33521

To view detailed results, visit:
https://lab.dpdk.org/results/dashboard/patchsets/31855/

UNH-IOL DPDK Community Lab

To manage your email subscriptions, visit: 
https://lab.dpdk.org/results/dashboard/preferences/subscriptions/