From mboxrd@z Thu Jan  1 00:00:00 1970
Return-Path: <test-report-bounces@dpdk.org>
Received: from mails.dpdk.org (mails.dpdk.org [217.70.189.124])
	by inbox.dpdk.org (Postfix) with ESMTP id 32E2045D16
	for <public@inbox.dpdk.org>; Fri, 15 Nov 2024 21:33:38 +0100 (CET)
Received: from mails.dpdk.org (localhost [127.0.0.1])
	by mails.dpdk.org (Postfix) with ESMTP id 2F34040687;
	Fri, 15 Nov 2024 21:33:38 +0100 (CET)
Received: from mail-qt1-f225.google.com (mail-qt1-f225.google.com
 [209.85.160.225])
 by mails.dpdk.org (Postfix) with ESMTP id 5EB7A40615
 for <test-report@dpdk.org>; Fri, 15 Nov 2024 21:33:37 +0100 (CET)
Received: by mail-qt1-f225.google.com with SMTP id
 d75a77b69052e-460af1a1154so7289941cf.0
 for <test-report@dpdk.org>; Fri, 15 Nov 2024 12:33:37 -0800 (PST)
DKIM-Signature: v=1; a=rsa-sha256; c=relaxed/relaxed;
 d=iol.unh.edu; s=unh-iol; t=1731702816; x=1732307616; darn=dpdk.org;
 h=references:in-reply-to:cc:to:from:subject:message-id:date:from:to
 :cc:subject:date:message-id:reply-to;
 bh=d5KlMjs6mMUmsB96vvzf//1f7H58Dd8myAS8fcQEERw=;
 b=EEZj4RLLxiVKvHTyxg11W5hG4fYtkroLxrEwS7S2aFwdVUB31eeDNvrVStPUO0s+cg
 jah9YL84axbiKnHZjJMIiXfHwH0vpbmJXZphodiKUAQ4UL9fQycRlwgKeP/54o6yUeH8
 iVRbf0+UsbkNJcNS7RASiQHLqpGco+7kPrhZo=
X-Google-DKIM-Signature: v=1; a=rsa-sha256; c=relaxed/relaxed;
 d=1e100.net; s=20230601; t=1731702816; x=1732307616;
 h=references:in-reply-to:cc:to:from:subject:message-id:date
 :x-gm-message-state:from:to:cc:subject:date:message-id:reply-to;
 bh=d5KlMjs6mMUmsB96vvzf//1f7H58Dd8myAS8fcQEERw=;
 b=HVNUMtEU+d8Rvc6zV7GOrjcD63wFsvBm7U5xHqEUlCHpyyjhWR1pkhIUy7zbIGbaji
 1hpWhW3pflwctB/atXIL8ug4FsjTT7oCd73oFFEsSLrLMiYlprmZmmPURbtGu+Ag/F2n
 qMDDcsH8COyj6Zhhv/Da/yYzJx/SaHnimWSy3kdCHg8+ngexAadurKXFfB69mFLI+tez
 u4LHr9omf/zz+PidD8SwXa8uEvWAnMqbMNDn1FLqCjT7qwZ3FUghdTLDBrPlPWziugSa
 n7tX0tfJOU5DrVeUaBT6iS+mp4B7SCOGgDXP39KDydktybhkSquJjaz5JQopBSC3udTj
 LlxQ==
X-Gm-Message-State: AOJu0YxlgMPTH7EBdC5SCKeo/WzCl9UmENgR4PU9xPYFLv61QqdQbQtl
 kB6UPLxSEOkz+WseY3o9mbZtfQZfYZdqehFvdXdihj807Zfce2XXNY6/4S0CZcq58YjjA1cEgtz
 gvUHosbnEbmUhtkFoL14NCCHOkKtiNB1tVs5941b+yNWv+E+yxR4k850k
X-Google-Smtp-Source: AGHT+IHvKq6qRmiJcjO6dpO6Owg3Aq9eesgvpuEzMeBoy7D2ymHg2ycYw+FfVsXm30WRRcCZFNARKzUpSiM1
X-Received: by 2002:a05:6214:5f04:b0:6d3:9da1:d416 with SMTP id
 6a1803df08f44-6d3fb7eba78mr47523366d6.20.1731702816627; 
 Fri, 15 Nov 2024 12:33:36 -0800 (PST)
Received: from postal.iol.unh.edu (postal.iol.unh.edu.
 [2606:4100:3880:1234::84]) by smtp-relay.gmail.com with ESMTPS id
 6a1803df08f44-6d40db82357sm57686d6.5.2024.11.15.12.33.36
 (version=TLS1_2 cipher=ECDHE-ECDSA-AES128-GCM-SHA256 bits=128/128);
 Fri, 15 Nov 2024 12:33:36 -0800 (PST)
X-Relaying-Domain: iol.unh.edu
Date: Fri, 15 Nov 2024 12:33:36 -0800 (PST)
Message-ID: <6737b020.050a0220.87d70.0626SMTPIN_ADDED_MISSING@mx.google.com>
Received: from [172.17.0.4] (unknown [172.18.0.217])
 by postal.iol.unh.edu (Postfix) with ESMTP id 5FD216052471;
 Fri, 15 Nov 2024 15:33:36 -0500 (EST)
Subject: |FAILURE| pw148548 [PATCH] [v2] eal/linux: fix fbarray name with mul
From: dpdklab@iol.unh.edu
To: Test Report <test-report@dpdk.org>
Cc: dpdk-test-reports@iol.unh.edu, Congjie Zhou <zcjie0802@qq.com>
In-Reply-To: <tencent_0B9C25BDE8192439C88141D4EFDC0BEB8D07@qq.com>
References: <tencent_0B9C25BDE8192439C88141D4EFDC0BEB8D07@qq.com>
Content-Type: text/plain
X-BeenThere: test-report@dpdk.org
X-Mailman-Version: 2.1.29
Precedence: list
List-Id: automatic DPDK test reports <test-report.dpdk.org>
List-Unsubscribe: <https://mails.dpdk.org/options/test-report>,
 <mailto:test-report-request@dpdk.org?subject=unsubscribe>
List-Archive: <http://mails.dpdk.org/archives/test-report/>
List-Post: <mailto:test-report@dpdk.org>
List-Help: <mailto:test-report-request@dpdk.org?subject=help>
List-Subscribe: <https://mails.dpdk.org/listinfo/test-report>,
 <mailto:test-report-request@dpdk.org?subject=subscribe>
Errors-To: test-report-bounces@dpdk.org

Test-Label: iol-compile-arm64-testing
Test-Status: FAILURE
http://dpdk.org/patch/148548

_Testing issues_

Submitter: Congjie Zhou <zcjie0802@qq.com>
Date: Friday, November 15 2024 07:50:08 
DPDK git baseline: Repo:dpdk
  Branch: master
  CommitID:78383e9816a8efe2ba16ec2ce65d51b94e6114e7

148548 --> testing issues

Upstream job id: Generic-DPDK-Compile-Meson#334286

Test environment and result as below:

+----------------------------------------+--------------------+
|              Environment               | dpdk_meson_compile |
+========================================+====================+
| RHEL9 (ARM)                            | FAIL               |
+----------------------------------------+--------------------+
| Ubuntu 20.04 ARM GCC Cross Compile     | FAIL               |
+----------------------------------------+--------------------+
| Ubuntu 20.04 ARM SVE                   | FAIL               |
+----------------------------------------+--------------------+
| Fedora 39 (ARM)                        | FAIL               |
+----------------------------------------+--------------------+
| Fedora 40 (ARM)                        | FAIL               |
+----------------------------------------+--------------------+
| Debian 12 with MUSDK                   | FAIL               |
+----------------------------------------+--------------------+
| Fedora 40 (ARM Clang)                  | FAIL               |
+----------------------------------------+--------------------+
| Ubuntu 24.04 (ARM)                     | FAIL               |
+----------------------------------------+--------------------+
| Ubuntu 22.04 (ARM)                     | FAIL               |
+----------------------------------------+--------------------+
| Ubuntu 20.04 ARM Clang Cross Compile   | FAIL               |
+----------------------------------------+--------------------+
| CentOS Stream 9 (ARM)                  | FAIL               |
+----------------------------------------+--------------------+
| Debian 12 (arm)                        | FAIL               |
+----------------------------------------+--------------------+
| Fedora 39 (ARM Clang)                  | FAIL               |
+----------------------------------------+--------------------+
| Ubuntu 20.04 aarch32 GCC Cross Compile | FAIL               |
+----------------------------------------+--------------------+
| Ubuntu 20.04 (ARM)                     | FAIL               |
+----------------------------------------+--------------------+

==== 20 line log output for Ubuntu 20.04 (ARM) (dpdk_meson_compile): ====
[84/3322] Compiling C object lib/librte_eal.a.p/eal_linux_eal_memalloc.c.o
FAILED: lib/librte_eal.a.p/eal_linux_eal_memalloc.c.o
ccache cc -Ilib/librte_eal.a.p -Ilib -I../lib -I. -I.. -Iconfig -I../config -Ilib/eal/include -I../lib/eal/include -Ilib/eal/linux/include -I../lib/eal/linux/include -Ilib/eal/arm/include -I../lib/eal/arm/include -I../kernel/linux -Ilib/eal/common -I../lib/eal/common -Ilib/eal -I../lib/eal -Ilib/kvargs -I../lib/kvargs -Ilib/log -I../lib/log -Ilib/metrics -I../lib/metrics -Ilib/telemetry -I../lib/telemetry -fdiagnostics-color=always -pipe -D_FILE_OFFSET_BITS=64 -Wall -Winvalid-pch -Wextra -Werror -std=c11 -O3 -include rte_config.h -Wcast-qual -Wdeprecated -Wformat -Wformat-nonliteral -Wformat-security -Wmissing-declarations -Wmissing-prototypes -Wnested-externs -Wold-style-definition -Wpointer-arith -Wsign-compare -Wstrict-prototypes -Wundef -Wwrite-strings -Wno-packed-not-aligned -Wno-missing-field-initializers -D_GNU_SOURCE -fPIC -mcpu=thunderx2t99+crc+crypto -DALLOW_EXPERIMENTAL_API -DALLOW_INTERNAL_API -Wno-format-truncation '-DABI_VERSION="25.0"' -DRTE_LOG_DEFAULT_LOGTYPE=lib.eal
  -MD -MQ lib/librte_eal.a.p/eal_linux_eal_memalloc.c.o -MF lib/librte_eal.a.p/eal_linux_eal_memalloc.c.o.d -o lib/librte_eal.a.p/eal_linux_eal_memalloc.c.o -c ../lib/eal/linux/eal_memalloc.c
../lib/eal/linux/eal_memalloc.c: In function 'secondary_msl_create_walk':
../lib/eal/linux/eal_memalloc.c:1452:43: error: implicit declaration of function 'rte_get_tsc_cycles' [-Werror=implicit-function-declaration]
1452 |   primary_msl->memseg_arr.name, getpid(), rte_get_tsc_cycles());
|                                           ^~~~~~~~~~~~~~~~~~
../lib/eal/linux/eal_memalloc.c:1452:43: error: nested extern declaration of 'rte_get_tsc_cycles' [-Werror=nested-externs]
../lib/eal/linux/eal_memalloc.c:1451:39: error: format '%lx' expects argument of type 'long unsigned int', but argument 6 has type 'int' [-Werror=format=]
1451 |  snprintf(name, RTE_FBARRAY_NAME_LEN, "%s_%i_%"PRIx64,
|                                       ^~~~~~~~~
1452 |   primary_msl->memseg_arr.name, getpid(), rte_get_tsc_cycles());
|                                           ~~~~~~~~~~~~~~~~~~~~
|                                           |
|                                           int
In file included from ../lib/eal/linux/eal_memalloc.c:19:
/usr/include/inttypes.h:121:34: note: format string is defined here
121 | # define PRIx64  __PRI64_PREFIX "x"
cc1: all warnings being treated as errors
ninja: build stopped: subcommand failed.
==== End log output ====

RHEL9 (ARM)
	Kernel: Depends on container host
	Compiler: gcc 11.4.1 20231218 (Red Hat 11.4.1-3)

Ubuntu 20.04 ARM GCC Cross Compile
	Kernel: Depends on container host
	Compiler: aarch64-linux-gnu-gcc (Ubuntu 9.4.0-1ubuntu1~20.04.2) 9.4.0

Ubuntu 20.04 ARM SVE
	Kernel: Depends on container host
	Compiler: gcc (Ubuntu 10.5.0-1ubuntu1~20.04) 10.5.0

Fedora 39 (ARM)
	Kernel: Depends on container host
	Compiler: gcc 13.3.1 20240522 (Red Hat 13.3.1-1)

Fedora 40 (ARM)
	Kernel: Depends on container host
	Compiler: gcc 14.2.1 20240801 (Red Hat 14.2.1-1)

Debian 12 with MUSDK
	Kernel: Depends on container host
	Compiler: gcc (Debian 12.2.0-14) 12.2.0

Fedora 40 (ARM Clang)
	Kernel: Depends on container host
	Compiler: clang 18.1.6 (Fedora 18.1.6-3.fc40)

Ubuntu 24.04 (ARM)
	Kernel: Depends on container host
	Compiler: gcc (Ubuntu 13.2.0-23ubuntu4) 13.2.0

Ubuntu 22.04 (ARM)
	Kernel: Depends on container host
	Compiler: gcc (Ubuntu 11.4.0-1ubuntu1~22.04) 11.4.0

Ubuntu 20.04 ARM Clang Cross Compile
	Kernel: Depends on container host
	Compiler: clang 10.0.0-4ubuntu1

CentOS Stream 9 (ARM)
	Kernel: Depends on container host
	Compiler: gcc 11.4.1 20231218 (Red Hat 11.4.1-3)

Debian 12 (arm)
	Kernel: Depends on container host
	Compiler: gcc (Debian 12.2.0-14) 12.2.0

Fedora 39 (ARM Clang)
	Kernel: Depends on container host
	Compiler: clang 17.0.6 (Fedora 17.0.6-2.fc39)

Ubuntu 20.04 aarch32 GCC Cross Compile
	Kernel: Depends on container host
	Compiler: gcc 9.4.0

Ubuntu 20.04 (ARM)
	Kernel: Depends on container host
	Compiler: gcc (Ubuntu 9.4.0-1ubuntu1~20.04.2) 9.4.0

To view detailed results, visit:
https://lab.dpdk.org/results/dashboard/patchsets/31945/

UNH-IOL DPDK Community Lab

To manage your email subscriptions, visit: 
https://lab.dpdk.org/results/dashboard/preferences/subscriptions/