From mboxrd@z Thu Jan  1 00:00:00 1970
Return-Path: <test-report-bounces@dpdk.org>
Received: from mails.dpdk.org (mails.dpdk.org [217.70.189.124])
	by inbox.dpdk.org (Postfix) with ESMTP id B135245D1F
	for <public@inbox.dpdk.org>; Sat, 16 Nov 2024 11:41:13 +0100 (CET)
Received: from mails.dpdk.org (localhost [127.0.0.1])
	by mails.dpdk.org (Postfix) with ESMTP id 97155402E3;
	Sat, 16 Nov 2024 11:41:13 +0100 (CET)
Received: from mail-pl1-f227.google.com (mail-pl1-f227.google.com
 [209.85.214.227])
 by mails.dpdk.org (Postfix) with ESMTP id 56CEF402AB
 for <test-report@dpdk.org>; Sat, 16 Nov 2024 11:41:11 +0100 (CET)
Received: by mail-pl1-f227.google.com with SMTP id
 d9443c01a7336-20c693b68f5so16089305ad.1
 for <test-report@dpdk.org>; Sat, 16 Nov 2024 02:41:11 -0800 (PST)
DKIM-Signature: v=1; a=rsa-sha256; c=relaxed/relaxed;
 d=iol.unh.edu; s=unh-iol; t=1731753670; x=1732358470; darn=dpdk.org;
 h=references:in-reply-to:cc:to:from:subject:message-id:date:from:to
 :cc:subject:date:message-id:reply-to;
 bh=z5hh4+GRlIHFNZYQgqMJwlBxBNWNupW6S+AnQRb6qPc=;
 b=XBABB8Z0q0MjJd2ZYZyt2QcIQByOEGQvy2gEUH3OXG62N2xgYRF4vJo/mRfPqUE7gt
 8hsRPGTNNXyUVmHpSOGS9YGyFIcFgDGstYTuXBrHfZIbyRKTcKDP1mgva4Mati7XAIJz
 m1aWXPEprakeWEg66cFA0NEhSXt4mHQ3CUwtM=
X-Google-DKIM-Signature: v=1; a=rsa-sha256; c=relaxed/relaxed;
 d=1e100.net; s=20230601; t=1731753670; x=1732358470;
 h=references:in-reply-to:cc:to:from:subject:message-id:date
 :x-gm-message-state:from:to:cc:subject:date:message-id:reply-to;
 bh=z5hh4+GRlIHFNZYQgqMJwlBxBNWNupW6S+AnQRb6qPc=;
 b=tWi/q6+GhmJ9Ez0nvBL72w3OGwZhx2ozo/O1IhOSsPs4vcy1WBNonseEqIaCCl3u6n
 K3qUhjE2fXspCbH5VzmEUJEfuZse3/OTe6Y++nRx8smHDdA3lcPXeBiLzSbTlgR0+ivS
 6gNALuzWgV+4caoyaamMjyjIYJn0X3RZrjt8+3m/U9ZqNyGK+4q90MZi4kYG/K2AT3vG
 m0FKL1JJcHNaWBjApwj2e4bVokgxm6Kidr5Wr2FlYXZKDgkkyC2HolEF8QKfj8r2zkXA
 fdfFRAfHTj8/1Ik6zrzdCDNfk9oNs8QEP0WVS3iZCKMzJUeA0/NiIjzWlzP0uCyZxgjg
 5QLA==
X-Gm-Message-State: AOJu0YxRByPfVnvzPJm3pwMWiiiit6ymlaaU50/Q+sNrMuEW/cctlU1Q
 vSQvF+sX7HLm/oMmYxjvW6zw/32qj3Fp9iQ+kud4AcMl51OVWJM1nPP1XZf5xs9eI0oC8DVxqz8
 3BBjBrSUaJxPMvFmjPazG48Ul0kyCzbhY
X-Google-Smtp-Source: AGHT+IHh/qmvuIldTR++XL1k0cftCRnwrBAaOeiCVtL4t0nmb9wFiZEW7OtuxHzCptgDUEj81N4F1l6c+x/I
X-Received: by 2002:a17:902:da91:b0:206:9a3f:15e5 with SMTP id
 d9443c01a7336-211d0d92220mr88128305ad.32.1731753670467; 
 Sat, 16 Nov 2024 02:41:10 -0800 (PST)
Received: from postal.iol.unh.edu (postal.iol.unh.edu. [132.177.123.84])
 by smtp-relay.gmail.com with ESMTPS id
 d9443c01a7336-211d0f3d30esm2008535ad.92.2024.11.16.02.41.10
 (version=TLS1_2 cipher=ECDHE-ECDSA-AES128-GCM-SHA256 bits=128/128);
 Sat, 16 Nov 2024 02:41:10 -0800 (PST)
X-Relaying-Domain: iol.unh.edu
Date: Sat, 16 Nov 2024 02:41:10 -0800 (PST)
Message-ID: <673876c6.170a0220.2fa42e.8e5bSMTPIN_ADDED_MISSING@mx.google.com>
Received: from [172.21.0.5] (unknown [172.18.0.240])
 by postal.iol.unh.edu (Postfix) with ESMTP id 9BA316052471;
 Sat, 16 Nov 2024 05:41:09 -0500 (EST)
Subject: |FAILURE| pw148564-148565 [PATCH] [2/2] net/bnxt: add support for Rx
From: dpdklab@iol.unh.edu
To: Test Report <test-report@dpdk.org>
Cc: dpdk-test-reports@iol.unh.edu, Ajit Khaparde <ajit.khaparde@broadcom.com>
In-Reply-To: <20241116011249.48013-2-ajit.khaparde@broadcom.com>
References: <20241116011249.48013-2-ajit.khaparde@broadcom.com>
Content-Type: text/plain
X-BeenThere: test-report@dpdk.org
X-Mailman-Version: 2.1.29
Precedence: list
List-Id: automatic DPDK test reports <test-report.dpdk.org>
List-Unsubscribe: <https://mails.dpdk.org/options/test-report>,
 <mailto:test-report-request@dpdk.org?subject=unsubscribe>
List-Archive: <http://mails.dpdk.org/archives/test-report/>
List-Post: <mailto:test-report@dpdk.org>
List-Help: <mailto:test-report-request@dpdk.org?subject=help>
List-Subscribe: <https://mails.dpdk.org/listinfo/test-report>,
 <mailto:test-report-request@dpdk.org?subject=subscribe>
Errors-To: test-report-bounces@dpdk.org

Test-Label: iol-compile-arm64-testing
Test-Status: FAILURE
http://dpdk.org/patch/148565

_Testing issues_

Submitter: Ajit Khaparde <ajit.khaparde@broadcom.com>
Date: Saturday, November 16 2024 01:12:49 
DPDK git baseline: Repo:dpdk
  Branch: master
  CommitID:664c2350a92549c0754f1ead6514a3dc626d089a

148564-148565 --> testing issues

Upstream job id: Generic-DPDK-Compile-Meson#334665

Test environment and result as below:

+----------------------------------------+--------------------+
|              Environment               | dpdk_meson_compile |
+========================================+====================+
| RHEL9 (ARM)                            | PASS               |
+----------------------------------------+--------------------+
| Ubuntu 20.04 ARM GCC Cross Compile     | FAIL               |
+----------------------------------------+--------------------+
| Ubuntu 20.04 ARM SVE                   | PASS               |
+----------------------------------------+--------------------+
| Fedora 39 (ARM Clang)                  | PASS               |
+----------------------------------------+--------------------+
| Fedora 40 (ARM Clang)                  | PASS               |
+----------------------------------------+--------------------+
| Fedora 39 (ARM)                        | PASS               |
+----------------------------------------+--------------------+
| Debian 12 with MUSDK                   | PASS               |
+----------------------------------------+--------------------+
| Ubuntu 20.04 (ARM)                     | PASS               |
+----------------------------------------+--------------------+
| CentOS Stream 9 (ARM)                  | PASS               |
+----------------------------------------+--------------------+
| Ubuntu 22.04 (ARM)                     | PASS               |
+----------------------------------------+--------------------+
| Ubuntu 24.04 (ARM)                     | PASS               |
+----------------------------------------+--------------------+
| Debian 12 (arm)                        | PASS               |
+----------------------------------------+--------------------+
| Ubuntu 20.04 aarch32 GCC Cross Compile | FAIL               |
+----------------------------------------+--------------------+
| Ubuntu 20.04 ARM Clang Cross Compile   | FAIL               |
+----------------------------------------+--------------------+
| Fedora 40 (ARM)                        | PASS               |
+----------------------------------------+--------------------+

==== 20 line log output for Ubuntu 20.04 ARM Clang Cross Compile (dpdk_meson_compile): ====
(ptp_data->tstamp4.tv_nsec));
~~~~~~~~^
../examples/ptpclient/ptpclient.c:314:25: note: forward declaration of 'struct ptpv2_data_slave_ordinary'
print_clock_info(struct ptpv2_data_slave_ordinary *ptp_data)
^
../examples/ptpclient/ptpclient.c:347:12: error: incomplete definition of type 'struct ptpv2_data_slave_ordinary'
ptp_data->delta);
~~~~~~~~^
../examples/ptpclient/ptpclient.c:314:25: note: forward declaration of 'struct ptpv2_data_slave_ordinary'
print_clock_info(struct ptpv2_data_slave_ordinary *ptp_data)
^
../examples/ptpclient/ptpclient.c:350:38: error: incomplete definition of type 'struct ptpv2_data_slave_ordinary'
rte_eth_timesync_read_time(ptp_data->current_ptp_port,
~~~~~~~~^
../examples/ptpclient/ptpclient.c:314:25: note: forward declaration of 'struct ptpv2_data_slave_ordinary'
print_clock_info(struct ptpv2_data_slave_ordinary *ptp_data)
^
fatal error: too many errors emitted, stopping now [-ferror-limit=]
20 errors generated.
ninja: build stopped: subcommand failed.
==== End log output ====

RHEL9 (ARM)
	Kernel: Depends on container host
	Compiler: gcc 11.4.1 20231218 (Red Hat 11.4.1-3)

Ubuntu 20.04 ARM GCC Cross Compile
	Kernel: Depends on container host
	Compiler: aarch64-linux-gnu-gcc (Ubuntu 9.4.0-1ubuntu1~20.04.2) 9.4.0

Ubuntu 20.04 ARM SVE
	Kernel: Depends on container host
	Compiler: gcc (Ubuntu 10.5.0-1ubuntu1~20.04) 10.5.0

Fedora 39 (ARM Clang)
	Kernel: Depends on container host
	Compiler: clang 17.0.6 (Fedora 17.0.6-2.fc39)

Fedora 40 (ARM Clang)
	Kernel: Depends on container host
	Compiler: clang 18.1.6 (Fedora 18.1.6-3.fc40)

Fedora 39 (ARM)
	Kernel: Depends on container host
	Compiler: gcc 13.3.1 20240522 (Red Hat 13.3.1-1)

Debian 12 with MUSDK
	Kernel: Depends on container host
	Compiler: gcc (Debian 12.2.0-14) 12.2.0

Ubuntu 20.04 (ARM)
	Kernel: Depends on container host
	Compiler: gcc (Ubuntu 9.4.0-1ubuntu1~20.04.2) 9.4.0

CentOS Stream 9 (ARM)
	Kernel: Depends on container host
	Compiler: gcc 11.4.1 20231218 (Red Hat 11.4.1-3)

Ubuntu 22.04 (ARM)
	Kernel: Depends on container host
	Compiler: gcc (Ubuntu 11.4.0-1ubuntu1~22.04) 11.4.0

Ubuntu 24.04 (ARM)
	Kernel: Depends on container host
	Compiler: gcc (Ubuntu 13.2.0-23ubuntu4) 13.2.0

Debian 12 (arm)
	Kernel: Depends on container host
	Compiler: gcc (Debian 12.2.0-14) 12.2.0

Ubuntu 20.04 aarch32 GCC Cross Compile
	Kernel: Depends on container host
	Compiler: gcc 9.4.0

Ubuntu 20.04 ARM Clang Cross Compile
	Kernel: Depends on container host
	Compiler: clang 10.0.0-4ubuntu1

Fedora 40 (ARM)
	Kernel: Depends on container host
	Compiler: gcc 14.2.1 20240801 (Red Hat 14.2.1-1)

To view detailed results, visit:
https://lab.dpdk.org/results/dashboard/patchsets/31952/

UNH-IOL DPDK Community Lab

To manage your email subscriptions, visit: 
https://lab.dpdk.org/results/dashboard/preferences/subscriptions/