From mboxrd@z Thu Jan  1 00:00:00 1970
Return-Path: <test-report-bounces@dpdk.org>
Received: from mails.dpdk.org (mails.dpdk.org [217.70.189.124])
	by inbox.dpdk.org (Postfix) with ESMTP id 6420045D4C
	for <public@inbox.dpdk.org>; Wed, 20 Nov 2024 04:52:48 +0100 (CET)
Received: from mails.dpdk.org (localhost [127.0.0.1])
	by mails.dpdk.org (Postfix) with ESMTP id 3EC6342EC8;
	Wed, 20 Nov 2024 04:52:48 +0100 (CET)
Received: from mail-qv1-f99.google.com (mail-qv1-f99.google.com
 [209.85.219.99]) by mails.dpdk.org (Postfix) with ESMTP id EBC7B40144
 for <test-report@dpdk.org>; Wed, 20 Nov 2024 04:52:46 +0100 (CET)
Received: by mail-qv1-f99.google.com with SMTP id
 6a1803df08f44-6d419832bf5so31024326d6.1
 for <test-report@dpdk.org>; Tue, 19 Nov 2024 19:52:46 -0800 (PST)
DKIM-Signature: v=1; a=rsa-sha256; c=relaxed/relaxed;
 d=iol.unh.edu; s=unh-iol; t=1732074766; x=1732679566; darn=dpdk.org;
 h=references:in-reply-to:cc:to:from:subject:message-id:date:from:to
 :cc:subject:date:message-id:reply-to;
 bh=INZg2huc0DngqArxnK5GqiEDdTIc8in8s+g2xU5MIAU=;
 b=IO5RiMjLqS9bIJpL2tBZRsQbiFWx9oCLNwwtZIBfHv7kkQMc7esV9lRM9j4B/H2M17
 9uhzzWXCO3jlZiJ1dxuFtco5jameD+/aAb57rLIWO5DESF/LsnuzgRdp0nQqL++zpa8H
 dy9A+SXhHSucUap3Eos0uVjiBvvxQbtG1Ov0g=
X-Google-DKIM-Signature: v=1; a=rsa-sha256; c=relaxed/relaxed;
 d=1e100.net; s=20230601; t=1732074766; x=1732679566;
 h=references:in-reply-to:cc:to:from:subject:message-id:date
 :x-gm-message-state:from:to:cc:subject:date:message-id:reply-to;
 bh=INZg2huc0DngqArxnK5GqiEDdTIc8in8s+g2xU5MIAU=;
 b=tVveIW4d8wYLzFn7N8/tbXGj3J8/6GwChCXLI5FZQsC7K4cw0ARbiJACAPxEaCQWmi
 iyD3d72c7mASS3xAr8F1TKvrZFlWZdntdmRf++oUlWvf6KbIPUcYGN7FCsvD8HHf2KOG
 CPKhGpWLjCu5yI+HjuF26uymfmCBWFjuOJfECXY7fcAxAQiIB+mghqZ59PRms1SEBlRD
 0dGyh9lc4+ySNmpea+4P1+MgKsnPmG8v7gSI5ZTicdkp4OWFxiAdGo9QErer5iygXyVg
 9MK/lGuDnJG5vyD9GeqcNYxD+fslq3Qm5BkGiVp6jncTKNl7Gxel62ZihZoE8CrApUA/
 Qukg==
X-Gm-Message-State: AOJu0YzrJlJQHLigELb/KFa0jT/f3hgXzoOaYDNMSzC/3GOsvVXxv77A
 p1Xm430h14RKd8d16Mv/TMi78OJf838LJpPpkeAxYFQEXbai9TmDOi1FavLpkdq57DI16UakgVP
 Zy5TuCA/VnxSohVWRFojK4jwn9t1GcdMAnR5guZu2Wl/x++3cP/+rOCX6
X-Google-Smtp-Source: AGHT+IE2xXXEf+V5CR7c6yYXE3N+C2LkG4jKMgKfCBkF4/gK3sO5RFrMKEI5knl0/zU4NK9L/HJ3eAlGRot7
X-Received: by 2002:a05:6214:c25:b0:6d4:2c85:a8f with SMTP id
 6a1803df08f44-6d4377986c6mr19181976d6.14.1732074766228; 
 Tue, 19 Nov 2024 19:52:46 -0800 (PST)
Received: from postal.iol.unh.edu (postal.iol.unh.edu.
 [2606:4100:3880:1234::84]) by smtp-relay.gmail.com with ESMTPS id
 6a1803df08f44-6d43813aff5sm453086d6.66.2024.11.19.19.52.46
 (version=TLS1_2 cipher=ECDHE-ECDSA-AES128-GCM-SHA256 bits=128/128);
 Tue, 19 Nov 2024 19:52:46 -0800 (PST)
X-Relaying-Domain: iol.unh.edu
Date: Tue, 19 Nov 2024 19:52:46 -0800 (PST)
Message-ID: <673d5d0e.d40a0220.2cbf2b.31e7SMTPIN_ADDED_MISSING@mx.google.com>
Received: from [172.21.0.5] (unknown [172.18.0.240])
 by postal.iol.unh.edu (Postfix) with ESMTP id CF5866052471;
 Tue, 19 Nov 2024 22:52:45 -0500 (EST)
Subject: |FAILURE| pw148662-148679 [PATCH] [v9,21/21] hash: remove use of VLA
From: dpdklab@iol.unh.edu
To: Test Report <test-report@dpdk.org>
Cc: dpdk-test-reports@iol.unh.edu,
 Andre Muezerie <andremue@linux.microsoft.com>
In-Reply-To: <1732067686-5938-22-git-send-email-andremue@linux.microsoft.com>
References: <1732067686-5938-22-git-send-email-andremue@linux.microsoft.com>
Content-Type: text/plain
X-BeenThere: test-report@dpdk.org
X-Mailman-Version: 2.1.29
Precedence: list
List-Id: automatic DPDK test reports <test-report.dpdk.org>
List-Unsubscribe: <https://mails.dpdk.org/options/test-report>,
 <mailto:test-report-request@dpdk.org?subject=unsubscribe>
List-Archive: <http://mails.dpdk.org/archives/test-report/>
List-Post: <mailto:test-report@dpdk.org>
List-Help: <mailto:test-report-request@dpdk.org?subject=help>
List-Subscribe: <https://mails.dpdk.org/listinfo/test-report>,
 <mailto:test-report-request@dpdk.org?subject=subscribe>
Errors-To: test-report-bounces@dpdk.org

Test-Label: iol-unit-amd64-testing
Test-Status: FAILURE
http://dpdk.org/patch/148679

_Testing issues_

Submitter: Andre Muezerie <andremue@linux.microsoft.com>
Date: Wednesday, November 20 2024 01:54:46 
DPDK git baseline: Repo:dpdk
  Branch: master
  CommitID:0c0cd5ffb0f7fc085b54d91e15cc6d0f0fdf9921

148662-148679 --> testing issues

Upstream job id: Generic-Unit-Test-DPDK#293270

Test environment and result as below:

+---------------------+----------------+
|     Environment     | dpdk_unit_test |
+=====================+================+
| Fedora 39           | PASS           |
+---------------------+----------------+
| Debian 12           | PASS           |
+---------------------+----------------+
| CentOS Stream 9     | PASS           |
+---------------------+----------------+
| Fedora 39 (Clang)   | WARN           |
+---------------------+----------------+
| RHEL9               | PEND           |
+---------------------+----------------+
| RHEL8               | PEND           |
+---------------------+----------------+
| Fedora 40           | PEND           |
+---------------------+----------------+
| Fedora 40 (Clang)   | PEND           |
+---------------------+----------------+
| Ubuntu 22.04        | PEND           |
+---------------------+----------------+
| Ubuntu 24.04        | PEND           |
+---------------------+----------------+
| Ubuntu 20.04        | PEND           |
+---------------------+----------------+
| Windows Server 2022 | PEND           |
+---------------------+----------------+

==== 20 line log output for Fedora 39 (Clang) (dpdk_unit_test): ====
[2960/3140] Compiling C object app/dpdk-test.p/test_packet_burst_generator.c.o
[2961/3140] Compiling C object app/dpdk-test.p/test_sample_packet_forward.c.o
[2962/3140] Compiling C object app/dpdk-test.p/test_test_alarm.c.o
[2963/3140] Compiling C object app/dpdk-test.p/test_test_argparse.c.o
[2964/3140] Compiling C object app/dpdk-test.p/test_test_bitcount.c.o
[2965/3140] Compiling C object app/dpdk-test.p/test_test_acl.c.o
[2966/3140] Compiling C object app/dpdk-test.p/test_test_atomic.c.o
[2967/3140] Compiling C object app/dpdk-test.p/test_test_barrier.c.o
[2968/3140] Compiling C object app/dpdk-test.p/test_test_bitmap.c.o
[2969/3140] Compiling C object app/dpdk-test.p/test_test_bitset.c.o
FAILED: app/dpdk-test.p/test_test_bitset.c.o
clang -Iapp/dpdk-test.p -Iapp -I../app -Ilib/cmdline -I../lib/cmdline -I. -I.. -Iconfig -I../config -Ilib/eal/include -I../lib/eal/include -Ilib/eal/linux/include -I../lib/eal/linux/include -Ilib/eal/x86/include -I../lib/eal/x86/include -I../kernel/linux -Ilib/eal/common -I../lib/eal/common -Ilib/eal -I../lib/eal -Ilib/kvargs -I../lib/kvargs -Ilib/log -I../lib/log -Ilib/metrics -I../lib/metrics -Ilib/telemetry -I../lib/telemetry -Ilib/net -I../lib/net -Ilib/mbuf -I../lib/mbuf -Ilib/mempool -I../lib/mempool -Ilib/ring -I../lib/ring -Idrivers/net/ring -I../drivers/net/ring -Ilib/ethdev -I../lib/ethdev -Ilib/meter -I../lib/meter -Idrivers/bus/pci -I../drivers/bus/pci -I../drivers/bus/pci/linux -Ilib/pci -I../lib/pci -Idrivers/bus/vdev -I../drivers/bus/vdev -Ilib/acl -I../lib/acl -Ilib/argparse -I../lib/argparse -Ilib/hash -I../lib/hash -Ilib/rcu -I../lib/rcu -Ilib/bitratestats -I../lib/bitratestats -Ilib/bpf -I../lib/bpf -Ilib/cfgfile -I../lib/cfgfile -Ilib/compressdev -I../lib/compress
 dev -Ilib/cryptodev -I../lib/cryptodev -Ilib/security -I../lib/security -Ilib/dispatcher -I../lib/dispatcher -Ilib/eventdev -I../lib/eventdev -Ilib/timer -I../lib/timer -Ilib/dmadev -I../lib/dmadev -Ilib/distributor -I../lib/distributor -Ilib/efd -I../lib/efd -Ilib/fib -I../lib/fib -Ilib/rib -I../lib/rib -Ilib/table -I../lib/table -Ilib/port -I../lib/port -Ilib/sched -I../lib/sched -Ilib/ip_frag -I../lib/ip_frag -Ilib/lpm -I../lib/lpm -Ilib/graph -I../lib/graph -Ilib/pcapng -I../lib/pcapng -Ilib/ipsec -I../lib/ipsec -Ilib/latencystats -I../lib/latencystats -Idrivers/net/bonding -I../drivers/net/bonding -Ilib/member -I../lib/member -Ilib/pdcp -I../lib/pdcp -Ilib/reorder -I../lib/reorder -Ilib/pdump -I../lib/pdump -Ilib/power -I../lib/power -Ilib/ptr_compress -I../lib/ptr_compress -Ilib/rawdev -I../lib/rawdev -Ilib/stack -I../lib/stack -Ilib/pipeline -I../lib/pipeline -Idrivers/crypto/scheduler -I../drivers/crypto/scheduler -Iapp/test/test_cfgfiles -Xclang -fcolor-diagnostics -pipe -D
 _FILE_OFFSET_BITS=64 -Wall -Winvalid-pch -Wextra -Werror -std=c11 -O3 -include rte_config.h -Wcast-qual -Wdeprecated -Wformat -Wformat-nonliteral -Wformat-security -Wmissing-declarations -Wmissing-prototypes -Wnested-externs -Wold-style-definition -Wpointer-arith -Wsign-compare -Wstrict-prototypes -Wundef -Wwrite-strings -Wno-missing-field-initializers -D_GNU_SOURCE -march=native -mrtm -DALLOW_EXPERIMENTAL_API -fno-strict-aliasing -DALLOW_INTERNAL_API -MD -MQ app/dpdk-test.p/test_test_bitset.c.o -MF app/dpdk-test.p/test_test_bitset.c.o.d -o app/dpdk-test.p/test_test_bitset.c.o -c ../app/test/test_bitset.c
../app/test/test_bitset.c:175:32: error: unknown warning group '-Warray-bounds=', ignored [-Werror,-Wunknown-warning-option]
175 | #pragma GCC diagnostic ignored "-Warray-bounds="
|                                ^
1 error generated.
[2970/3140] Compiling C object app/dpdk-test.p/test_test_bitops.c.o
[2971/3140] Compiling C object app/dpdk-test.p/test_test_bitratestats.c.o
[2972/3140] Compiling C object app/dpdk-test.p/test_test_bpf.c.o
ninja: build stopped: subcommand failed.
==== End log output ====

Fedora 39
	Kernel: Depends on container host
	Compiler: gcc 13.3.1 20240522 (Red Hat 13.3.1-1)

Debian 12
	Kernel: Depends on container host
	Compiler: gcc (Debian 12.2.0-14) 12.2.0

CentOS Stream 9
	Kernel: Depends on container host
	Compiler: gcc 11.4.1 20231218 (Red Hat 11.4.1-3)

Fedora 39 (Clang)
	Kernel: Depends on container host
	Compiler: clang 17.0.6 (Fedora 17.0.6-2.fc39)

RHEL9
	Kernel: Depends on container host
	Compiler: gcc 11.4.1 20231218 (Red Hat 11.4.1-3)

RHEL8
	Kernel: Depends on container host
	Compiler: gcc 8.5.0 20210514 (Red Hat 8.5.0-22)

Fedora 40
	Kernel: Depends on container host
	Compiler: gcc 14.2.1 20240801 (Red Hat 14.2.1-1)

Fedora 40 (Clang)
	Kernel: Depends on container host
	Compiler: clang 18.1.6 (Fedora 18.1.6-3.fc40)

Ubuntu 22.04
	Kernel: Depends on container host
	Compiler: gcc (Ubuntu 11.4.0-1ubuntu1~22.04) 11.4.0

Ubuntu 24.04
	Kernel: Depends on container host
	Compiler: gcc (Ubuntu 13.2.0-23ubuntu4) 13.2.0

Ubuntu 20.04
	Kernel: Depends on container host
	Compiler: gcc (Ubuntu 9.4.0-1ubuntu1~20.04.2) 9.4.0

Windows Server 2022
	Kernel: 10.0.20348.2031
	Compiler: clang 15.0.7, gcc 14.1.0 (MinGW), and MSVC VS 19.39.33521

To view detailed results, visit:
https://lab.dpdk.org/results/dashboard/patchsets/31978/

UNH-IOL DPDK Community Lab

To manage your email subscriptions, visit: 
https://lab.dpdk.org/results/dashboard/preferences/subscriptions/