From mboxrd@z Thu Jan  1 00:00:00 1970
Return-Path: <test-report-bounces@dpdk.org>
Received: from mails.dpdk.org (mails.dpdk.org [217.70.189.124])
	by inbox.dpdk.org (Postfix) with ESMTP id 6D28C45DB3
	for <public@inbox.dpdk.org>; Wed, 27 Nov 2024 09:25:21 +0100 (CET)
Received: from mails.dpdk.org (localhost [127.0.0.1])
	by mails.dpdk.org (Postfix) with ESMTP id 7A7DB4021E;
	Wed, 27 Nov 2024 09:25:20 +0100 (CET)
Received: from mail-yw1-f227.google.com (mail-yw1-f227.google.com
 [209.85.128.227])
 by mails.dpdk.org (Postfix) with ESMTP id C93A1400D6
 for <test-report@dpdk.org>; Wed, 27 Nov 2024 09:25:18 +0100 (CET)
Received: by mail-yw1-f227.google.com with SMTP id
 00721157ae682-6ee7a400647so69925887b3.1
 for <test-report@dpdk.org>; Wed, 27 Nov 2024 00:25:18 -0800 (PST)
DKIM-Signature: v=1; a=rsa-sha256; c=relaxed/relaxed;
 d=iol.unh.edu; s=unh-iol; t=1732695918; x=1733300718; darn=dpdk.org;
 h=cc:to:from:subject:message-id:date:from:to:cc:subject:date
 :message-id:reply-to;
 bh=iKEODfcLtFg+FEKI3r4nTuhQeC9pbwZtJTGMdu/OwoU=;
 b=HO/9AGiYvTRlYRt5V6hblD7mC2nsm73lw2Do0b1Gc3hllykuzoNhOmiSTaL21k7V1t
 /hQUJK7UgSpKl5GPLKqphE/d6FdMBt+YxX93EHE9hPK+uVYFo1GZEdNsBvTOuaqCoz8u
 lNyoa9GD8op2+XVUW7c4pnKymkkY99BslJ3kE=
X-Google-DKIM-Signature: v=1; a=rsa-sha256; c=relaxed/relaxed;
 d=1e100.net; s=20230601; t=1732695918; x=1733300718;
 h=cc:to:from:subject:message-id:date:x-gm-message-state:from:to:cc
 :subject:date:message-id:reply-to;
 bh=iKEODfcLtFg+FEKI3r4nTuhQeC9pbwZtJTGMdu/OwoU=;
 b=O9BJ0B+A90PFVH3wTcmVRmiy98wc8nGrMhWUMq4ZoJ6uyfy06CEofpE5iwP4jXRGg+
 naGaB8kzV6S/850Iw105TgkT+nmUv1zoKPKF8ebZtQiF2AT7yHn6V+GLQQpov2qTDSwa
 YgO9pMnH68YcZisGRumzx1WKo+GNBLV1dLAG9fnaJKvRo1rASKWouuoFUHXTK9HJ7SiV
 W3DxQlMUnLoueMyaK+mjH8phaqWMYRdzv+Q330uLZI+f77pqfiBR2R/NBPou9cfAEEMe
 DY9Ywbf/BGnmcPBMflOBT7eWgm6eEjD5SinBX8iQJUlVS9Ntsp0nVi1w6mqnFmHQ5oT2
 AHWg==
X-Gm-Message-State: AOJu0Yx2Yx0fXt6yGrU0+R52xg9XK3VbGw2T2EPBrnJ1PFooLfwLyTEA
 YHE67RdIC8qBM9uaWrmltctonC+UcLvTpa3r9GFZD/eCNmxkwkjq4/pPBZEWxINGmhAxlgel6zi
 L2+Qk4nFksR99qWpwR6MmbrQCzqVe9htfdOKd50x9IonnZjP5
X-Gm-Gg: ASbGnctKS/Pz685Sy/a70a/MvvbWaGThXXwy6gjX9A9NWvApJwhYZeQXQoiVlbUN/1h
 ksyOFV4AbxGHe/DhRwbmg1p+lEAkB4+bh1S1VYxdMhfprIkNa81H0uX3cJ+beQvrD3rKx9r1uJH
 gNaPfnpNQpc4v/ntJ7SFTXE86eqWDqqwTTxFNbM/4h+iAXvpMjI1kSfhJRYuaBcVBQP6dvilket
 27ISasB+2ir2SK5QRJtfcosRPZGq5cPwX5FUlbE0Zb8lrZ5OM13KxXCubwpxkjcYQIS1slDgos=
X-Google-Smtp-Source: AGHT+IF9LX5sKz2WeLepR2M1u7pmmM7XIbimBTbJAVJg97ejBTMC0ql+6hsZmXG6ZzuBab0bAPLh5BDmiiiy
X-Received: by 2002:a05:690c:61c1:b0:6ef:3402:9e22 with SMTP id
 00721157ae682-6ef3720d6cbmr24016907b3.15.1732695918189; 
 Wed, 27 Nov 2024 00:25:18 -0800 (PST)
Received: from postal.iol.unh.edu (postal.iol.unh.edu.
 [2606:4100:3880:1234::84]) by smtp-relay.gmail.com with ESMTPS id
 00721157ae682-6eedfe1163fsm2725867b3.3.2024.11.27.00.25.18
 (version=TLS1_2 cipher=ECDHE-ECDSA-AES128-GCM-SHA256 bits=128/128);
 Wed, 27 Nov 2024 00:25:18 -0800 (PST)
X-Relaying-Domain: iol.unh.edu
Date: Wed, 27 Nov 2024 00:25:18 -0800 (PST)
Message-ID: <6746d76e.050a0220.2f8288.22e2SMTPIN_ADDED_MISSING@mx.google.com>
Received: from [172.21.0.6] (unknown [172.18.0.240])
 by postal.iol.unh.edu (Postfix) with ESMTP id C6AA56052471;
 Wed, 27 Nov 2024 03:25:17 -0500 (EST)
Subject: |FAILURE| [GIT MASTER] d20fd65f258afb5b572fe686b7d1032aeb95e079
From: dpdklab@iol.unh.edu
To: Test Report <test-report@dpdk.org>
Cc: dpdk-test-reports@iol.unh.edu, Xueming Li <xuemingl@nvidia.com>,
 Christian Ehrhardt <christian.ehrhardt@canonical.com>,
 Kevin Traynor <ktraynor@redhat.com>, Luca Boccassi <bluca@debian.org>
Content-Type: text/plain
X-BeenThere: test-report@dpdk.org
X-Mailman-Version: 2.1.29
Precedence: list
List-Id: automatic DPDK test reports <test-report.dpdk.org>
List-Unsubscribe: <https://mails.dpdk.org/options/test-report>,
 <mailto:test-report-request@dpdk.org?subject=unsubscribe>
List-Archive: <http://mails.dpdk.org/archives/test-report/>
List-Post: <mailto:test-report@dpdk.org>
List-Help: <mailto:test-report-request@dpdk.org?subject=help>
List-Subscribe: <https://mails.dpdk.org/listinfo/test-report>,
 <mailto:test-report-request@dpdk.org?subject=subscribe>
Errors-To: test-report-bounces@dpdk.org

_Testing issues_

Branch: tags/v21.11

d20fd65f258afb5b572fe686b7d1032aeb95e079 --> testing issues

Upstream job id: Generic-Unit-Test-DPDK#295446

Test environment and result as below:

+---------------------+----------------+
|     Environment     | dpdk_unit_test |
+=====================+================+
| Fedora 39           | FAIL           |
+---------------------+----------------+
| CentOS Stream 9     | FAIL           |
+---------------------+----------------+
| Debian 12           | FAIL           |
+---------------------+----------------+
| Fedora 40 (Clang)   | FAIL           |
+---------------------+----------------+
| Fedora 40           | FAIL           |
+---------------------+----------------+
| Fedora 39 (Clang)   | FAIL           |
+---------------------+----------------+
| RHEL8               | FAIL           |
+---------------------+----------------+
| Ubuntu 20.04        | FAIL           |
+---------------------+----------------+
| RHEL9               | FAIL           |
+---------------------+----------------+
| Ubuntu 22.04        | FAIL           |
+---------------------+----------------+
| Ubuntu 24.04        | FAIL           |
+---------------------+----------------+
| Windows Server 2022 | PASS           |
+---------------------+----------------+

==== Unit test summary for Ubuntu 24.04 (dpdk_unit_test): ====
ninja: Entering directory `/home-local/jenkins-local/jenkins-agent/workspace/Generic-Unit-Test-DPDK/dpdk/build'
ninja: no work to do.
  1/101 DPDK:fast-tests / acl_autotest          OK       3.80 s 
  2/101 DPDK:fast-tests / atomic_autotest       OK       0.69 s 
  3/101 DPDK:fast-tests / bitmap_autotest       OK       0.17 s 
  4/101 DPDK:fast-tests / bpf_autotest          OK       0.27 s 
  5/101 DPDK:fast-tests / bpf_convert_autotest  OK       0.22 s 
  6/101 DPDK:fast-tests / bitops_autotest       OK       0.17 s 
  7/101 DPDK:fast-tests / byteorder_autotest    OK       0.15 s 
  8/101 DPDK:fast-tests / cksum_autotest        OK       0.17 s 
  9/101 DPDK:fast-tests / cmdline_autotest      OK       0.17 s 
 10/101 DPDK:fast-tests / common_autotest       OK       0.54 s 
 11/101 DPDK:fast-tests / cpuflags_autotest     OK       0.17 s 
 12/101 DPDK:fast-tests / debug_autotest        OK       1.07 s 
 13/101 DPDK:fast-tests / devargs_autotest      OK       0.28 s 
 14/101 DPDK:fast-tests / eal_flags_c_opt_autotest  OK       0.90 s 
 15/101 DPDK:fast-tests / eal_flags_main_opt_autotest  OK       0.33 s 
 16/101 DPDK:fast-tests / eal_flags_n_opt_autotest  OK       0.47 s 
 17/101 DPDK:fast-tests / eal_flags_hpet_autotest  OK       0.22 s 
 18/101 DPDK:fast-tests / eal_flags_no_huge_autotest  OK       0.44 s 
 19/101 DPDK:fast-tests / eal_flags_a_opt_autotest  OK       0.52 s 
 20/101 DPDK:fast-tests / eal_flags_b_opt_autotest  OK       0.44 s 
 21/101 DPDK:fast-tests / eal_flags_vdev_opt_autotest  OK       0.69 s 
 22/101 DPDK:fast-tests / eal_flags_r_opt_autotest  OK       0.30 s 
 23/101 DPDK:fast-tests / eal_flags_mem_autotest  OK       0.81 s 
 24/101 DPDK:fast-tests / eal_flags_file_prefix_autotest  OK       3.25 s 
 25/101 DPDK:fast-tests / eal_flags_misc_autotest  OK       2.23 s 
 26/101 DPDK:fast-tests / eal_fs_autotest       OK       0.23 s 
 27/101 DPDK:fast-tests / errno_autotest        OK       0.26 s 
 28/101 DPDK:fast-tests / ethdev_link_status    OK       0.20 s 
 29/101 DPDK:fast-tests / event_ring_autotest   OK       0.17 s 
 30/101 DPDK:fast-tests / fib_autotest          OK       0.91 s 
 31/101 DPDK:fast-tests / fib6_autotest         OK       0.75 s 
 32/101 DPDK:fast-tests / func_reentrancy_autotest  OK       0.72 s 
 33/101 DPDK:fast-tests / flow_classify_autotest  OK       0.17 s 
 34/101 DPDK:fast-tests / graph_autotest        OK       0.17 s 
 35/101 DPDK:fast-tests / hash_autotest         OK       0.31 s 
 36/101 DPDK:fast-tests / interrupt_autotest    OK       1.40 s 
 37/101 DPDK:fast-tests / ipfrag_autotest       OK       0.17 s 
 38/101 DPDK:fast-tests / lcores_autotest       OK       1.66 s 
 39/101 DPDK:fast-tests / logs_autotest         OK       0.26 s 
 40/101 DPDK:fast-tests / lpm_autotest          OK       4.90 s 
 41/101 DPDK:fast-tests / lpm6_autotest         OK       6.61 s 
 42/101 DPDK:fast-tests / malloc_autotest       OK       0.73 s 
 43/101 DPDK:fast-tests / mbuf_autotest         OK       0.22 s 
 44/101 DPDK:fast-tests / mcslock_autotest      OK       0.69 s 
 45/101 DPDK:fast-tests / memcpy_autotest       OK       2.26 s 
 46/101 DPDK:fast-tests / memory_autotest       OK       0.23 s 
 47/101 DPDK:fast-tests / mempool_autotest      OK       0.53 s 
 48/101 DPDK:fast-tests / memzone_autotest      OK       0.20 s 
 49/101 DPDK:fast-tests / meter_autotest        OK       0.17 s 
 50/101 DPDK:fast-tests / multiprocess_autotest  OK       0.27 s 
 51/101 DPDK:fast-tests / node_list_dump        OK       0.17 s 
 52/101 DPDK:fast-tests / per_lcore_autotest    OK       0.30 s 
 53/101 DPDK:fast-tests / pflock_autotest       OK       0.27 s 
 54/101 DPDK:fast-tests / prefetch_autotest     OK       0.19 s 
 55/101 DPDK:fast-tests / rcu_qsbr_autotest     OK       0.29 s 
 56/101 DPDK:fast-tests / pie_autotest          OK       0.22 s 
 57/101 DPDK:fast-tests / rib_autotest          OK       5.60 s 
 58/101 DPDK:fast-tests / rib6_autotest         OK       5.20 s 
 59/101 DPDK:fast-tests / ring_autotest         OK       0.21 s 
 60/101 DPDK:fast-tests / rwlock_test1_autotest  OK       0.34 s 
 61/101 DPDK:fast-tests / rwlock_rda_autotest   OK       5.24 s 
 62/101 DPDK:fast-tests / rwlock_rds_wrm_autotest  OK       5.21 s 
 63/101 DPDK:fast-tests / rwlock_rde_wro_autotest  OK       5.19 s 
 64/101 DPDK:fast-tests / sched_autotest        OK       0.26 s 
 65/101 DPDK:fast-tests / security_autotest     OK       0.17 s 
 66/101 DPDK:fast-tests / spinlock_autotest     OK       0.19 s 
 67/101 DPDK:fast-tests / stack_autotest        OK       0.24 s 
 68/101 DPDK:fast-tests / stack_lf_autotest     OK       0.28 s 
 69/101 DPDK:fast-tests / string_autotest       OK       0.17 s 
 70/101 DPDK:fast-tests / table_autotest        FAIL     1.03 s (exit status 255 or signal 127 SIGinvalid)
 71/101 DPDK:fast-tests / tailq_autotest        OK       0.26 s 
 72/101 DPDK:fast-tests / ticketlock_autotest   OK       0.17 s 
 73/101 DPDK:fast-tests / timer_autotest        OK       2.77 s 
 74/101 DPDK:fast-tests / user_delay_us         OK       0.17 s 
 75/101 DPDK:fast-tests / version_autotest      OK       0.17 s 
 76/101 DPDK:fast-tests / crc_autotest          OK       0.17 s 
 77/101 DPDK:fast-tests / distributor_autotest  OK       1.49 s 
 78/101 DPDK:fast-tests / eventdev_common_autotest  OK       0.28 s 
 79/101 DPDK:fast-tests / fbarray_autotest      OK       0.19 s 
 80/101 DPDK:fast-tests / hash_readwrite_func_autotest  SKIP     0.21 s 
 81/101 DPDK:fast-tests / ipsec_autotest        SKIP     0.17 s 
 82/101 DPDK:fast-tests / kni_autotest          SKIP     0.32 s 
 83/101 DPDK:fast-tests / kvargs_autotest       OK       0.20 s 
 84/101 DPDK:fast-tests / member_autotest       OK       0.17 s 
 85/101 DPDK:fast-tests / power_cpufreq_autotest  SKIP     0.17 s 
 86/101 DPDK:fast-tests / power_autotest        OK       0.17 s 
 87/101 DPDK:fast-tests / power_kvm_vm_autotest  SKIP     0.17 s 
 88/101 DPDK:fast-tests / reorder_autotest      OK       0.30 s 
 89/101 DPDK:fast-tests / service_autotest      OK       1.35 s 
 90/101 DPDK:fast-tests / thash_autotest        OK       0.17 s 
 91/101 DPDK:fast-tests / trace_autotest        OK       0.16 s 
 92/101 DPDK:fast-tests / metrics_autotest      OK       0.19 s 
 93/101 DPDK:fast-tests / telemetry_json_autotest  OK       0.17 s 
 94/101 DPDK:fast-tests / telemetry_data_autotest  OK       0.17 s 
 95/101 DPDK:fast-tests / ring_pmd_autotest     OK       0.17 s 
 96/101 DPDK:fast-tests / event_eth_tx_adapter_autotest  OK       0.50 s 
 97/101 DPDK:fast-tests / bitratestats_autotest  OK       0.22 s 
 98/101 DPDK:fast-tests / latencystats_autotest  OK       0.22 s 
 99/101 DPDK:fast-tests / pdump_autotest        OK       5.25 s 
100/101 DPDK:fast-tests / vdev_autotest         OK       0.17 s 
101/101 DPDK:fast-tests / compressdev_autotest  SKIP     0.17 s 

Ok:                   94
Expected Fail:         0
Fail:                  1
Unexpected Pass:       0
Skipped:               6
Timeout:               0

Full log written to /home-local/jenkins-local/jenkins-agent/workspace/Generic-Unit-Test-DPDK/dpdk/build/meson-logs/testlog.txt



Test log output from the failed test table_autotest:

Sorry, we were not able to find the logs for this test.
Download the log output from the CI site for this test run.
==== End log output ====

Fedora 39
	Kernel: Depends on container host
	Compiler: gcc 13.3.1 20240522 (Red Hat 13.3.1-1)

CentOS Stream 9
	Kernel: Depends on container host
	Compiler: gcc 11.4.1 20231218 (Red Hat 11.4.1-3)

Debian 12
	Kernel: Depends on container host
	Compiler: gcc (Debian 12.2.0-14) 12.2.0

Fedora 40 (Clang)
	Kernel: Depends on container host
	Compiler: clang 18.1.6 (Fedora 18.1.6-3.fc40)

Fedora 40
	Kernel: Depends on container host
	Compiler: gcc 14.2.1 20240801 (Red Hat 14.2.1-1)

Fedora 39 (Clang)
	Kernel: Depends on container host
	Compiler: clang 17.0.6 (Fedora 17.0.6-2.fc39)

RHEL8
	Kernel: Depends on container host
	Compiler: gcc 8.5.0 20210514 (Red Hat 8.5.0-22)

Ubuntu 20.04
	Kernel: Depends on container host
	Compiler: gcc (Ubuntu 9.4.0-1ubuntu1~20.04.2) 9.4.0

RHEL9
	Kernel: Depends on container host
	Compiler: gcc 11.4.1 20231218 (Red Hat 11.4.1-3)

Ubuntu 22.04
	Kernel: Depends on container host
	Compiler: gcc (Ubuntu 11.4.0-1ubuntu1~22.04) 11.4.0

Ubuntu 24.04
	Kernel: Depends on container host
	Compiler: gcc (Ubuntu 13.2.0-23ubuntu4) 13.2.0

Windows Server 2022
	Kernel: 10.0.20348.2031
	Compiler: clang 15.0.7, gcc 14.1.0 (MinGW), and MSVC VS 19.39.33521

To view detailed results, visit:
https://lab.dpdk.org/results/dashboard/tarballs/31743/

UNH-IOL DPDK Community Lab

To manage your email subscriptions, visit: 
https://lab.dpdk.org/results/dashboard/preferences/subscriptions/