From mboxrd@z Thu Jan  1 00:00:00 1970
Return-Path: <test-report-bounces@dpdk.org>
Received: from mails.dpdk.org (mails.dpdk.org [217.70.189.124])
	by inbox.dpdk.org (Postfix) with ESMTP id 791B745E99
	for <public@inbox.dpdk.org>; Sat, 14 Dec 2024 05:52:01 +0100 (CET)
Received: from mails.dpdk.org (localhost [127.0.0.1])
	by mails.dpdk.org (Postfix) with ESMTP id 59B8840296;
	Sat, 14 Dec 2024 05:52:01 +0100 (CET)
Received: from mail-il1-f228.google.com (mail-il1-f228.google.com
 [209.85.166.228])
 by mails.dpdk.org (Postfix) with ESMTP id 42D0E40041
 for <test-report@dpdk.org>; Sat, 14 Dec 2024 05:52:00 +0100 (CET)
Received: by mail-il1-f228.google.com with SMTP id
 e9e14a558f8ab-3a77bd62fdeso15613265ab.2
 for <test-report@dpdk.org>; Fri, 13 Dec 2024 20:52:00 -0800 (PST)
DKIM-Signature: v=1; a=rsa-sha256; c=relaxed/relaxed;
 d=iol.unh.edu; s=unh-iol; t=1734151919; x=1734756719; darn=dpdk.org;
 h=references:in-reply-to:cc:to:from:subject:message-id:date:from:to
 :cc:subject:date:message-id:reply-to;
 bh=6o0Kiibb/YY8/86e9AEb8+yNLXVxhTxV+I6g//V4wms=;
 b=At4s7drgNHZY0MqH2Ax7IRJF3HNqwwZbIvCLlPaC7euUbDKbwK2jsTtblVcTcwlUZL
 59bc5uVlvrN1FmAKBeZYuaVjns0gqVJg/I4ls/D9ZnBhc5cc4a7jJ7hmQQ6LdDnDr6Pt
 l19tbB26+5vcJFzK7YciFzJ7K3QpesCjqJsHI=
X-Google-DKIM-Signature: v=1; a=rsa-sha256; c=relaxed/relaxed;
 d=1e100.net; s=20230601; t=1734151919; x=1734756719;
 h=references:in-reply-to:cc:to:from:subject:message-id:date
 :x-gm-message-state:from:to:cc:subject:date:message-id:reply-to;
 bh=6o0Kiibb/YY8/86e9AEb8+yNLXVxhTxV+I6g//V4wms=;
 b=hSMfQZLz3wu6JOPaZXVCL/kV65QdLoGmgWO2MvJvFoqpQUE5MWentBLcWMEOSfXk/Z
 vwqPB3SHFM45SkI1Z64oJ7t0qRIRQ+NlZuws7uE4Wq60qWzBTv+HzQoF2sQNmZ1uy4U4
 C93u8VzvfSXU/K2ZqLKYWrLhd27sodI+NpG2tvzJuQBTVZ/mjA43QeJ47WdbtThm3PhD
 Fv7LuA+SauFBfikU5Ax5AfGZZoCbJtf3N8s1/R6UtMRqvVnH4pFrfqnmO1UWwkMjGwVm
 uBIkTtNbEfREey3UUMnyhbBug8VkioR4pCRjFpJhKDPH25MArJqLt5ZTml2xnkzjcMQm
 VZHw==
X-Gm-Message-State: AOJu0YzUtcQ52V34tieYCEIbhkLjHLqNNu0+gVmWc54GDqHGNoA/Mkxm
 fzbZqtsJk5i35w7D4CkXQVekwg0egA/UuiJvsrRpex2tutl3JBiO/xyaKjItHA2oNIXDf6cXsmH
 rVcyce6Wb8UM6qsSa3FCWLiMH03HPWVCyzCJjyUCUWgUYeYFCLApg7ntj
X-Gm-Gg: ASbGnctiOY3kOcbnJhOXnQ95mqT+RJ6RFrm3kP2D6KpIuB90pAXJUUp6C4UdfRysM5V
 g4Trp2Lr9tYHrTPnqS72Y/HhHYtvEGvwWCX9ftcmB04Zbk/OmoZYTxocv92I4jWrrzoYPCJucgW
 gOIUBlx1u6IQOxxS7VH5ACLFvszypzuj+v9V1WaHzhJgeDHE5eBTAog93chuR/vwawH0ZyigiZN
 mFVq1nZoiqoDEe0XEcIfJxMitcpFvidkEkKRM88T8SKuKhda1KNlF0wUDnkYEm3gL3MfbsOnYF/
 v+zjmA==
X-Google-Smtp-Source: AGHT+IG5EfTfafCHG3wpcGNx7nZ6QJH4msqaA0sfQ6Ldg3n4YWftdg5OSYXsv5UQeOFvCYtMrHbpwEX2LRHz
X-Received: by 2002:a05:6e02:1fc6:b0:3a7:6e34:9219 with SMTP id
 e9e14a558f8ab-3aff630e9bdmr53608145ab.14.1734151919572; 
 Fri, 13 Dec 2024 20:51:59 -0800 (PST)
Received: from postal.iol.unh.edu (postal.iol.unh.edu.
 [2606:4100:3880:1234::84]) by smtp-relay.gmail.com with ESMTPS id
 8926c6da1cb9f-4e5e2dbed1dsm34685173.49.2024.12.13.20.51.59
 (version=TLS1_2 cipher=ECDHE-ECDSA-AES128-GCM-SHA256 bits=128/128);
 Fri, 13 Dec 2024 20:51:59 -0800 (PST)
X-Relaying-Domain: iol.unh.edu
Date: Fri, 13 Dec 2024 20:51:59 -0800 (PST)
Message-ID: <675d0eef.050a0220.bbb4f.2869SMTPIN_ADDED_MISSING@mx.google.com>
Received: from [172.17.0.5] (unknown [172.18.0.217])
 by postal.iol.unh.edu (Postfix) with ESMTP id 1EA9E6052471;
 Fri, 13 Dec 2024 23:51:59 -0500 (EST)
Subject: |FAILURE| pw149237-149241 [PATCH] [5/5] net/virtio: remove unneeded 
From: dpdklab@iol.unh.edu
To: Test Report <test-report@dpdk.org>
Cc: dpdk-test-reports@iol.unh.edu,
 Stephen Hemminger <stephen@networkplumber.org>
In-Reply-To: <20241213214929.817688-6-stephen@networkplumber.org>
References: <20241213214929.817688-6-stephen@networkplumber.org>
Content-Type: text/plain
X-BeenThere: test-report@dpdk.org
X-Mailman-Version: 2.1.29
Precedence: list
List-Id: automatic DPDK test reports <test-report.dpdk.org>
List-Unsubscribe: <https://mails.dpdk.org/options/test-report>,
 <mailto:test-report-request@dpdk.org?subject=unsubscribe>
List-Archive: <http://mails.dpdk.org/archives/test-report/>
List-Post: <mailto:test-report@dpdk.org>
List-Help: <mailto:test-report-request@dpdk.org?subject=help>
List-Subscribe: <https://mails.dpdk.org/listinfo/test-report>,
 <mailto:test-report-request@dpdk.org?subject=subscribe>
Errors-To: test-report-bounces@dpdk.org

Test-Label: iol-compile-amd64-testing
Test-Status: FAILURE
http://dpdk.org/patch/149241

_Testing issues_

Submitter: Stephen Hemminger <stephen@networkplumber.org>
Date: Friday, December 13 2024 21:48:18 
DPDK git baseline: Repo:dpdk
  Branch: master
  CommitID:f1e0472368d4dbb1da33ae68b18ca21bc8a55259

149237-149241 --> testing issues

Upstream job id: Generic-DPDK-Compile-Meson#343157

Test environment and result as below:

+-------------------+--------------------+------------------+-------------------+
|    Environment    | dpdk_meson_compile | dpdk_compile_ovs | dpdk_compile_spdk |
+===================+====================+==================+===================+
| Debian 12         | FAIL               | WARN             | WARN              |
+-------------------+--------------------+------------------+-------------------+
| CentOS Stream 9   | FAIL               | WARN             | WARN              |
+-------------------+--------------------+------------------+-------------------+
| Fedora 40         | FAIL               | WARN             | WARN              |
+-------------------+--------------------+------------------+-------------------+
| Fedora 39 (Clang) | FAIL               | WARN             | WARN              |
+-------------------+--------------------+------------------+-------------------+
| Fedora 40 (Clang) | FAIL               | WARN             | WARN              |
+-------------------+--------------------+------------------+-------------------+
| Fedora 39         | FAIL               | WARN             | WARN              |
+-------------------+--------------------+------------------+-------------------+
| RHEL8             | FAIL               | WARN             | SKIPPED           |
+-------------------+--------------------+------------------+-------------------+
| Ubuntu 24.04      | FAIL               | WARN             | WARN              |
+-------------------+--------------------+------------------+-------------------+
| RHEL9             | FAIL               | WARN             | SKIPPED           |
+-------------------+--------------------+------------------+-------------------+
| Ubuntu 22.04      | FAIL               | WARN             | WARN              |
+-------------------+--------------------+------------------+-------------------+
| Ubuntu 20.04      | FAIL               | WARN             | SKIPPED           |
+-------------------+--------------------+------------------+-------------------+
| Alpine            | FAIL               | WARN             | SKIPPED           |
+-------------------+--------------------+------------------+-------------------+
| FreeBSD 13.4      | PASS               | SKIPPED          | SKIPPED           |
+-------------------+--------------------+------------------+-------------------+
| FreeBSD 14.2      | PASS               | SKIPPED          | SKIPPED           |
+-------------------+--------------------+------------------+-------------------+

==== 20 line log output for Alpine (dpdk_compile_ovs): ====
 --- Failed to get log output --- 
==== End log output ====

Debian 12
	Kernel: Depends on container host
	Compiler: gcc (Debian 12.2.0-14) 12.2.0

CentOS Stream 9
	Kernel: Depends on container host
	Compiler: gcc 11.4.1 20231218 (Red Hat 11.4.1-3)

Fedora 40
	Kernel: Depends on container host
	Compiler: gcc 14.2.1 20240801 (Red Hat 14.2.1-1)

Fedora 39 (Clang)
	Kernel: Depends on container host
	Compiler: clang 17.0.6 (Fedora 17.0.6-2.fc39)

Fedora 40 (Clang)
	Kernel: Depends on container host
	Compiler: clang 18.1.6 (Fedora 18.1.6-3.fc40)

Fedora 39
	Kernel: Depends on container host
	Compiler: gcc 13.3.1 20240522 (Red Hat 13.3.1-1)

RHEL8
	Kernel: Depends on container host
	Compiler: gcc 8.5.0 20210514 (Red Hat 8.5.0-22)

Ubuntu 24.04
	Kernel: Depends on container host
	Compiler: gcc (Ubuntu 13.2.0-23ubuntu4) 13.2.0

RHEL9
	Kernel: Depends on container host
	Compiler: gcc 11.4.1 20231218 (Red Hat 11.4.1-3)

Ubuntu 22.04
	Kernel: Depends on container host
	Compiler: gcc (Ubuntu 11.4.0-1ubuntu1~22.04) 11.4.0

Ubuntu 20.04
	Kernel: Depends on container host
	Compiler: gcc (Ubuntu 9.4.0-1ubuntu1~20.04.2) 9.4.0

Alpine
	Kernel: Depends on container host
	Compiler: gcc (Alpine 13.2.1_git20240309) 13.2.1 20240309

FreeBSD 13.4
	Kernel: 13.4-RELEASE-p1
	Compiler: clang 18.1.6

FreeBSD 14.2
	Kernel: 14.2-RELEASE
	Compiler: clang 18.1.6

To view detailed results, visit:
https://lab.dpdk.org/results/dashboard/patchsets/32143/

UNH-IOL DPDK Community Lab

To manage your email subscriptions, visit: 
https://lab.dpdk.org/results/dashboard/preferences/subscriptions/