From mboxrd@z Thu Jan  1 00:00:00 1970
Return-Path: <test-report-bounces@dpdk.org>
Received: from mails.dpdk.org (mails.dpdk.org [217.70.189.124])
	by inbox.dpdk.org (Postfix) with ESMTP id C45C745ECB
	for <public@inbox.dpdk.org>; Tue, 17 Dec 2024 19:17:35 +0100 (CET)
Received: from mails.dpdk.org (localhost [127.0.0.1])
	by mails.dpdk.org (Postfix) with ESMTP id A5233406B6;
	Tue, 17 Dec 2024 19:17:35 +0100 (CET)
Received: from mail-io1-f100.google.com (mail-io1-f100.google.com
 [209.85.166.100])
 by mails.dpdk.org (Postfix) with ESMTP id 098DA402B1
 for <test-report@dpdk.org>; Tue, 17 Dec 2024 19:17:34 +0100 (CET)
Received: by mail-io1-f100.google.com with SMTP id
 ca18e2360f4ac-844ce6d0716so429430639f.1
 for <test-report@dpdk.org>; Tue, 17 Dec 2024 10:17:33 -0800 (PST)
DKIM-Signature: v=1; a=rsa-sha256; c=relaxed/relaxed;
 d=iol.unh.edu; s=unh-iol; t=1734459453; x=1735064253; darn=dpdk.org;
 h=references:in-reply-to:cc:to:from:subject:message-id:date:from:to
 :cc:subject:date:message-id:reply-to;
 bh=ACeAj2nDV/2EXxsUvelA/2awC9VDP2bRq14ibRBIMT4=;
 b=Vw9eD7U8LthIAMOTV3jb9OzpTdbE52pQCjkQuEfET0hVC5eFK3skTPE0IXvscULiG3
 M5zzf0DGWBGy9xTGWqDNzYigiHUS6pGhJ6C7qLcXG0abMu7qxUllAPoFkIYl7I+ZSFV1
 r8r9ORX/gc+ay61u62eiATpka4SHgMEyy1cTM=
X-Google-DKIM-Signature: v=1; a=rsa-sha256; c=relaxed/relaxed;
 d=1e100.net; s=20230601; t=1734459453; x=1735064253;
 h=references:in-reply-to:cc:to:from:subject:message-id:date
 :x-gm-message-state:from:to:cc:subject:date:message-id:reply-to;
 bh=ACeAj2nDV/2EXxsUvelA/2awC9VDP2bRq14ibRBIMT4=;
 b=MM6ZHPewCRX/8K0bYvXRv5qpOZv/QYXh/kS9qDZs5HuFtny/1A1SoWKcyTZqk0mPjs
 gVYU+xcp4OsQjK2mnCE7BusTJmAA2B02uY5ltK9SzE/soBKQKbFykKWweKDUAY6L0gzB
 e78zMU36nxOmK5WnkECUCeIKAFlOhFgxB5twzACFRLP7jeJ6lK0qYC3SQ6AXq8KoCtCB
 SlNhIm0BH0J+QtD69QoUEwhyTcRw2eijqP8EfqTs3AxDyPiBx4rghdsdcpzT7/LBp+lG
 MmGdTJDZ8h6uU/Fcw4jGmpfGVC6TTEtzmXCRHbktLtBfzKmV1bozd7nqXW4JiIei/034
 V9Xw==
X-Gm-Message-State: AOJu0YzBQtvfcd171x7iTNmYRsK/MO3DYEtgDX0I4P3Xj3ty4O9EXp74
 8MM5SO29BYb/oJN2G86Rc0X4D1iYfWxstx4czfDF6sRHQ+TtlBCi03eYdFcK0xtVAwD04tuaykS
 LLO40nXKHIqed9vYYmhQJDRf3Ik61hI5c07syL/K5wCQ7i4R4+FzBAE7w
X-Gm-Gg: ASbGncvQ3dLGm7RH4DOG3wlJMhfZy80n2R+inuBZxNnJNgrutcAM4eVlDNcJxW/F4fo
 nMmRrvAx3U/XnyYRXSz2b4tKvnhrMgZ/K8BJFuscz/byVL0y5AFVtqwOOon8hSBJMeDgcRSe9V5
 Op0DN1J6edfsl7vWAPPRm58XkUEtxqyLFH5zgEfz+yah9IcePZUWZ+Kvb5CRrwDErpdTiyiEqrX
 XqEht6NcN5dIMvWJgYqGYI1IQVeMrYBbFsrCQDdULY3lvQZOxuw6sFiXcJR+g/rZs7cp99AWp4q
 xoV5ew==
X-Google-Smtp-Source: AGHT+IGRRLXBGT27k2phcpKkfL4VT8G/zIp/LGOlzEe092VV5jnqLe+qCj6yqsA8QaFaWrLoeXBU5Xr0Y20+
X-Received: by 2002:a05:6602:1354:b0:83b:a47c:dbfd with SMTP id
 ca18e2360f4ac-844e881ca67mr1951146639f.6.1734459453401; 
 Tue, 17 Dec 2024 10:17:33 -0800 (PST)
Received: from postal.iol.unh.edu (postal.iol.unh.edu.
 [2606:4100:3880:1234::84]) by smtp-relay.gmail.com with ESMTPS id
 ca18e2360f4ac-844f622b7edsm32520439f.3.2024.12.17.10.17.33
 (version=TLS1_2 cipher=ECDHE-ECDSA-AES128-GCM-SHA256 bits=128/128);
 Tue, 17 Dec 2024 10:17:33 -0800 (PST)
X-Relaying-Domain: iol.unh.edu
Date: Tue, 17 Dec 2024 10:17:33 -0800 (PST)
Message-ID: <6761c03d.050a0220.102657.6183SMTPIN_ADDED_MISSING@mx.google.com>
Received: from [172.17.0.3] (unknown [172.18.0.217])
 by postal.iol.unh.edu (Postfix) with ESMTP id BDE386052471;
 Tue, 17 Dec 2024 13:17:32 -0500 (EST)
Subject: |FAILURE| pw149266-149277 [PATCH] [v3,15/15] net/zxdh: mtu update op
From: dpdklab@iol.unh.edu
To: Test Report <test-report@dpdk.org>
Cc: dpdk-test-reports@iol.unh.edu, Junlong Wang <wang.junlong1@zte.com.cn>
In-Reply-To: <20241217114133.1171174-16-wang.junlong1@zte.com.cn>
References: <20241217114133.1171174-16-wang.junlong1@zte.com.cn>
Content-Type: text/plain
X-BeenThere: test-report@dpdk.org
X-Mailman-Version: 2.1.29
Precedence: list
List-Id: automatic DPDK test reports <test-report.dpdk.org>
List-Unsubscribe: <https://mails.dpdk.org/options/test-report>,
 <mailto:test-report-request@dpdk.org?subject=unsubscribe>
List-Archive: <http://mails.dpdk.org/archives/test-report/>
List-Post: <mailto:test-report@dpdk.org>
List-Help: <mailto:test-report-request@dpdk.org?subject=help>
List-Subscribe: <https://mails.dpdk.org/listinfo/test-report>,
 <mailto:test-report-request@dpdk.org?subject=subscribe>
Errors-To: test-report-bounces@dpdk.org

Test-Label: iol-compile-amd64-testing
Test-Status: FAILURE
http://dpdk.org/patch/149277

_Testing issues_

Submitter: Junlong Wang <wang.junlong1@zte.com.cn>
Date: Tuesday, December 17 2024 11:41:33 
DPDK git baseline: Repo:dpdk
  Branch: master
  CommitID:78d0246a2e2fb14cba220d507192d12d2ce896ac

149266-149277 --> testing issues

Upstream job id: Windows-Compile-DPDK-Native#25387

Test environment and result as below:

+---------------------+--------------------+------------------+-------------------+-------------------+-----------------------+
|     Environment     | dpdk_meson_compile | dpdk_compile_ovs | dpdk_compile_spdk | dpdk_msvc_compile | dpdk_win_llvm_compile |
+=====================+====================+==================+===================+===================+=======================+
| CentOS Stream 9     | PASS               | PASS             | PASS              | SKIPPED           | SKIPPED               |
+---------------------+--------------------+------------------+-------------------+-------------------+-----------------------+
| Fedora 39           | PASS               | PASS             | PASS              | SKIPPED           | SKIPPED               |
+---------------------+--------------------+------------------+-------------------+-------------------+-----------------------+
| RHEL8               | PASS               | PASS             | SKIPPED           | SKIPPED           | SKIPPED               |
+---------------------+--------------------+------------------+-------------------+-------------------+-----------------------+
| RHEL9               | PASS               | PASS             | SKIPPED           | SKIPPED           | SKIPPED               |
+---------------------+--------------------+------------------+-------------------+-------------------+-----------------------+
| Ubuntu 20.04        | PASS               | WARN             | SKIPPED           | SKIPPED           | SKIPPED               |
+---------------------+--------------------+------------------+-------------------+-------------------+-----------------------+
| Ubuntu 22.04        | PASS               | PASS             | PASS              | SKIPPED           | SKIPPED               |
+---------------------+--------------------+------------------+-------------------+-------------------+-----------------------+
| Ubuntu 24.04        | PASS               | PASS             | PASS              | SKIPPED           | SKIPPED               |
+---------------------+--------------------+------------------+-------------------+-------------------+-----------------------+
| FreeBSD 13.4        | PASS               | SKIPPED          | SKIPPED           | SKIPPED           | SKIPPED               |
+---------------------+--------------------+------------------+-------------------+-------------------+-----------------------+
| FreeBSD 14.2        | PASS               | SKIPPED          | SKIPPED           | SKIPPED           | SKIPPED               |
+---------------------+--------------------+------------------+-------------------+-------------------+-----------------------+
| Debian 12           | PASS               | PASS             | PASS              | SKIPPED           | SKIPPED               |
+---------------------+--------------------+------------------+-------------------+-------------------+-----------------------+
| Fedora 39 (Clang)   | PASS               | PASS             | PASS              | SKIPPED           | SKIPPED               |
+---------------------+--------------------+------------------+-------------------+-------------------+-----------------------+
| Fedora 40           | FAIL               | WARN             | WARN              | SKIPPED           | SKIPPED               |
+---------------------+--------------------+------------------+-------------------+-------------------+-----------------------+
| openSUSE Leap 15    | PASS               | WARN             | SKIPPED           | SKIPPED           | SKIPPED               |
+---------------------+--------------------+------------------+-------------------+-------------------+-----------------------+
| Alpine              | PASS               | PASS             | SKIPPED           | SKIPPED           | SKIPPED               |
+---------------------+--------------------+------------------+-------------------+-------------------+-----------------------+
| Windows Server 2022 | SKIPPED            | SKIPPED          | SKIPPED           | PASS              | PASS                  |
+---------------------+--------------------+------------------+-------------------+-------------------+-----------------------+

==== 20 line log output for openSUSE Leap 15 (dpdk_compile_ovs): ====
 --- Failed to get log output --- 
==== End log output ====

CentOS Stream 9
	Kernel: Depends on container host
	Compiler: gcc 11.4.1 20231218 (Red Hat 11.4.1-3)

Fedora 39
	Kernel: Depends on container host
	Compiler: gcc 13.3.1 20240522 (Red Hat 13.3.1-1)

RHEL8
	Kernel: Depends on container host
	Compiler: gcc 8.5.0 20210514 (Red Hat 8.5.0-22)

RHEL9
	Kernel: Depends on container host
	Compiler: gcc 11.4.1 20231218 (Red Hat 11.4.1-3)

Ubuntu 20.04
	Kernel: Depends on container host
	Compiler: gcc (Ubuntu 9.4.0-1ubuntu1~20.04.2) 9.4.0

Ubuntu 22.04
	Kernel: Depends on container host
	Compiler: gcc (Ubuntu 11.4.0-1ubuntu1~22.04) 11.4.0

Ubuntu 24.04
	Kernel: Depends on container host
	Compiler: gcc (Ubuntu 13.2.0-23ubuntu4) 13.2.0

FreeBSD 13.4
	Kernel: 13.4-RELEASE-p1
	Compiler: clang 18.1.6

FreeBSD 14.2
	Kernel: 14.2-RELEASE
	Compiler: clang 18.1.6

Debian 12
	Kernel: Depends on container host
	Compiler: gcc (Debian 12.2.0-14) 12.2.0

Fedora 39 (Clang)
	Kernel: Depends on container host
	Compiler: clang 17.0.6 (Fedora 17.0.6-2.fc39)

Fedora 40
	Kernel: Depends on container host
	Compiler: gcc 14.2.1 20240801 (Red Hat 14.2.1-1)

openSUSE Leap 15
	Kernel: Depends on container host
	Compiler: gcc (SUSE Linux) 7.5.0

Alpine
	Kernel: Depends on container host
	Compiler: gcc (Alpine 13.2.1_git20240309) 13.2.1 20240309

Windows Server 2022
	Kernel: 10.0.20348.2031
	Compiler: clang 15.0.7, gcc 14.1.0 (MinGW), and MSVC VS 19.39.33521

To view detailed results, visit:
https://lab.dpdk.org/results/dashboard/patchsets/32152/

UNH-IOL DPDK Community Lab

To manage your email subscriptions, visit: 
https://lab.dpdk.org/results/dashboard/preferences/subscriptions/