From mboxrd@z Thu Jan 1 00:00:00 1970 Return-Path: Received: from mails.dpdk.org (mails.dpdk.org [217.70.189.124]) by inbox.dpdk.org (Postfix) with ESMTP id 46B2C45EE5 for ; Thu, 19 Dec 2024 04:21:26 +0100 (CET) Received: from mails.dpdk.org (localhost [127.0.0.1]) by mails.dpdk.org (Postfix) with ESMTP id 39C61402BB; Thu, 19 Dec 2024 04:21:26 +0100 (CET) Received: from mail-yw1-f226.google.com (mail-yw1-f226.google.com [209.85.128.226]) by mails.dpdk.org (Postfix) with ESMTP id C5FCC400EF for ; Thu, 19 Dec 2024 04:21:24 +0100 (CET) Received: by mail-yw1-f226.google.com with SMTP id 00721157ae682-6f277a1ecfdso2462997b3.2 for ; Wed, 18 Dec 2024 19:21:24 -0800 (PST) DKIM-Signature: v=1; a=rsa-sha256; c=relaxed/relaxed; d=iol.unh.edu; s=unh-iol; t=1734578484; x=1735183284; darn=dpdk.org; h=references:in-reply-to:cc:to:from:subject:message-id:date:from:to :cc:subject:date:message-id:reply-to; bh=2Euq2yzcDqvfnC0YCWPhmxtrEhVVZMFaPrjU3EWCLaI=; b=UUDG1UaIFav9Abis08FamT04nkKxXOnf7oigoXXP1h7UP/bTAC9UC8AhacDtL29IwQ AQ9p9hiVysRj541DSw1F0XT1du/yqB3WjQ1TDJIjuKhEh0SjNts2YepJVF8n5yOxjxCc pmDJL3JUj59cdazWpuP5uas3V2DI1XGJhphmM= X-Google-DKIM-Signature: v=1; a=rsa-sha256; c=relaxed/relaxed; d=1e100.net; s=20230601; t=1734578484; x=1735183284; h=references:in-reply-to:cc:to:from:subject:message-id:date :x-gm-message-state:from:to:cc:subject:date:message-id:reply-to; bh=2Euq2yzcDqvfnC0YCWPhmxtrEhVVZMFaPrjU3EWCLaI=; b=nR1p3rwiAEUJueMMmbg/+RijJsg45Dq7QA8xHAO3EjDSJk8Mqx/0ICelaNDpVrDrXE G9Ixb6KJf/Py/PW4bXyR3QWMTyCWCsg6qBI30gzy6dkgK08DvWa+aLBQ2xo5aHunVl9i W1lXs1U+YKOlTzfWajp8IINbYUvtS8KV7LSYbHWD6OCzR8TTgzxR4CXNBLTXf+Ek4mZF 3I9GopfUz8ur8jktloRwvwlIxYUDTbY2wa9a750d++VZXDRUwbZUQXb8CJ4NWHzr0Mis ZJAZOk/AYPNjxEWeOpF1EszwBdx3iwRigxRL4LZCZY3uIoLw5swEdxBzPMHy2EiJqpGI s3OA== X-Gm-Message-State: AOJu0YzTbRfNrax72gW5Ul5oJ0LoZrws1k+7FCPSG8Q0gd/lUYT5v03k MpbaNZTGjkOf9tuHrATPS/3M4qhtSOnqzJ5K2JQ9e79zfObMmn0z2IBhdIwfMGr/WIqUVOBFwzS rp1xgAjakpNX9l81gFvxZ966jn7z4DKAZ1z9JpVbq X-Gm-Gg: ASbGncu2+rM88whpzaJHz1Cm534hpjM241gE+Jbajy+Exrx6mK0GgDwzUOHac4bXbyF 8ivl29yAjwF2TaZ18N+1+GbPJQ0aVVJbvlgPmjv/xm9t3iAIuufuExlDMsBsfbTaWFNYyJbSSrF 5LFb/TuaAKbg2IFSSqbbtDFkiIGZ5IE5Ecz1r29eXtDTJUnxhY94qKTRCZf2ArEQM+fOKWg4tls Qo54pwwW73y8RvyabLwru0pxkQFoJyiAynR8PCmGyVUn7LRXlNG49KxkMKOi9fmCM4Arq3uFTSZ xA== X-Google-Smtp-Source: AGHT+IHWEFYygA98grR4iQgZIh1ZxU6U+rQSQjo971N5B6wTYFi+YVe62AAj1mQOf3ohJY5vvun9mCU/QVHh X-Received: by 2002:a05:690c:45c7:b0:6ea:5da9:34cc with SMTP id 00721157ae682-6f3e1b0eb89mr21234917b3.7.1734578484053; Wed, 18 Dec 2024 19:21:24 -0800 (PST) Received: from postal.iol.unh.edu (postal.iol.unh.edu. [132.177.123.84]) by smtp-relay.gmail.com with ESMTPS id 00721157ae682-6f3e742625esm121347b3.23.2024.12.18.19.21.23 (version=TLS1_2 cipher=ECDHE-ECDSA-AES128-GCM-SHA256 bits=128/128); Wed, 18 Dec 2024 19:21:24 -0800 (PST) X-Relaying-Domain: iol.unh.edu Date: Wed, 18 Dec 2024 19:21:24 -0800 (PST) Message-ID: <67639134.050a0220.55c26.0e68SMTPIN_ADDED_MISSING@mx.google.com> Received: from [172.17.0.3] (unknown [172.18.0.217]) by postal.iol.unh.edu (Postfix) with ESMTP id A82F36052471; Wed, 18 Dec 2024 22:21:23 -0500 (EST) Subject: |FAILURE| pw149308 [PATCH] net/gve: Allocate qpl pages using malloc From: dpdklab@iol.unh.edu To: Test Report Cc: dpdk-test-reports@iol.unh.edu, Joshua Washington In-Reply-To: <20241218234635.2009033-1-joshwash@google.com> References: <20241218234635.2009033-1-joshwash@google.com> Content-Type: text/plain X-BeenThere: test-report@dpdk.org X-Mailman-Version: 2.1.29 Precedence: list List-Id: automatic DPDK test reports List-Unsubscribe: , List-Archive: List-Post: List-Help: List-Subscribe: , Errors-To: test-report-bounces@dpdk.org Test-Label: iol-compile-arm64-testing Test-Status: FAILURE http://dpdk.org/patch/149308 _Testing issues_ Submitter: Joshua Washington Date: Wednesday, December 18 2024 23:46:35 DPDK git baseline: Repo:dpdk Branch: master CommitID:78d0246a2e2fb14cba220d507192d12d2ce896ac 149308 --> testing issues Upstream job id: Generic-DPDK-Compile-Meson#344709 Test environment and result as below: +----------------------------------------+--------------------+ | Environment | dpdk_meson_compile | +========================================+====================+ | RHEL9 (ARM) | PASS | +----------------------------------------+--------------------+ | Ubuntu 20.04 ARM GCC Cross Compile | PASS | +----------------------------------------+--------------------+ | Ubuntu 20.04 ARM SVE | PASS | +----------------------------------------+--------------------+ | Debian 12 with MUSDK | PASS | +----------------------------------------+--------------------+ | Fedora 39 (ARM) | PASS | +----------------------------------------+--------------------+ | Fedora 39 (ARM Clang) | PEND | +----------------------------------------+--------------------+ | Fedora 40 (ARM) | PASS | +----------------------------------------+--------------------+ | Fedora 40 (ARM Clang) | PEND | +----------------------------------------+--------------------+ | Ubuntu 20.04 (ARM) | PASS | +----------------------------------------+--------------------+ | Ubuntu 24.04 (ARM) | PASS | +----------------------------------------+--------------------+ | CentOS Stream 9 (ARM) | PASS | +----------------------------------------+--------------------+ | Debian 12 (arm) | PEND | +----------------------------------------+--------------------+ | Ubuntu 20.04 ARM Clang Cross Compile | PASS | +----------------------------------------+--------------------+ | Ubuntu 20.04 aarch32 GCC Cross Compile | FAIL | +----------------------------------------+--------------------+ ==== 20 line log output for Ubuntu 20.04 aarch32 GCC Cross Compile (dpdk_meson_compile): ==== [1171/2408] Linking static target drivers/libtmp_rte_net_fm10k.a [1172/2408] Generating rte_net_fm10k.pmd.c with a custom command [1173/2408] Compiling C object drivers/librte_net_fm10k.a.p/meson-generated_.._rte_net_fm10k.pmd.c.o [1174/2408] Linking static target drivers/librte_net_fm10k.a [1175/2408] Compiling C object drivers/librte_net_fm10k.so.25.1.p/meson-generated_.._rte_net_fm10k.pmd.c.o [1176/2408] Linking target drivers/librte_net_fm10k.so.25.1 [1177/2408] Compiling C object drivers/libtmp_rte_net_gve.a.p/net_gve_base_gve_adminq.c.o [1178/2408] Compiling C object drivers/libtmp_rte_net_gve.a.p/net_gve_gve_rx.c.o [1179/2408] Compiling C object drivers/libtmp_rte_net_gve.a.p/net_gve_gve_tx.c.o [1180/2408] Compiling C object drivers/libtmp_rte_net_gve.a.p/net_gve_gve_rx_dqo.c.o [1181/2408] Compiling C object drivers/libtmp_rte_net_gve.a.p/net_gve_gve_tx_dqo.c.o [1182/2408] Compiling C object drivers/libtmp_rte_net_gve.a.p/net_gve_gve_ethdev.c.o FAILED: drivers/libtmp_rte_net_gve.a.p/net_gve_gve_ethdev.c.o ccache arm-linux-gnueabihf-gcc -Idrivers/libtmp_rte_net_gve.a.p -Idrivers -I../drivers -Idrivers/net/gve -I../drivers/net/gve -I../drivers/net/gve/base -Ilib/ethdev -I../lib/ethdev -I. -I.. -Iconfig -I../config -Ilib/eal/include -I../lib/eal/include -Ilib/eal/linux/include -I../lib/eal/linux/include -Ilib/eal/arm/include -I../lib/eal/arm/include -I../kernel/linux -Ilib/eal/common -I../lib/eal/common -Ilib/eal -I../lib/eal -Ilib/kvargs -I../lib/kvargs -Ilib/log -I../lib/log -Ilib/metrics -I../lib/metrics -Ilib/telemetry -I../lib/telemetry -Ilib/net -I../lib/net -Ilib/mbuf -I../lib/mbuf -Ilib/mempool -I../lib/mempool -Ilib/ring -I../lib/ring -Ilib/meter -I../lib/meter -Idrivers/bus/pci -I../drivers/bus/pci -I../drivers/bus/pci/linux -Ilib/pci -I../lib/pci -Idrivers/bus/vdev -I../drivers/bus/vdev -fdiagnostics-color=always -pipe -D_FILE_OFFSET_BITS=64 -Wall -Winvalid-pch -Wextra -Werror -std=c11 -O3 -include rte_config.h -Wcast-qual -Wdeprecated -Wformat -Wformat-nonliteral -Wformat-sec urity -Wmissing-declarations -Wmissing-prototypes -Wnested-externs -Wold-style-definition -Wpointer-arith -Wsign-compare -Wstrict-prototypes -Wundef -Wwrite-strings -Wno-packed-not-aligned -Wno-missing-field-initializers -Wno-pointer-to-int-cast -D_GNU_SOURCE -fPIC -march=armv8-a+simd -mfpu=auto -DALLOW_EXPERIMENTAL_API -DALLOW_INTERNAL_API -Wno-format-truncation -Wno-address-of-packed-member -DRTE_LOG_DEFAULT_LOGTYPE=pmd.net.gve -MD -MQ drivers/libtmp_rte_net_gve.a.p/net_gve_gve_ethdev.c.o -MF drivers/libtmp_rte_net_gve.a.p/net_gve_gve_ethdev.c.o.d -o drivers/libtmp_rte_net_gve.a.p/net_gve_gve_ethdev.c.o -c ../drivers/net/gve/gve_ethdev.c ../drivers/net/gve/gve_ethdev.c: In function 'gve_alloc_queue_page_list': ../drivers/net/gve/gve_ethdev.c:90:5: error: cast to pointer from integer of different size [-Werror=int-to-pointer-cast] 90 | (void *)((uint64_t)(mz->addr) + i * PAGE_SIZE); | ^ cc1: all warnings being treated as errors ninja: build stopped: subcommand failed. ==== End log output ==== RHEL9 (ARM) Kernel: Depends on container host Compiler: gcc 11.4.1 20231218 (Red Hat 11.4.1-3) Ubuntu 20.04 ARM GCC Cross Compile Kernel: Depends on container host Compiler: aarch64-linux-gnu-gcc (Ubuntu 9.4.0-1ubuntu1~20.04.2) 9.4.0 Ubuntu 20.04 ARM SVE Kernel: Depends on container host Compiler: gcc (Ubuntu 10.5.0-1ubuntu1~20.04) 10.5.0 Debian 12 with MUSDK Kernel: Depends on container host Compiler: gcc (Debian 12.2.0-14) 12.2.0 Fedora 39 (ARM) Kernel: Depends on container host Compiler: gcc 13.3.1 20240522 (Red Hat 13.3.1-1) Fedora 39 (ARM Clang) Kernel: Depends on container host Compiler: clang 17.0.6 (Fedora 17.0.6-2.fc39) Fedora 40 (ARM) Kernel: Depends on container host Compiler: gcc 14.2.1 20240801 (Red Hat 14.2.1-1) Fedora 40 (ARM Clang) Kernel: Depends on container host Compiler: clang 18.1.6 (Fedora 18.1.6-3.fc40) Ubuntu 20.04 (ARM) Kernel: Depends on container host Compiler: gcc (Ubuntu 9.4.0-1ubuntu1~20.04.2) 9.4.0 Ubuntu 24.04 (ARM) Kernel: Depends on container host Compiler: gcc (Ubuntu 13.2.0-23ubuntu4) 13.2.0 CentOS Stream 9 (ARM) Kernel: Depends on container host Compiler: gcc 11.4.1 20231218 (Red Hat 11.4.1-3) Debian 12 (arm) Kernel: Depends on container host Compiler: gcc (Debian 12.2.0-14) 12.2.0 Ubuntu 20.04 ARM Clang Cross Compile Kernel: Depends on container host Compiler: clang 10.0.0-4ubuntu1 Ubuntu 20.04 aarch32 GCC Cross Compile Kernel: Depends on container host Compiler: gcc 9.4.0 To view detailed results, visit: https://lab.dpdk.org/results/dashboard/patchsets/32163/ UNH-IOL DPDK Community Lab To manage your email subscriptions, visit: https://lab.dpdk.org/results/dashboard/preferences/subscriptions/