From mboxrd@z Thu Jan  1 00:00:00 1970
Return-Path: <test-report-bounces@dpdk.org>
Received: from mails.dpdk.org (mails.dpdk.org [217.70.189.124])
	by inbox.dpdk.org (Postfix) with ESMTP id D755F45F2A
	for <public@inbox.dpdk.org>; Tue, 24 Dec 2024 08:54:50 +0100 (CET)
Received: from mails.dpdk.org (localhost [127.0.0.1])
	by mails.dpdk.org (Postfix) with ESMTP id BB429402AD;
	Tue, 24 Dec 2024 08:54:50 +0100 (CET)
Received: from mail-pl1-f226.google.com (mail-pl1-f226.google.com
 [209.85.214.226])
 by mails.dpdk.org (Postfix) with ESMTP id 694F540263
 for <test-report@dpdk.org>; Tue, 24 Dec 2024 08:54:49 +0100 (CET)
Received: by mail-pl1-f226.google.com with SMTP id
 d9443c01a7336-21654fdd5daso48076205ad.1
 for <test-report@dpdk.org>; Mon, 23 Dec 2024 23:54:49 -0800 (PST)
DKIM-Signature: v=1; a=rsa-sha256; c=relaxed/relaxed;
 d=iol.unh.edu; s=unh-iol; t=1735026888; x=1735631688; darn=dpdk.org;
 h=cc:to:from:subject:message-id:date:from:to:cc:subject:date
 :message-id:reply-to;
 bh=wO8T5Mwaue2YywuasNcvBXX1qnmI6ZSeZPTfP6KSMaw=;
 b=Dh6gP7vUm24sM581evl7s5Me4usil1/Dm3F5jvVuSM2JCdMa6mJfSITF5wQX8O/NNj
 VrzICQBnpHCuiORTqXKzMByorgys9ZI91TyeoZBokn96YXFiJYRkP5LE6cANzk1kXtjm
 rLoD+4MYwj4G274DdF1IUxpMFn2DYSM7AP210=
X-Google-DKIM-Signature: v=1; a=rsa-sha256; c=relaxed/relaxed;
 d=1e100.net; s=20230601; t=1735026888; x=1735631688;
 h=cc:to:from:subject:message-id:date:x-gm-message-state:from:to:cc
 :subject:date:message-id:reply-to;
 bh=wO8T5Mwaue2YywuasNcvBXX1qnmI6ZSeZPTfP6KSMaw=;
 b=VGYhJi5j9yQWh9z4wYDNNDlxZkeYTg39aQrDIjMddRdEJND4TpMA708CeCzlRLaxYP
 XW+21eOv+Kp0rbWPHPCbs68hJFLg4gTLQWj1fWKiIT1XiIwn2EPjz0Wtgsse20FY4ejs
 slVTIPngnecMu08zQtVvrQWJSqPjpPAsI1arLX+0HvNbGY/Clyy9cvBTWDFR9cM51faJ
 xrmsK7Ju7LZlg7p4YmBH7BQ4pbHJEcYS6gAtNML/kLt+fSl9397t2fOIiSgS1fM8/BBj
 SUKhWojvxn/CwkXfhQp5Xoo70CqcMcRqfX83bl2Xs8IEzfPBdJxYnTJzeS9viOK8yPOU
 4TRA==
X-Gm-Message-State: AOJu0YzzjoVMUMS99I+AX1amZ+GLjpjjX55QMVY7LVV6Tf2qnf/2D66Z
 QZVRTxBSCB3H6uz6uzausDMMSMsi4wIf3XC4MwFZbwPj/KOULZ76jUH6gwgMaAsTspZ3f/brqxj
 pxS8U2igqF5CYJFL/n5GTCAlD82s6E4t8
X-Gm-Gg: ASbGncvR5ZXHgRaPFToY5DxvrYFIHtpIjBPpnIgs+ib2/k73l/idtZIkFmJZfoafLu/
 ZqSBmk0Eo4s8YBruB+EikRhnQ9ZvRHiJ7exvKTkuqThOnuWS7HTkOvYjYVqF8KSLRmKntKwrwqP
 j0KcEkyEuLWoY7E73t5Jg95pwmRTEu/KBUIkLO2orGQwbv+1e4tvjVIUdig5qIgYm8AiUx5wQ9J
 tp1kOLsrgUqEhLtuk2Pl0qMo24y+tPkOhsVHXNhaV/g83ycgcBY/WW+tRb0P/qm4EQgzh1BQnEO
 Hg==
X-Google-Smtp-Source: AGHT+IHURxN4S1+sd2ZS5KuYzRn7cGgIHUXRueMLnANwNmsmO03pasl4qmyatl0Tmhfo+0lPVrT825wOBir5
X-Received: by 2002:a17:902:ce8b:b0:215:acb3:3786 with SMTP id
 d9443c01a7336-219e6ea286dmr204920675ad.19.1735026888539; 
 Mon, 23 Dec 2024 23:54:48 -0800 (PST)
Received: from postal.iol.unh.edu (postal.iol.unh.edu. [132.177.123.84])
 by smtp-relay.gmail.com with ESMTPS id
 d9443c01a7336-219dca1c73dsm4515595ad.91.2024.12.23.23.54.48
 (version=TLS1_2 cipher=ECDHE-ECDSA-AES128-GCM-SHA256 bits=128/128);
 Mon, 23 Dec 2024 23:54:48 -0800 (PST)
X-Relaying-Domain: iol.unh.edu
Date: Mon, 23 Dec 2024 23:54:48 -0800 (PST)
Message-ID: <676a68c8.170a0220.55cc.2046SMTPIN_ADDED_MISSING@mx.google.com>
Received: from [172.21.0.6] (unknown [172.18.0.240])
 by postal.iol.unh.edu (Postfix) with ESMTP id B674D6052471;
 Tue, 24 Dec 2024 02:54:47 -0500 (EST)
Subject: |FAILURE| [GIT MASTER] c66daa12e76d7b4912cfb7109a761856a7a873ab
From: dpdklab@iol.unh.edu
To: Test Report <test-report@dpdk.org>
Cc: dpdk-test-reports@iol.unh.edu, Xueming Li <xuemingl@nvidia.com>,
 Christian Ehrhardt <christian.ehrhardt@canonical.com>,
 Kevin Traynor <ktraynor@redhat.com>, Luca Boccassi <bluca@debian.org>
Content-Type: text/plain
X-BeenThere: test-report@dpdk.org
X-Mailman-Version: 2.1.29
Precedence: list
List-Id: automatic DPDK test reports <test-report.dpdk.org>
List-Unsubscribe: <https://mails.dpdk.org/options/test-report>,
 <mailto:test-report-request@dpdk.org?subject=unsubscribe>
List-Archive: <http://mails.dpdk.org/archives/test-report/>
List-Post: <mailto:test-report@dpdk.org>
List-Help: <mailto:test-report-request@dpdk.org?subject=help>
List-Subscribe: <https://mails.dpdk.org/listinfo/test-report>,
 <mailto:test-report-request@dpdk.org?subject=subscribe>
Errors-To: test-report-bounces@dpdk.org

_Testing issues_

Branch: tags/v23.11

c66daa12e76d7b4912cfb7109a761856a7a873ab --> testing issues

Upstream job id: Generic-Unit-Test-DPDK#301741

Test environment and result as below:

+---------------------+----------------+
|     Environment     | dpdk_unit_test |
+=====================+================+
| Fedora 39           | PASS           |
+---------------------+----------------+
| CentOS Stream 9     | PASS           |
+---------------------+----------------+
| Debian Bullseye     | PASS           |
+---------------------+----------------+
| Debian 12           | PASS           |
+---------------------+----------------+
| Fedora 39 (Clang)   | PASS           |
+---------------------+----------------+
| Fedora 40           | PASS           |
+---------------------+----------------+
| Fedora 41           | PASS           |
+---------------------+----------------+
| Fedora 40 (Clang)   | PASS           |
+---------------------+----------------+
| RHEL9               | PASS           |
+---------------------+----------------+
| RHEL8               | PASS           |
+---------------------+----------------+
| Fedora 41 (Clang)   | PASS           |
+---------------------+----------------+
| Ubuntu 22.04        | PEND           |
+---------------------+----------------+
| Ubuntu 20.04        | PASS           |
+---------------------+----------------+
| Ubuntu 24.04        | PEND           |
+---------------------+----------------+
| Windows Server 2022 | FAIL           |
+---------------------+----------------+

==== Unit test summary for Windows Server 2022 (dpdk_unit_test): ====
Failed to get the unit test results.
Displaying the unit test results is not supported for some environments,
such as our aarch32 testing, where meson is not used to run the tests.
Download the logs available on our CI site.
==== End log output ====

Fedora 39
	Kernel: Depends on container host
	Compiler: gcc 13.3.1 20240522 (Red Hat 13.3.1-1)

CentOS Stream 9
	Kernel: Depends on container host
	Compiler: gcc 11.4.1 20231218 (Red Hat 11.4.1-3)

Debian Bullseye
	Kernel: Depends on container host
	Compiler: gcc (Debian 10.2.1-6) 10.2.1 20210110

Debian 12
	Kernel: Depends on container host
	Compiler: gcc (Debian 12.2.0-14) 12.2.0

Fedora 39 (Clang)
	Kernel: Depends on container host
	Compiler: clang 17.0.6 (Fedora 17.0.6-2.fc39)

Fedora 40
	Kernel: Depends on container host
	Compiler: gcc 14.2.1 20240801 (Red Hat 14.2.1-1)

Fedora 41
	Kernel: Depends on container host
	Compiler: gcc 14.2.1 20240912 (Red Hat 14.2.1-3)

Fedora 40 (Clang)
	Kernel: Depends on container host
	Compiler: clang 18.1.6 (Fedora 18.1.6-3.fc40)

RHEL9
	Kernel: Depends on container host
	Compiler: gcc 11.4.1 20231218 (Red Hat 11.4.1-3)

RHEL8
	Kernel: Depends on container host
	Compiler: gcc 8.5.0 20210514 (Red Hat 8.5.0-22)

Fedora 41 (Clang)
	Kernel: Depends on container host
	Compiler: clang 19.1.5 (Fedora 19.1.5-1.fc41)

Ubuntu 22.04
	Kernel: Depends on container host
	Compiler: gcc (Ubuntu 11.4.0-1ubuntu1~22.04) 11.4.0

Ubuntu 20.04
	Kernel: Depends on container host
	Compiler: gcc (Ubuntu 9.4.0-1ubuntu1~20.04.2) 9.4.0

Ubuntu 24.04
	Kernel: Depends on container host
	Compiler: gcc (Ubuntu 13.2.0-23ubuntu4) 13.2.0

Windows Server 2022
	Kernel: 10.0.20348.2031
	Compiler: clang 15.0.7, gcc 14.1.0 (MinGW), and MSVC VS 19.39.33521

To view detailed results, visit:
https://lab.dpdk.org/results/dashboard/tarballs/32037/

UNH-IOL DPDK Community Lab

To manage your email subscriptions, visit: 
https://lab.dpdk.org/results/dashboard/preferences/subscriptions/