From mboxrd@z Thu Jan  1 00:00:00 1970
Return-Path: <test-report-bounces@dpdk.org>
Received: from mails.dpdk.org (mails.dpdk.org [217.70.189.124])
	by inbox.dpdk.org (Postfix) with ESMTP id 21DE445F3A
	for <public@inbox.dpdk.org>; Wed, 25 Dec 2024 09:58:48 +0100 (CET)
Received: from mails.dpdk.org (localhost [127.0.0.1])
	by mails.dpdk.org (Postfix) with ESMTP id 1A7C5402F2;
	Wed, 25 Dec 2024 09:58:48 +0100 (CET)
Received: from mail-il1-f227.google.com (mail-il1-f227.google.com
 [209.85.166.227])
 by mails.dpdk.org (Postfix) with ESMTP id 3811D402EA
 for <test-report@dpdk.org>; Wed, 25 Dec 2024 09:58:47 +0100 (CET)
Received: by mail-il1-f227.google.com with SMTP id
 e9e14a558f8ab-3c6b0be237cso30606225ab.2
 for <test-report@dpdk.org>; Wed, 25 Dec 2024 00:58:47 -0800 (PST)
DKIM-Signature: v=1; a=rsa-sha256; c=relaxed/relaxed;
 d=iol.unh.edu; s=unh-iol; t=1735117126; x=1735721926; darn=dpdk.org;
 h=cc:to:from:subject:message-id:date:from:to:cc:subject:date
 :message-id:reply-to;
 bh=Am+0B8zQRT0QDLUYhneBq7DcmT9K1RbfCIytzjP0sUo=;
 b=ga9DbEb+Uv5Ua9hNz1KxiN3vMfbLA3xqxAdYOhZBo3m/ixPt2p7PNUBSJ70p3pzJFC
 /QI5V5f2tz4/RveDADH06gVxcTmIBTDsjboS9lb6Hkarm7UittarFDinSO6uqudImNJ0
 WAACkLyzeaBURRiArTcFSLxqpE/iqVi2CgFxQ=
X-Google-DKIM-Signature: v=1; a=rsa-sha256; c=relaxed/relaxed;
 d=1e100.net; s=20230601; t=1735117126; x=1735721926;
 h=cc:to:from:subject:message-id:date:x-gm-message-state:from:to:cc
 :subject:date:message-id:reply-to;
 bh=Am+0B8zQRT0QDLUYhneBq7DcmT9K1RbfCIytzjP0sUo=;
 b=mcUpjZMlp4N3kgqTnS1Kf/uhHkR2PbNzZsVOMZO4FLjcedsg9M840e0DSN7M8xqQDB
 lSsVMN8xgq1tMiP55M5De62CpvI7BCFjivF7WegNJRBq8rj/2Rbz9ppH5ZCLHETXahZk
 C8cWbSEnWcnXeut6gu0OCuNG7iO3DtcDRZAw3STnfTsTiXqw40JSzJsDq7RO/yK1fYQZ
 bxrAVpzx2gdk0KO4fAi5OWgZmCG6gfowMzlSBY3JtwNaleEz9FAb3bHu05L88i4vniyJ
 PIy9+QOlrq4IyUjzcSAZS8FOAohBS/kZKngvwRTcR6bUSuhHPOdfFrL93rvG/6aI12+L
 pXeA==
X-Gm-Message-State: AOJu0YwEWYWtIUQQewKQLGEO5+CUZq6/nfLT3e2qMjipjhQRDiakWDFN
 e+cTVVZ/5sHoklEndvv6YXouFQC3vMUfM8+lewOdSd36irdl6ycRLYx5uJi6yIzdR/ydL5LoBIi
 A8LPCLSQQYB1AJdHGMBEquQX9U24sncOV
X-Gm-Gg: ASbGnctnjyznijxQc9Za3K08fLaFI71Np/5Dwr+kZAoiEMX76ZD6Rlo9TZqydKsjLCX
 bNyHszs/315ctwMkhrq29meMoeM5LA6c9lhFOpjYF6hO7jLUsaas98qnBfUyV4ro/CniJmW9zUp
 YIveIgKflhh2hkh+d+3ToOVHGOsQB1CaS/M2/9DhY6ZjBeWtEba2z9vv37s0hOlNdZ9Va2HPg/y
 ihMiQ/Vs2dgQlmZYxL8yahBTUQbyuASAb8VD8ljlH876xhXfJGKfhn2TBoeFkeDIQ0DobTVl5Og
 iA==
X-Google-Smtp-Source: AGHT+IFCLuMcyOWsvHuejljmZ69Sg4GbUSrg8pCLD1TEQLSa+5vhhhBSTIYhcR2ZAv5REGPEvdtWIpbZd+dw
X-Received: by 2002:a05:6e02:1a21:b0:3a7:8208:b843 with SMTP id
 e9e14a558f8ab-3c2d5a27dccmr177890465ab.23.1735117126550; 
 Wed, 25 Dec 2024 00:58:46 -0800 (PST)
Received: from postal.iol.unh.edu (postal.iol.unh.edu. [132.177.123.84])
 by smtp-relay.gmail.com with ESMTPS id
 e9e14a558f8ab-3c0e000029csm7609875ab.41.2024.12.25.00.58.46
 (version=TLS1_2 cipher=ECDHE-ECDSA-AES128-GCM-SHA256 bits=128/128);
 Wed, 25 Dec 2024 00:58:46 -0800 (PST)
X-Relaying-Domain: iol.unh.edu
Date: Wed, 25 Dec 2024 00:58:46 -0800 (PST)
Message-ID: <676bc946.050a0220.3bbc9c.a218SMTPIN_ADDED_MISSING@mx.google.com>
Received: from [172.21.0.5] (unknown [172.18.0.240])
 by postal.iol.unh.edu (Postfix) with ESMTP id 0B1F66052471;
 Wed, 25 Dec 2024 03:58:46 -0500 (EST)
Subject: |WARNING| [GIT MASTER] 7ce7d3341d7e21c2a81f2fea8e451681d7306d77
From: dpdklab@iol.unh.edu
To: Test Report <test-report@dpdk.org>
Cc: dpdk-test-reports@iol.unh.edu, Xueming Li <xuemingl@nvidia.com>,
 Christian Ehrhardt <christian.ehrhardt@canonical.com>,
 Kevin Traynor <ktraynor@redhat.com>, Luca Boccassi <bluca@debian.org>
Content-Type: text/plain
X-BeenThere: test-report@dpdk.org
X-Mailman-Version: 2.1.29
Precedence: list
List-Id: automatic DPDK test reports <test-report.dpdk.org>
List-Unsubscribe: <https://mails.dpdk.org/options/test-report>,
 <mailto:test-report-request@dpdk.org?subject=unsubscribe>
List-Archive: <http://mails.dpdk.org/archives/test-report/>
List-Post: <mailto:test-report@dpdk.org>
List-Help: <mailto:test-report-request@dpdk.org?subject=help>
List-Subscribe: <https://mails.dpdk.org/listinfo/test-report>,
 <mailto:test-report-request@dpdk.org?subject=subscribe>
Errors-To: test-report-bounces@dpdk.org

_Testing issues_

Branch: tags/v22.11

7ce7d3341d7e21c2a81f2fea8e451681d7306d77 --> testing issues

Upstream job id: Generic-DPDK-Compile-Meson#346606

Test environment and result as below:

+---------------------+--------------------+-----------------------+
|     Environment     | dpdk_meson_compile | dpdk_win_llvm_compile |
+=====================+====================+=======================+
| CentOS Stream 9     | PASS               | SKIPPED               |
+---------------------+--------------------+-----------------------+
| Fedora 40 (Clang)   | PASS               | SKIPPED               |
+---------------------+--------------------+-----------------------+
| Debian Bullseye     | PASS               | SKIPPED               |
+---------------------+--------------------+-----------------------+
| Debian 12           | PASS               | SKIPPED               |
+---------------------+--------------------+-----------------------+
| Fedora 40           | PASS               | SKIPPED               |
+---------------------+--------------------+-----------------------+
| Fedora 41 (Clang)   | PASS               | SKIPPED               |
+---------------------+--------------------+-----------------------+
| Fedora 41           | PASS               | SKIPPED               |
+---------------------+--------------------+-----------------------+
| openSUSE Leap 15    | PASS               | SKIPPED               |
+---------------------+--------------------+-----------------------+
| RHEL8               | PASS               | SKIPPED               |
+---------------------+--------------------+-----------------------+
| RHEL9               | PASS               | SKIPPED               |
+---------------------+--------------------+-----------------------+
| Ubuntu 20.04        | PASS               | SKIPPED               |
+---------------------+--------------------+-----------------------+
| Ubuntu 22.04        | PASS               | SKIPPED               |
+---------------------+--------------------+-----------------------+
| Ubuntu 24.04        | PEND               | SKIPPED               |
+---------------------+--------------------+-----------------------+
| FreeBSD 13.4        | PASS               | SKIPPED               |
+---------------------+--------------------+-----------------------+
| FreeBSD 14.2        | PASS               | SKIPPED               |
+---------------------+--------------------+-----------------------+
| Windows Server 2022 | SKIPPED            | FAIL                  |
+---------------------+--------------------+-----------------------+

==== 20 line log output for Windows Server 2022 (dpdk_win_llvm_compile): ====
..\lib\eal\include/rte_common.h:850:32: note: expanded from macro 'RTE_FMT_TAIL'
#define RTE_FMT_TAIL(fmt, ...) __VA_ARGS__
^~~~~~~~~~~
..\lib\eal\include/rte_common.h:848:39: note: expanded from macro 'RTE_FMT'
#define RTE_FMT(fmt, ...) fmt "%.0s", __VA_ARGS__ ""
^~~~~~~~~~~
../drivers/crypto/mlx5/mlx5_crypto.c:463:18: note: forward declaration of 'struct mlx5_err_cqe'
volatile struct mlx5_err_cqe *cqe = (volatile struct mlx5_err_cqe *)
^
3 errors generated.
[621/788] Linking static target drivers/libtmp_rte_net_vmxnet3.a
[622/788] Generating rte_net_octeon_ep.pmd.c with a custom command (wrapped by meson to set PATH)
[623/788] Compiling C object app/dpdk-testpmd.exe.p/test-pmd_5tswap.c.obj
[624/788] Compiling C object app/dpdk-testpmd.exe.p/test-pmd_cmdline_tm.c.obj
[625/788] Compiling C object app/dpdk-testpmd.exe.p/test-pmd_cmd_flex_item.c.obj
[626/788] Compiling C object app/dpdk-testpmd.exe.p/test-pmd_cmdline.c.obj
[627/788] Compiling C object drivers/libtmp_rte_net_mlx5.a.p/net_mlx5_mlx5_tx_empw.c.obj
[628/788] Compiling C object drivers/libtmp_rte_net_mlx5.a.p/net_mlx5_mlx5_tx_nompw.c.obj
[629/788] Compiling C object drivers/libtmp_rte_net_mlx5.a.p/net_mlx5_mlx5_tx_txpp.c.obj
ninja: build stopped: subcommand failed.
==== End log output ====

CentOS Stream 9
	Kernel: Depends on container host
	Compiler: gcc 11.5.0 20240719 (Red Hat 11.5.0-2)

Fedora 40 (Clang)
	Kernel: Depends on container host
	Compiler: clang 18.1.8 (Fedora 18.1.8-1.fc40)

Debian Bullseye
	Kernel: Depends on container host
	Compiler: gcc (Debian 10.2.1-6) 10.2.1 20210110

Debian 12
	Kernel: Depends on container host
	Compiler: gcc (Debian 12.2.0-14) 12.2.0

Fedora 40
	Kernel: Depends on container host
	Compiler: gcc 14.2.1 20240912 (Red Hat 14.2.1-3)

Fedora 41 (Clang)
	Kernel: Depends on container host
	Compiler: clang 19.1.5 (Fedora 19.1.5-1.fc41)

Fedora 41
	Kernel: Depends on container host
	Compiler: gcc 14.2.1 20240912 (Red Hat 14.2.1-3)

openSUSE Leap 15
	Kernel: Depends on container host
	Compiler: gcc (SUSE Linux) 7.5.0

RHEL8
	Kernel: Depends on container host
	Compiler: gcc 8.5.0 20210514 (Red Hat 8.5.0-22)

RHEL9
	Kernel: Depends on container host
	Compiler: gcc 11.5.0 20240719 (Red Hat 11.5.0-2)

Ubuntu 20.04
	Kernel: Depends on container host
	Compiler: gcc (Ubuntu 9.4.0-1ubuntu1~20.04.2) 9.4.0

Ubuntu 22.04
	Kernel: Depends on container host
	Compiler: gcc (Ubuntu 11.4.0-1ubuntu1~22.04) 11.4.0

Ubuntu 24.04
	Kernel: Depends on container host
	Compiler: gcc (Ubuntu 13.3.0-6ubuntu2~24.04) 13.3.0

FreeBSD 13.4
	Kernel: 13.4-RELEASE-p1
	Compiler: clang 18.1.6

FreeBSD 14.2
	Kernel: 14.2-RELEASE
	Compiler: clang 18.1.6

Windows Server 2022
	Kernel: 10.0.20348.2031
	Compiler: clang 15.0.7, gcc 14.1.0 (MinGW), and MSVC VS 19.39.33521

To view detailed results, visit:
https://lab.dpdk.org/results/dashboard/tarballs/32045/

UNH-IOL DPDK Community Lab

To manage your email subscriptions, visit: 
https://lab.dpdk.org/results/dashboard/preferences/subscriptions/