From mboxrd@z Thu Jan 1 00:00:00 1970 Return-Path: Received: from mails.dpdk.org (mails.dpdk.org [217.70.189.124]) by inbox.dpdk.org (Postfix) with ESMTP id 8309D45F5F for ; Sat, 28 Dec 2024 04:15:40 +0100 (CET) Received: from mails.dpdk.org (localhost [127.0.0.1]) by mails.dpdk.org (Postfix) with ESMTP id 7F3C140280; Sat, 28 Dec 2024 04:15:40 +0100 (CET) Received: from mail-il1-f225.google.com (mail-il1-f225.google.com [209.85.166.225]) by mails.dpdk.org (Postfix) with ESMTP id 487244021F for ; Sat, 28 Dec 2024 04:15:39 +0100 (CET) Received: by mail-il1-f225.google.com with SMTP id e9e14a558f8ab-3a7e108b491so67501565ab.3 for ; Fri, 27 Dec 2024 19:15:39 -0800 (PST) DKIM-Signature: v=1; a=rsa-sha256; c=relaxed/relaxed; d=iol.unh.edu; s=unh-iol; t=1735355738; x=1735960538; darn=dpdk.org; h=references:in-reply-to:cc:to:from:subject:message-id:date:from:to :cc:subject:date:message-id:reply-to; bh=76yj40HvryAvAZX2fURB4krYJnY11z4RkY6wFEVJI3c=; b=R9U4O4tWM+8DtHP5XpMG2/sTNywL8wSYx10skpU8GzreGC3276WGv+HlkEnbYdptj4 cAS6B0mOI9jwUK4fnf202qrf6UOW3nzudniIOwUSa3i3CRTSDRqSAQcnZ4Bpr8qgMCOV 9EEoVyDZs/IVY9+7kgqBbpy78nuADk/3XAnNo= X-Google-DKIM-Signature: v=1; a=rsa-sha256; c=relaxed/relaxed; d=1e100.net; s=20230601; t=1735355738; x=1735960538; h=references:in-reply-to:cc:to:from:subject:message-id:date :x-gm-message-state:from:to:cc:subject:date:message-id:reply-to; bh=76yj40HvryAvAZX2fURB4krYJnY11z4RkY6wFEVJI3c=; b=N1vyYTqF6wd8SvWDVXdNXNFvuT0rl4iuhCdQwxkwFek8ZdE3rrPjpyLQeMbGjZimwG 8SnEmqnXH4aJmD0QllC53oXdAQeBcLe1npoFMSoRW4kX1fMR3XzodyPLuC+yW7U++IET bjSAPwG6VNMYzCTfmSOG4X8pycbw/rjhrkytT0X7I/Ia+kGugep1OYDJRFqZums1g2Hp ESPHuka10ZMHt0A8/GvgP3rv6JmDRbvwsBBF16UbRq+/5e2BQwtdUGqEY4MpH/G5hj4q UZvwXEra79z1rtU4DLO/wpgY+pPL6gtLHO7zA0uDfstqgFT+CEpnqqhBEx92/NLZ8D81 MHDg== X-Gm-Message-State: AOJu0YzJAI8W4jMeZimgcxgqLjaGBFTpwdk7xEFds8F4YjOUePCasZry FgNlIyx1LJNwXtLVqIvfZKAV+E6SXfhKCkKsX2cZ1nse90hlHKiqx7u+WqMb/QndBgB3tUo7iEo B2d5hOrXciuVuQUKaxenksFX1gFNHm2GWb4P4t8Al X-Gm-Gg: ASbGnctTMXMQt0YGjhvgUPUV0T97pqQQ3z2l3q6nuHIwSGLCPiAU/0pzP6AuZ1+CM1H IyIINn3hcWVUK1764BziEUsz83CceIPuMDk+RwRMyFJcTp7Os4aSo58+HTPm55YQLb61xQsp+Iw Itz71ZaBHmvkY8X6705gy33V/ip6TWQCSkT7JSsGstVD+rQMsl8z2Du/0HhY5tVocvFBaYqJWId BobE50nhMHxHqkNIrjICwlFL9S5Zliiv1fREDfehS5DGbxDBlzJFQH0b93PJaWWElz2wKMBVOq/ Kw== X-Google-Smtp-Source: AGHT+IHG+0L/C7YC9Nxv/fu13IoHMg6FvEx44cRPdMt6cHvIGo/MZMvM5fjRFT+yHxHEkBjrnUDZUqMQxY8l X-Received: by 2002:a05:6e02:20e4:b0:3a7:1f72:ad3c with SMTP id e9e14a558f8ab-3c2d514ff8cmr218450465ab.19.1735355738731; Fri, 27 Dec 2024 19:15:38 -0800 (PST) Received: from postal.iol.unh.edu (postal.iol.unh.edu. [132.177.123.84]) by smtp-relay.gmail.com with ESMTPS id e9e14a558f8ab-3c0e5a1e358sm11907185ab.46.2024.12.27.19.15.38 (version=TLS1_2 cipher=ECDHE-ECDSA-AES128-GCM-SHA256 bits=128/128); Fri, 27 Dec 2024 19:15:38 -0800 (PST) X-Relaying-Domain: iol.unh.edu Date: Fri, 27 Dec 2024 19:15:38 -0800 (PST) Message-ID: <676f6d5a.920a0220.274185.2c18SMTPIN_ADDED_MISSING@mx.google.com> Received: from [172.17.0.3] (unknown [172.18.0.217]) by postal.iol.unh.edu (Postfix) with ESMTP id 3F0FC6052471; Fri, 27 Dec 2024 22:15:38 -0500 (EST) Subject: |FAILURE| pw149501-149503 [PATCH] [v2,3/3] drivers/net: add diagnost From: dpdklab@iol.unh.edu To: Test Report Cc: dpdk-test-reports@iol.unh.edu, Andre Muezerie In-Reply-To: <1735346757-14891-4-git-send-email-andremue@linux.microsoft.com> References: <1735346757-14891-4-git-send-email-andremue@linux.microsoft.com> Content-Type: text/plain X-BeenThere: test-report@dpdk.org X-Mailman-Version: 2.1.29 Precedence: list List-Id: automatic DPDK test reports List-Unsubscribe: , List-Archive: List-Post: List-Help: List-Subscribe: , Errors-To: test-report-bounces@dpdk.org Test-Label: iol-compile-arm64-testing Test-Status: FAILURE http://dpdk.org/patch/149503 _Testing issues_ Submitter: Andre Muezerie Date: Saturday, December 28 2024 00:45:57 DPDK git baseline: Repo:dpdk Branch: master CommitID:fd51012de5369679e807be1d6a81d63ef15015ce 149501-149503 --> testing issues Upstream job id: Generic-DPDK-Compile-Meson#347146 Test environment and result as below: +----------------------------------------+--------------------+ | Environment | dpdk_meson_compile | +========================================+====================+ | RHEL9 (ARM) | FAIL | +----------------------------------------+--------------------+ | Ubuntu 20.04 ARM GCC Cross Compile | FAIL | +----------------------------------------+--------------------+ | Ubuntu 20.04 ARM SVE | FAIL | +----------------------------------------+--------------------+ | Debian 12 with MUSDK | PASS | +----------------------------------------+--------------------+ | Fedora 40 (ARM) | FAIL | +----------------------------------------+--------------------+ | Fedora 40 (ARM Clang) | FAIL | +----------------------------------------+--------------------+ | Fedora 41 (ARM) | PEND | +----------------------------------------+--------------------+ | Fedora 41 (ARM Clang) | FAIL | +----------------------------------------+--------------------+ | Ubuntu 20.04 (ARM) | FAIL | +----------------------------------------+--------------------+ | Ubuntu 22.04 (ARM) | FAIL | +----------------------------------------+--------------------+ | Ubuntu 24.04 (ARM) | FAIL | +----------------------------------------+--------------------+ | CentOS Stream 9 (ARM) | FAIL | +----------------------------------------+--------------------+ | Debian 11 (Buster) (ARM) | FAIL | +----------------------------------------+--------------------+ | Debian 12 (arm) | FAIL | +----------------------------------------+--------------------+ | Ubuntu 20.04 aarch32 GCC Cross Compile | FAIL | +----------------------------------------+--------------------+ | Ubuntu 20.04 ARM Clang Cross Compile | FAIL | +----------------------------------------+--------------------+ ==== 20 line log output for Ubuntu 20.04 ARM Clang Cross Compile (dpdk_meson_compile): ==== [1681/3349] Compiling C object drivers/libtmp_rte_net_hns3.a.p/net_hns3_hns3_rss.c.o [1682/3349] Compiling C object drivers/libtmp_rte_net_hns3.a.p/net_hns3_hns3_rxtx.c.o [1683/3349] Compiling C object drivers/libtmp_rte_net_hns3.a.p/net_hns3_hns3_stats.c.o [1684/3349] Compiling C object drivers/libtmp_rte_net_hns3.a.p/net_hns3_hns3_mp.c.o [1685/3349] Compiling C object drivers/libtmp_rte_net_hns3.a.p/net_hns3_hns3_tm.c.o [1686/3349] Compiling C object drivers/libtmp_rte_net_hns3.a.p/net_hns3_hns3_ptp.c.o [1687/3349] Compiling C object drivers/libtmp_rte_net_hns3.a.p/net_hns3_hns3_common.c.o [1688/3349] Compiling C object drivers/libtmp_rte_net_hns3.a.p/net_hns3_hns3_dump.c.o [1689/3349] Compiling C object drivers/libtmp_rte_net_hns3.a.p/net_hns3_hns3_rxtx_vec.c.o FAILED: drivers/libtmp_rte_net_hns3.a.p/net_hns3_hns3_rxtx_vec.c.o ccache clang -Idrivers/libtmp_rte_net_hns3.a.p -Idrivers -I../drivers -Idrivers/net/hns3 -I../drivers/net/hns3 -Ilib/ethdev -I../lib/ethdev -I. -I.. -Iconfig -I../config -Ilib/eal/include -I../lib/eal/include -Ilib/eal/linux/include -I../lib/eal/linux/include -Ilib/eal/arm/include -I../lib/eal/arm/include -I../kernel/linux -Ilib/eal/common -I../lib/eal/common -Ilib/eal -I../lib/eal -Ilib/kvargs -I../lib/kvargs -Ilib/log -I../lib/log -Ilib/metrics -I../lib/metrics -Ilib/telemetry -I../lib/telemetry -Ilib/net -I../lib/net -Ilib/mbuf -I../lib/mbuf -Ilib/mempool -I../lib/mempool -Ilib/ring -I../lib/ring -Ilib/meter -I../lib/meter -Idrivers/bus/pci -I../drivers/bus/pci -I../drivers/bus/pci/linux -Ilib/pci -I../lib/pci -Idrivers/bus/vdev -I../drivers/bus/vdev -Ilib/hash -I../lib/hash -Ilib/rcu -I../lib/rcu -Xclang -fcolor-diagnostics -pipe -D_FILE_OFFSET_BITS=64 -Wall -Winvalid-pch -Wextra -Werror -std=c11 -O3 -include rte_config.h -Wcast-qual -Wdeprecated -Wformat -Wformat-nonliteral -Wfo rmat-security -Wmissing-declarations -Wmissing-prototypes -Wnested-externs -Wold-style-definition -Wpointer-arith -Wsign-compare -Wstrict-prototypes -Wundef -Wwrite-strings -Wno-missing-field-initializers -D_GNU_SOURCE -target aarch64-linux-gnu --sysroot /usr/aarch64-linux-gnu -fPIC -march=armv8-a+crc -DALLOW_EXPERIMENTAL_API -DALLOW_INTERNAL_API -Wno-address-of-packed-member -DRTE_LOG_DEFAULT_LOGTYPE=pmd.net.hns3 -MD -MQ drivers/libtmp_rte_net_hns3.a.p/net_hns3_hns3_rxtx_vec.c.o -MF drivers/libtmp_rte_net_hns3.a.p/net_hns3_hns3_rxtx_vec.c.o.d -o drivers/libtmp_rte_net_hns3.a.p/net_hns3_hns3_rxtx_vec.c.o -c ../drivers/net/hns3/hns3_rxtx_vec.c In file included from ../drivers/net/hns3/hns3_rxtx_vec.c:13: ../drivers/net/hns3/hns3_rxtx_vec_neon.h:23:24: error: cast from 'volatile unsigned long *' to 'unsigned long *' drops volatile qualifier [-Werror,-Wcast-qual] vst1q_u64((uint64_t *)&desc->addr, val1); ^ ../drivers/net/hns3/hns3_rxtx_vec_neon.h:24:24: error: cast from 'volatile unsigned short *' to 'unsigned long *' drops volatile qualifier [-Werror,-Wcast-qual] vst1q_u64((uint64_t *)&desc->tx.outer_vlan_tag, val2); ^ 2 errors generated. ninja: build stopped: subcommand failed. ==== End log output ==== RHEL9 (ARM) Kernel: Depends on container host Compiler: gcc 11.5.0 20240719 (Red Hat 11.5.0-2) Ubuntu 20.04 ARM GCC Cross Compile Kernel: Depends on container host Compiler: aarch64-linux-gnu-gcc (Ubuntu 9.4.0-1ubuntu1~20.04.2) 9.4.0 Ubuntu 20.04 ARM SVE Kernel: Depends on container host Compiler: gcc (Ubuntu 10.5.0-1ubuntu1~20.04) 10.5.0 Debian 12 with MUSDK Kernel: Depends on container host Compiler: gcc (Debian 12.2.0-14) 12.2.0 Fedora 40 (ARM) Kernel: Depends on container host Compiler: gcc 14.2.1 20240912 (Red Hat 14.2.1-3) Fedora 40 (ARM Clang) Kernel: Depends on container host Compiler: clang 18.1.8 (Fedora 18.1.8-1.fc40) Fedora 41 (ARM) Kernel: Depends on container host Compiler: gcc 14.2.1 20240912 (Red Hat 14.2.1-3) Fedora 41 (ARM Clang) Kernel: Depends on container host Compiler: clang 19.1.5 (Fedora 19.1.5-1.fc41) Ubuntu 20.04 (ARM) Kernel: Depends on container host Compiler: gcc (Ubuntu 9.4.0-1ubuntu1~20.04.2) 9.4.0 Ubuntu 22.04 (ARM) Kernel: Depends on container host Compiler: gcc (Ubuntu 11.4.0-1ubuntu1~22.04) 11.4.0 Ubuntu 24.04 (ARM) Kernel: Depends on container host Compiler: gcc (Ubuntu 13.3.0-6ubuntu2~24.04) 13.3.0 CentOS Stream 9 (ARM) Kernel: Depends on container host Compiler: gcc 11.5.0 20240719 (Red Hat 11.5.0-2) Debian 11 (Buster) (ARM) Kernel: Depends on container host Compiler: gcc (Debian 10.2.1-6) 10.2.1 20210110 Debian 12 (arm) Kernel: Depends on container host Compiler: gcc (Debian 12.2.0-14) 12.2.0 Ubuntu 20.04 aarch32 GCC Cross Compile Kernel: Depends on container host Compiler: gcc 9.4.0 Ubuntu 20.04 ARM Clang Cross Compile Kernel: Depends on container host Compiler: clang 10.0.0-4ubuntu1 To view detailed results, visit: https://lab.dpdk.org/results/dashboard/patchsets/32221/ UNH-IOL DPDK Community Lab To manage your email subscriptions, visit: https://lab.dpdk.org/results/dashboard/preferences/subscriptions/