From mboxrd@z Thu Jan  1 00:00:00 1970
Return-Path: <test-report-bounces@dpdk.org>
Received: from mails.dpdk.org (mails.dpdk.org [217.70.189.124])
	by inbox.dpdk.org (Postfix) with ESMTP id 882E245EA6
	for <public@inbox.dpdk.org>; Sat, 28 Dec 2024 05:19:37 +0100 (CET)
Received: from mails.dpdk.org (localhost [127.0.0.1])
	by mails.dpdk.org (Postfix) with ESMTP id 65046402A8;
	Sat, 28 Dec 2024 05:19:37 +0100 (CET)
Received: from mail-qt1-f227.google.com (mail-qt1-f227.google.com
 [209.85.160.227])
 by mails.dpdk.org (Postfix) with ESMTP id E504F40280
 for <test-report@dpdk.org>; Sat, 28 Dec 2024 05:19:35 +0100 (CET)
Received: by mail-qt1-f227.google.com with SMTP id
 d75a77b69052e-4679d366adeso67342111cf.1
 for <test-report@dpdk.org>; Fri, 27 Dec 2024 20:19:35 -0800 (PST)
DKIM-Signature: v=1; a=rsa-sha256; c=relaxed/relaxed;
 d=iol.unh.edu; s=unh-iol; t=1735359575; x=1735964375; darn=dpdk.org;
 h=references:in-reply-to:cc:to:from:subject:message-id:date:from:to
 :cc:subject:date:message-id:reply-to;
 bh=DcBs4F7C28g3A++JnCLP3iO6a3pbf7+m7WF754xBE+o=;
 b=OtvTg5JUzx0vOtKSHPKpYuFdMtrriAwWq8t1wPAmd/ZtWOcIJjX2dosRFnmyhmAcX6
 hNCpPLrX/SPYg5+TRkWwMnTf+XyC/zyKEvwYQ8QUVBsu0AHZUZPE8aZVYRI2UFrFBCXf
 1HUeMjb7MWNILoTjUoYj61yXNXt5cnzhvw+6Q=
X-Google-DKIM-Signature: v=1; a=rsa-sha256; c=relaxed/relaxed;
 d=1e100.net; s=20230601; t=1735359575; x=1735964375;
 h=references:in-reply-to:cc:to:from:subject:message-id:date
 :x-gm-message-state:from:to:cc:subject:date:message-id:reply-to;
 bh=DcBs4F7C28g3A++JnCLP3iO6a3pbf7+m7WF754xBE+o=;
 b=SgqoR/PDV02Qk0GNPl0p4g7Huq5aK8e9XLjEogqlMKQd+bI6i+bd6B4L7pE89oMnHj
 X8nWgLiQkvOLkHtmbpomeZHIKeHJsAGxhUlRj08tG1cUJBiAWAqhyq6z5xPFr+I2j4Ui
 we/J734nhis5o8PcgkjMVvrRYBx98Bmnn+R97gRZOvRTpldOHP4VVTz8/gYxTwN8RjZL
 0/DmPmqL8mIDKCeqmBNMxKElHnO8at2KEjveTpya0DCsagggEoqbN8YBD0Ki4Uo3C84A
 KtD/06EU3xWW+Iit/s2gNpJ3gE96EBiuWOE4ZO4FwzTOz4IbsbvvxCYgSxYQO5wweayk
 l5ug==
X-Gm-Message-State: AOJu0YziRMkv5aghYiCThRoPggMU4HXiqJlPGv4sjjmhYyPWcq41cBK0
 wAfp2bigIk88m5drr7iqLoUMPs3LJd01O/EaSFOrP3UWl0vzf653pJQ8qtIG+ffxfsnrHlI1Qgg
 W2sPr5KYQpG6Qfw5Um9mqPaPms9CkVzqiUtyK8F7cVDKMeKi0UnLLvDqd
X-Gm-Gg: ASbGncvl+3+BlqiiHaEpkl52AOwJry4CXyz7AfqrImipHnGTzcH3MvziOYp3urgWHSU
 EoQ7ijHepbaEsG/xspNHqQzfPAVtqwjKtniSkXxzwP0Cd9GYMNYsNjz/fZaIvVUAFTtxdzomAN7
 mzRTiVYk6pTszJUqfXWqH7eaKDRy4qBNJGPdEdYYPo97ecBno+ws1smC9LO4uTQdBaSvEWynwPJ
 GXFXrgDJL2MnImvetNe2ACwug8i5433c3S266b/nSVySYXpxhwApwXokGiXBDSqF4B0a9tNWzWj
 nDhJ1g==
X-Google-Smtp-Source: AGHT+IGC9E09+wp03yf0of9sqFNChNZCvFDuR9VZbmi3+LBMN37pY5NG4mbdI9IEzvmdrtO5wLwsmGpc5V9d
X-Received: by 2002:ac8:59d0:0:b0:468:f858:6662 with SMTP id
 d75a77b69052e-46a3af9e2acmr597924841cf.10.1735359575214; 
 Fri, 27 Dec 2024 20:19:35 -0800 (PST)
Received: from postal.iol.unh.edu (postal.iol.unh.edu.
 [2606:4100:3880:1234::84]) by smtp-relay.gmail.com with ESMTPS id
 d75a77b69052e-46a3e6af156sm8520861cf.2.2024.12.27.20.19.35
 (version=TLS1_2 cipher=ECDHE-ECDSA-AES128-GCM-SHA256 bits=128/128);
 Fri, 27 Dec 2024 20:19:35 -0800 (PST)
X-Relaying-Domain: iol.unh.edu
Date: Fri, 27 Dec 2024 20:19:35 -0800 (PST)
Message-ID: <676f7c57.050a0220.1b7aa3.7427SMTPIN_ADDED_MISSING@mx.google.com>
Received: from [172.21.0.6] (unknown [172.18.0.240])
 by postal.iol.unh.edu (Postfix) with ESMTP id E7AA46052471;
 Fri, 27 Dec 2024 23:19:34 -0500 (EST)
Subject: |FAILURE| pw149505-149507 [PATCH] [v3,3/3] drivers/net: add diagnost
From: dpdklab@iol.unh.edu
To: Test Report <test-report@dpdk.org>
Cc: dpdk-test-reports@iol.unh.edu,
 Andre Muezerie <andremue@linux.microsoft.com>
In-Reply-To: <1735355910-1175-4-git-send-email-andremue@linux.microsoft.com>
References: <1735355910-1175-4-git-send-email-andremue@linux.microsoft.com>
Content-Type: text/plain
X-BeenThere: test-report@dpdk.org
X-Mailman-Version: 2.1.29
Precedence: list
List-Id: automatic DPDK test reports <test-report.dpdk.org>
List-Unsubscribe: <https://mails.dpdk.org/options/test-report>,
 <mailto:test-report-request@dpdk.org?subject=unsubscribe>
List-Archive: <http://mails.dpdk.org/archives/test-report/>
List-Post: <mailto:test-report@dpdk.org>
List-Help: <mailto:test-report-request@dpdk.org?subject=help>
List-Subscribe: <https://mails.dpdk.org/listinfo/test-report>,
 <mailto:test-report-request@dpdk.org?subject=subscribe>
Errors-To: test-report-bounces@dpdk.org

Test-Label: iol-unit-arm64-testing
Test-Status: FAILURE
http://dpdk.org/patch/149507

_Testing issues_

Submitter: Andre Muezerie <andremue@linux.microsoft.com>
Date: Saturday, December 28 2024 03:18:30 
DPDK git baseline: Repo:dpdk
  Branch: master
  CommitID:fd51012de5369679e807be1d6a81d63ef15015ce

149505-149507 --> testing issues

Upstream job id: Generic-Unit-Test-DPDK#302437

Test environment and result as below:

+--------------------------+--------------+------------------------------+---------------------------+----------------+
|       Environment        | lpm_autotest | cryptodev_sw_snow3g_autotest | cryptodev_sw_zuc_autotest | dpdk_unit_test |
+==========================+==============+==============================+===========================+================+
| Ubuntu 20.04 ARM SVE     | PASS         | SKIPPED                      | SKIPPED                   | SKIPPED        |
+--------------------------+--------------+------------------------------+---------------------------+----------------+
| Debian 12 (arm)          | SKIPPED      | WARN                         | WARN                      | WARN           |
+--------------------------+--------------+------------------------------+---------------------------+----------------+
| Debian 11 (Buster) (ARM) | SKIPPED      | SKIPPED                      | SKIPPED                   | WARN           |
+--------------------------+--------------+------------------------------+---------------------------+----------------+
| Fedora 40 (ARM)          | SKIPPED      | SKIPPED                      | SKIPPED                   | WARN           |
+--------------------------+--------------+------------------------------+---------------------------+----------------+
| CentOS Stream 9 (ARM)    | SKIPPED      | SKIPPED                      | SKIPPED                   | WARN           |
+--------------------------+--------------+------------------------------+---------------------------+----------------+
| Fedora 41 (ARM Clang)    | SKIPPED      | SKIPPED                      | SKIPPED                   | WARN           |
+--------------------------+--------------+------------------------------+---------------------------+----------------+
| Fedora 40 (ARM Clang)    | SKIPPED      | SKIPPED                      | SKIPPED                   | WARN           |
+--------------------------+--------------+------------------------------+---------------------------+----------------+
| Fedora 41 (ARM)          | SKIPPED      | SKIPPED                      | SKIPPED                   | WARN           |
+--------------------------+--------------+------------------------------+---------------------------+----------------+
| Ubuntu 20.04 (ARM)       | SKIPPED      | SKIPPED                      | SKIPPED                   | WARN           |
+--------------------------+--------------+------------------------------+---------------------------+----------------+
| RHEL9 (ARM)              | SKIPPED      | SKIPPED                      | SKIPPED                   | PEND           |
+--------------------------+--------------+------------------------------+---------------------------+----------------+
| Ubuntu 24.04 (ARM)       | SKIPPED      | SKIPPED                      | SKIPPED                   | PEND           |
+--------------------------+--------------+------------------------------+---------------------------+----------------+
| Ubuntu 22.04 (ARM)       | SKIPPED      | SKIPPED                      | SKIPPED                   | WARN           |
+--------------------------+--------------+------------------------------+---------------------------+----------------+

==== 20 line log output for Ubuntu 22.04 (ARM) (dpdk_unit_test): ====
62 |                 vst1q_u64((uint64_t *)&rxdp++->read, dma_addr1);
|                           ^
../drivers/net/i40e/i40e_rxtx_vec_neon.c: In function 'descs_to_fdir_32b':
../drivers/net/i40e/i40e_rxtx_vec_neon.c:87:32: error: cast discards 'volatile' qualifier from pointer target type [-Werror=cast-qual]
87 |         desc0_qw23 = vld1q_u64((uint64_t *)&(rxdp + 0)->wb.qword2);
|                                ^
../drivers/net/i40e/i40e_rxtx_vec_neon.c:88:32: error: cast discards 'volatile' qualifier from pointer target type [-Werror=cast-qual]
88 |         desc1_qw23 = vld1q_u64((uint64_t *)&(rxdp + 1)->wb.qword2);
|                                ^
../drivers/net/i40e/i40e_rxtx_vec_neon.c:89:32: error: cast discards 'volatile' qualifier from pointer target type [-Werror=cast-qual]
89 |         desc2_qw23 = vld1q_u64((uint64_t *)&(rxdp + 2)->wb.qword2);
|                                ^
../drivers/net/i40e/i40e_rxtx_vec_neon.c:90:32: error: cast discards 'volatile' qualifier from pointer target type [-Werror=cast-qual]
90 |         desc3_qw23 = vld1q_u64((uint64_t *)&(rxdp + 3)->wb.qword2);
|                                ^
cc1: all warnings being treated as errors
[1759/3361] Compiling C object drivers/libtmp_rte_net_i40e.a.p/net_i40e_rte_pmd_i40e.c.o
[1760/3361] Compiling C object drivers/libtmp_rte_net_iavf.a.p/net_iavf_iavf_ethdev.c.o
[1761/3361] Compiling C object drivers/libtmp_rte_net_iavf.a.p/net_iavf_iavf_rxtx.c.o
ninja: build stopped: subcommand failed.
==== End log output ====

Ubuntu 20.04 ARM SVE
	Kernel: Depends on container host
	Compiler: gcc (Ubuntu 10.5.0-1ubuntu1~20.04) 10.5.0

Debian 12 (arm)
	Kernel: Depends on container host
	Compiler: gcc (Debian 12.2.0-14) 12.2.0

Debian 11 (Buster) (ARM)
	Kernel: Depends on container host
	Compiler: gcc (Debian 10.2.1-6) 10.2.1 20210110

Fedora 40 (ARM)
	Kernel: Depends on container host
	Compiler: gcc 14.2.1 20240912 (Red Hat 14.2.1-3)

CentOS Stream 9 (ARM)
	Kernel: Depends on container host
	Compiler: gcc 11.5.0 20240719 (Red Hat 11.5.0-2)

Fedora 41 (ARM Clang)
	Kernel: Depends on container host
	Compiler: clang 19.1.5 (Fedora 19.1.5-1.fc41)

Fedora 40 (ARM Clang)
	Kernel: Depends on container host
	Compiler: clang 18.1.8 (Fedora 18.1.8-1.fc40)

Fedora 41 (ARM)
	Kernel: Depends on container host
	Compiler: gcc 14.2.1 20240912 (Red Hat 14.2.1-3)

Ubuntu 20.04 (ARM)
	Kernel: Depends on container host
	Compiler: gcc (Ubuntu 9.4.0-1ubuntu1~20.04.2) 9.4.0

RHEL9 (ARM)
	Kernel: Depends on container host
	Compiler: gcc 11.5.0 20240719 (Red Hat 11.5.0-2)

Ubuntu 24.04 (ARM)
	Kernel: Depends on container host
	Compiler: gcc (Ubuntu 13.3.0-6ubuntu2~24.04) 13.3.0

Ubuntu 22.04 (ARM)
	Kernel: Depends on container host
	Compiler: gcc (Ubuntu 11.4.0-1ubuntu1~22.04) 11.4.0

To view detailed results, visit:
https://lab.dpdk.org/results/dashboard/patchsets/32223/

UNH-IOL DPDK Community Lab

To manage your email subscriptions, visit: 
https://lab.dpdk.org/results/dashboard/preferences/subscriptions/