From mboxrd@z Thu Jan  1 00:00:00 1970
Return-Path: <test-report-bounces@dpdk.org>
Received: from mails.dpdk.org (mails.dpdk.org [217.70.189.124])
	by inbox.dpdk.org (Postfix) with ESMTP id 6998A45FCC
	for <public@inbox.dpdk.org>; Fri,  3 Jan 2025 00:10:37 +0100 (CET)
Received: from mails.dpdk.org (localhost [127.0.0.1])
	by mails.dpdk.org (Postfix) with ESMTP id 4BC0D402B1;
	Fri,  3 Jan 2025 00:10:37 +0100 (CET)
Received: from mail-il1-f226.google.com (mail-il1-f226.google.com
 [209.85.166.226])
 by mails.dpdk.org (Postfix) with ESMTP id E4F8740279
 for <test-report@dpdk.org>; Fri,  3 Jan 2025 00:10:35 +0100 (CET)
Received: by mail-il1-f226.google.com with SMTP id
 e9e14a558f8ab-3a9d9c86920so45097585ab.2
 for <test-report@dpdk.org>; Thu, 02 Jan 2025 15:10:35 -0800 (PST)
DKIM-Signature: v=1; a=rsa-sha256; c=relaxed/relaxed;
 d=iol.unh.edu; s=unh-iol; t=1735859435; x=1736464235; darn=dpdk.org;
 h=references:in-reply-to:cc:to:from:subject:message-id:date:from:to
 :cc:subject:date:message-id:reply-to;
 bh=8NQv4ZrUyGfipzMk0XPkf/gKMTyyQ25xt6mANhh17G0=;
 b=YFp6CLeX9pB0TM0rD4AyaaG3tymJea3X31xBE14+8GSlejvFJKIx7IJb3iiqe16VS2
 BYd/wgIxfL8SnMccsTz7cgE3Pl0WzXmfhU0tN//ZWmJwgmlkLOSaouioFjdeAY6cWnGX
 sOf01DW0gbloZo0L9qn5U6zOrqSEWTAzqHXIE=
X-Google-DKIM-Signature: v=1; a=rsa-sha256; c=relaxed/relaxed;
 d=1e100.net; s=20230601; t=1735859435; x=1736464235;
 h=references:in-reply-to:cc:to:from:subject:message-id:date
 :x-gm-message-state:from:to:cc:subject:date:message-id:reply-to;
 bh=8NQv4ZrUyGfipzMk0XPkf/gKMTyyQ25xt6mANhh17G0=;
 b=gP53dPXc9TKYakU9ExFvOrz+rsoG67zFwKN2bOBUtXK4b3W1+AP0xlDq012amMeXHL
 49dBtWS2f81+YKJXUOyz2mqtkc5J3krSA8vUrfleo55VrGXnwB1o2AFW2nhh07MzyGSy
 yXT2FoBJC5FXrXxxlWd7RPGHn/i1VUHjhh/aqrr0T8J4ohxxgaZFSFlps5DHCsaIK4PZ
 O3ZAz9iFobh94csUx3P9Jif0aQwFQpOycpzz1xRDC1fQnnRaQFmY/cFyrc5hBr+pWgq1
 EXuztuWiCcHWpQ+2sWHuNbrZ0N4Io7okaRMQiNsli93uKSRpZPtvQsGPpVPIPmkBdMux
 3eKg==
X-Gm-Message-State: AOJu0YxV6Xe4v48SA00xdt8/aMvLowI8KQuHfeVUFfJx+BPNoORIrUTU
 CaZ7/UUJgon/k9HHybCSf0DRC8hTQDQWTWqUr6w/lcHavYlVtgawZB9mYwz41CUty+jGVE4tmvn
 wjQJdoumP6iUxmagz+84Bck/VSH+zVjL5tgK7aOlw
X-Gm-Gg: ASbGncsO+rGlBOf8KIhGABJn8HNm50etFvSLtl0cvPJTxf3gHoVlTutNsaas2ZnLka9
 EkXuqblSXJ0jXRr4H9imSfOjQtlQ18wHnqdwBabJo78VDyAvTu7BKtVioQEbTXLfX3YND/3W9WZ
 xjO2YCatS5fdKGS6ghIf0WhFtPdJXJmJYidSEFVWEUUlEJU5x9Cv38IRtKlQ8Xy/vEvKs1jdRt9
 Fs86dB4fv0NHlMEKE+TH70E2NqiD3NOn9SrTzx+aS1DvFWDHGZA+h37FT7RTq5CvgtS0RSw8EcU
 Hw==
X-Google-Smtp-Source: AGHT+IEkm8ZZCvc933LxsvcvsDf7u9Qaxb4FIMcbtYZgSDe2u23dZvDq5xDkw8JiHBWcWxMjqa5alBuuK4bW
X-Received: by 2002:a05:6e02:1caf:b0:3a7:c5ff:e60b with SMTP id
 e9e14a558f8ab-3c2d1f74a78mr400051055ab.6.1735859435168; 
 Thu, 02 Jan 2025 15:10:35 -0800 (PST)
Received: from postal.iol.unh.edu (postal.iol.unh.edu. [132.177.123.84])
 by smtp-relay.gmail.com with ESMTPS id
 e9e14a558f8ab-3c0e5a1e3dasm17878845ab.52.2025.01.02.15.10.35
 (version=TLS1_2 cipher=ECDHE-ECDSA-AES128-GCM-SHA256 bits=128/128);
 Thu, 02 Jan 2025 15:10:35 -0800 (PST)
X-Relaying-Domain: iol.unh.edu
Date: Thu, 02 Jan 2025 15:10:35 -0800 (PST)
Message-ID: <67771ceb.050a0220.113ab2.787dSMTPIN_ADDED_MISSING@mx.google.com>
Received: from [172.21.0.5] (unknown [172.18.0.240])
 by postal.iol.unh.edu (Postfix) with ESMTP id 9C4116052471;
 Thu,  2 Jan 2025 18:10:34 -0500 (EST)
Subject: |FAILURE| pw149549-149551 [PATCH] [v5,3/3] drivers/net: add diagnost
From: dpdklab@iol.unh.edu
To: Test Report <test-report@dpdk.org>
Cc: dpdk-test-reports@iol.unh.edu,
 Andre Muezerie <andremue@linux.microsoft.com>
In-Reply-To: <1735671358-26003-4-git-send-email-andremue@linux.microsoft.com>
References: <1735671358-26003-4-git-send-email-andremue@linux.microsoft.com>
Content-Type: text/plain
X-BeenThere: test-report@dpdk.org
X-Mailman-Version: 2.1.29
Precedence: list
List-Id: automatic DPDK test reports <test-report.dpdk.org>
List-Unsubscribe: <https://mails.dpdk.org/options/test-report>,
 <mailto:test-report-request@dpdk.org?subject=unsubscribe>
List-Archive: <http://mails.dpdk.org/archives/test-report/>
List-Post: <mailto:test-report@dpdk.org>
List-Help: <mailto:test-report-request@dpdk.org?subject=help>
List-Subscribe: <https://mails.dpdk.org/listinfo/test-report>,
 <mailto:test-report-request@dpdk.org?subject=subscribe>
Errors-To: test-report-bounces@dpdk.org

Test-Label: iol-compile-arm64-testing
Test-Status: FAILURE
http://dpdk.org/patch/149551

_Testing issues_

Submitter: Andre Muezerie <andremue@linux.microsoft.com>
Date: Tuesday, December 31 2024 18:55:58 
DPDK git baseline: Repo:dpdk
  Branch: master
  CommitID:fd51012de5369679e807be1d6a81d63ef15015ce

149549-149551 --> testing issues

Upstream job id: Generic-DPDK-Compile-Meson#347868

Test environment and result as below:

+--------------------------------------+--------------------+
|             Environment              | dpdk_meson_compile |
+======================================+====================+
| RHEL9 (ARM)                          | FAIL               |
+--------------------------------------+--------------------+
| Ubuntu 20.04 ARM SVE                 | PASS               |
+--------------------------------------+--------------------+
| Fedora 41 (ARM)                      | FAIL               |
+--------------------------------------+--------------------+
| Fedora 40 (ARM)                      | FAIL               |
+--------------------------------------+--------------------+
| Fedora 40 (ARM Clang)                | PEND               |
+--------------------------------------+--------------------+
| Ubuntu 24.04 (ARM)                   | PEND               |
+--------------------------------------+--------------------+
| Fedora 41 (ARM Clang)                | PEND               |
+--------------------------------------+--------------------+
| Ubuntu 20.04 (ARM)                   | PEND               |
+--------------------------------------+--------------------+
| Ubuntu 22.04 (ARM)                   | PEND               |
+--------------------------------------+--------------------+
| Debian 11 (Buster) (ARM)             | PEND               |
+--------------------------------------+--------------------+
| Ubuntu 20.04 ARM Clang Cross Compile | PEND               |
+--------------------------------------+--------------------+
| Debian 12 (arm)                      | PEND               |
+--------------------------------------+--------------------+

==== 20 line log output for Fedora 40 (ARM) (dpdk_meson_compile): ====
../drivers/net/iavf/iavf_rxtx_vec_neon.c:274:39: error: cast discards 'volatile' qualifier from pointer target type [-Werror=cast-qual]
274 |                 descs[1] =  vld1q_u64((uint64_t *)(rxdp + 1));
|                                       ^
../drivers/net/iavf/iavf_rxtx_vec_neon.c:275:39: error: cast discards 'volatile' qualifier from pointer target type [-Werror=cast-qual]
275 |                 descs[0] =  vld1q_u64((uint64_t *)(rxdp));
|                                       ^
../drivers/net/iavf/iavf_rxtx_vec_neon.c:280:43: error: cast discards 'volatile' qualifier from pointer target type [-Werror=cast-qual]
280 |                 descs[3] = vld1q_lane_u64((uint64_t *)(rxdp + 3), descs[3], 0);
|                                           ^
../drivers/net/iavf/iavf_rxtx_vec_neon.c:281:43: error: cast discards 'volatile' qualifier from pointer target type [-Werror=cast-qual]
281 |                 descs[2] = vld1q_lane_u64((uint64_t *)(rxdp + 2), descs[2], 0);
|                                           ^
../drivers/net/iavf/iavf_rxtx_vec_neon.c:282:43: error: cast discards 'volatile' qualifier from pointer target type [-Werror=cast-qual]
282 |                 descs[1] = vld1q_lane_u64((uint64_t *)(rxdp + 1), descs[1], 0);
|                                           ^
../drivers/net/iavf/iavf_rxtx_vec_neon.c:283:43: error: cast discards 'volatile' qualifier from pointer target type [-Werror=cast-qual]
283 |                 descs[0] = vld1q_lane_u64((uint64_t *)(rxdp), descs[0], 0);
|                                           ^
cc1: all warnings being treated as errors
ninja: build stopped: subcommand failed.
==== End log output ====

RHEL9 (ARM)
	Kernel: Depends on container host
	Compiler: gcc 11.5.0 20240719 (Red Hat 11.5.0-2)

Ubuntu 20.04 ARM SVE
	Kernel: Depends on container host
	Compiler: gcc (Ubuntu 10.5.0-1ubuntu1~20.04) 10.5.0

Fedora 41 (ARM)
	Kernel: Depends on container host
	Compiler: gcc 14.2.1 20240912 (Red Hat 14.2.1-3)

Fedora 40 (ARM)
	Kernel: Depends on container host
	Compiler: gcc 14.2.1 20240912 (Red Hat 14.2.1-3)

Fedora 40 (ARM Clang)
	Kernel: Depends on container host
	Compiler: clang 18.1.8 (Fedora 18.1.8-1.fc40)

Ubuntu 24.04 (ARM)
	Kernel: Depends on container host
	Compiler: gcc (Ubuntu 13.3.0-6ubuntu2~24.04) 13.3.0

Fedora 41 (ARM Clang)
	Kernel: Depends on container host
	Compiler: clang 19.1.5 (Fedora 19.1.5-1.fc41)

Ubuntu 20.04 (ARM)
	Kernel: Depends on container host
	Compiler: gcc (Ubuntu 9.4.0-1ubuntu1~20.04.2) 9.4.0

Ubuntu 22.04 (ARM)
	Kernel: Depends on container host
	Compiler: gcc (Ubuntu 11.4.0-1ubuntu1~22.04) 11.4.0

Debian 11 (Buster) (ARM)
	Kernel: Depends on container host
	Compiler: gcc (Debian 10.2.1-6) 10.2.1 20210110

Ubuntu 20.04 ARM Clang Cross Compile
	Kernel: Depends on container host
	Compiler: clang 10.0.0-4ubuntu1

Debian 12 (arm)
	Kernel: Depends on container host
	Compiler: gcc (Debian 12.2.0-14) 12.2.0

To view detailed results, visit:
https://lab.dpdk.org/results/dashboard/patchsets/32231/

UNH-IOL DPDK Community Lab

To manage your email subscriptions, visit: 
https://lab.dpdk.org/results/dashboard/preferences/subscriptions/