From mboxrd@z Thu Jan  1 00:00:00 1970
Return-Path: <test-report-bounces@dpdk.org>
Received: from mails.dpdk.org (mails.dpdk.org [217.70.189.124])
	by inbox.dpdk.org (Postfix) with ESMTP id 2129445FCC
	for <public@inbox.dpdk.org>; Fri,  3 Jan 2025 01:44:24 +0100 (CET)
Received: from mails.dpdk.org (localhost [127.0.0.1])
	by mails.dpdk.org (Postfix) with ESMTP id E275B402BD;
	Fri,  3 Jan 2025 01:44:23 +0100 (CET)
Received: from mail-vs1-f99.google.com (mail-vs1-f99.google.com
 [209.85.217.99]) by mails.dpdk.org (Postfix) with ESMTP id CDBE6402B1
 for <test-report@dpdk.org>; Fri,  3 Jan 2025 01:44:22 +0100 (CET)
Received: by mail-vs1-f99.google.com with SMTP id
 ada2fe7eead31-4aff04f17c7so7350846137.0
 for <test-report@dpdk.org>; Thu, 02 Jan 2025 16:44:22 -0800 (PST)
DKIM-Signature: v=1; a=rsa-sha256; c=relaxed/relaxed;
 d=iol.unh.edu; s=unh-iol; t=1735865062; x=1736469862; darn=dpdk.org;
 h=references:in-reply-to:cc:to:from:subject:message-id:date:from:to
 :cc:subject:date:message-id:reply-to;
 bh=EFlQH0R8dBwC41ZG1IGuB1xglTzVdvPUsJ81FnnTm5w=;
 b=ayXE1VR9xxpDUxAiAFtmeNBe+/4mwkR3QCEqND424u7QTIjsbtHV9iNHoj8fNkDrPX
 EX2krOucxu31uZREGQWnGLzj9MDulAhIBTRPzQVK/RjZUdQfla033dMv9jEkNrtSAqNF
 rDXMPicm61nzgoOgXovJjarflDpQp9nQx8o+U=
X-Google-DKIM-Signature: v=1; a=rsa-sha256; c=relaxed/relaxed;
 d=1e100.net; s=20230601; t=1735865062; x=1736469862;
 h=references:in-reply-to:cc:to:from:subject:message-id:date
 :x-gm-message-state:from:to:cc:subject:date:message-id:reply-to;
 bh=EFlQH0R8dBwC41ZG1IGuB1xglTzVdvPUsJ81FnnTm5w=;
 b=vq5G5Iqr6JMkcWhiv9h+tLbKKV+7P3ESBfrcGDjndilju/gdS10xTwQgIdA5DeJb3q
 kaKqEwF14t8ug4kXnAOU4bgabPPcnC/BN+EhtKo4PVNRGvhOadhJNI31bLXnEVpRz7YQ
 mZzgjtH5PHBd3uCLc3hvBvkUBfgWgPjEpyV/vV8n2LLNLdeSZzMegdLmMjmEZC7yEkU+
 ZlfCVGFwblXZZTsKuzrvx2pSplWb6k1IXc18Za2pdtqb++yv5ZTAHw9b/kiJRi/nnHOm
 Jaao9yeaZ6f68FovRh2rVudzwlMyK3AO9dl5QiGteh2xvNMgIQ1Yqqh2cmThpYmyCbKM
 8QWQ==
X-Gm-Message-State: AOJu0Ywh7R/3uWSgSdWB6o3fWeD9b7i0C0aqiUU2PbJJTD3RGbepfGa/
 YL1ECn6SGCTNUnG5LAUAInPwgw9o0HKUSEbw3RwiwqgAdEADtFNrBgsQjfih5/UWGS1vmPaB8ns
 zEZ9K1CKG0JDGCCPa7ahOEUqTQRy53VW3t4DCeR2BbSkYBtJ07KjdDssk
X-Gm-Gg: ASbGncuvYo0irc2NUQ0uGZnF9kT+dJgRLQ7H0frct4hHir7b/2kyox6xbgqrvqx7bQV
 U5fODKpoNnUbQumAxAX5RqHqKb0dZoScuDW3hs9t43WMMnPb2txDoZU6LYYheYlQVlYoN+O6XZ6
 SBE2QTdUBPWWRN+kcEOqrFifwd8RcHRuiRqswHv4nDXIBn/XVwOXrwS67k1CQgV09Q/8QBeGRif
 lUoT0XOx7RMsLPc2TJ1nluGAZA9KNAi/6LalvwTOFSVEbpGoy3+xshXtILVaP0Vs3hjygcOYdsH
 Eo3A+w==
X-Google-Smtp-Source: AGHT+IGC4iET6E6eZAlAnBdtbDK1jKm+WzlYrxe3pM1wzxjCCeDwlgAGQ3u42HCyNrTsI30cwvxOZD+hTL11
X-Received: by 2002:a67:fd10:0:b0:4af:f576:b639 with SMTP id
 ada2fe7eead31-4b2bbfcb6e1mr39005390137.4.1735865062142; 
 Thu, 02 Jan 2025 16:44:22 -0800 (PST)
Received: from postal.iol.unh.edu (postal.iol.unh.edu.
 [2606:4100:3880:1234::84]) by smtp-relay.gmail.com with ESMTPS id
 a1e0cc1a2514c-8610a92c281sm1039747241.0.2025.01.02.16.44.22
 (version=TLS1_2 cipher=ECDHE-ECDSA-AES128-GCM-SHA256 bits=128/128);
 Thu, 02 Jan 2025 16:44:22 -0800 (PST)
X-Relaying-Domain: iol.unh.edu
Date: Thu, 02 Jan 2025 16:44:22 -0800 (PST)
Message-ID: <677732e6.050a0220.8ca48.184dSMTPIN_ADDED_MISSING@mx.google.com>
Received: from [172.21.0.5] (unknown [172.18.0.240])
 by postal.iol.unh.edu (Postfix) with ESMTP id C8C386052471;
 Thu,  2 Jan 2025 19:44:21 -0500 (EST)
Subject: |FAILURE| pw149558-149560 [PATCH] [v8,3/3] drivers/net: add diagnost
From: dpdklab@iol.unh.edu
To: Test Report <test-report@dpdk.org>
Cc: dpdk-test-reports@iol.unh.edu,
 Andre Muezerie <andremue@linux.microsoft.com>
In-Reply-To: <1735692511-4196-4-git-send-email-andremue@linux.microsoft.com>
References: <1735692511-4196-4-git-send-email-andremue@linux.microsoft.com>
Content-Type: text/plain
X-BeenThere: test-report@dpdk.org
X-Mailman-Version: 2.1.29
Precedence: list
List-Id: automatic DPDK test reports <test-report.dpdk.org>
List-Unsubscribe: <https://mails.dpdk.org/options/test-report>,
 <mailto:test-report-request@dpdk.org?subject=unsubscribe>
List-Archive: <http://mails.dpdk.org/archives/test-report/>
List-Post: <mailto:test-report@dpdk.org>
List-Help: <mailto:test-report-request@dpdk.org?subject=help>
List-Subscribe: <https://mails.dpdk.org/listinfo/test-report>,
 <mailto:test-report-request@dpdk.org?subject=subscribe>
Errors-To: test-report-bounces@dpdk.org

Test-Label: iol-compile-arm64-testing
Test-Status: FAILURE
http://dpdk.org/patch/149560

_Testing issues_

Submitter: Andre Muezerie <andremue@linux.microsoft.com>
Date: Wednesday, January 01 2025 00:48:31 
DPDK git baseline: Repo:dpdk
  Branch: master
  CommitID:fd51012de5369679e807be1d6a81d63ef15015ce

149558-149560 --> testing issues

Upstream job id: Generic-DPDK-Compile-Meson#347906

Test environment and result as below:

+----------------------------------------+--------------------+
|              Environment               | dpdk_meson_compile |
+========================================+====================+
| Ubuntu 20.04 ARM GCC Cross Compile     | FAIL               |
+----------------------------------------+--------------------+
| Ubuntu 20.04 ARM SVE                   | PASS               |
+----------------------------------------+--------------------+
| Debian 12 with MUSDK                   | PASS               |
+----------------------------------------+--------------------+
| Fedora 40 (ARM Clang)                  | FAIL               |
+----------------------------------------+--------------------+
| Fedora 40 (ARM)                        | FAIL               |
+----------------------------------------+--------------------+
| Fedora 41 (ARM)                        | FAIL               |
+----------------------------------------+--------------------+
| Ubuntu 20.04 (ARM)                     | FAIL               |
+----------------------------------------+--------------------+
| CentOS Stream 9 (ARM)                  | FAIL               |
+----------------------------------------+--------------------+
| Ubuntu 24.04 (ARM)                     | FAIL               |
+----------------------------------------+--------------------+
| Ubuntu 22.04 (ARM)                     | FAIL               |
+----------------------------------------+--------------------+
| Debian 11 (Buster) (ARM)               | FAIL               |
+----------------------------------------+--------------------+
| Debian 12 (arm)                        | FAIL               |
+----------------------------------------+--------------------+
| Ubuntu 20.04 ARM Clang Cross Compile   | FAIL               |
+----------------------------------------+--------------------+
| Ubuntu 20.04 aarch32 GCC Cross Compile | FAIL               |
+----------------------------------------+--------------------+

==== 20 line log output for Ubuntu 20.04 aarch32 GCC Cross Compile (dpdk_meson_compile): ====
[1375/2408] Compiling C object drivers/libtmp_rte_net_ixgbe.a.p/net_ixgbe_ixgbe_pf.c.o
[1376/2408] Compiling C object drivers/libtmp_rte_net_ixgbe.a.p/net_ixgbe_ixgbe_rxtx.c.o
[1377/2408] Compiling C object drivers/libtmp_rte_net_ixgbe.a.p/net_ixgbe_ixgbe_tm.c.o
[1378/2408] Compiling C object drivers/libtmp_rte_net_ixgbe.a.p/net_ixgbe_ixgbe_vf_representor.c.o
[1379/2408] Compiling C object drivers/libtmp_rte_net_ixgbe.a.p/net_ixgbe_rte_pmd_ixgbe.c.o
[1380/2408] Compiling C object drivers/libtmp_rte_net_ixgbe.a.p/net_ixgbe_ixgbe_rxtx_vec_neon.c.o
FAILED: drivers/libtmp_rte_net_ixgbe.a.p/net_ixgbe_ixgbe_rxtx_vec_neon.c.o
ccache arm-linux-gnueabihf-gcc -Idrivers/libtmp_rte_net_ixgbe.a.p -Idrivers -I../drivers -Idrivers/net/ixgbe -I../drivers/net/ixgbe -Idrivers/net/ixgbe/base -I../drivers/net/ixgbe/base -Ilib/ethdev -I../lib/ethdev -I. -I.. -Iconfig -I../config -Ilib/eal/include -I../lib/eal/include -Ilib/eal/linux/include -I../lib/eal/linux/include -Ilib/eal/arm/include -I../lib/eal/arm/include -I../kernel/linux -Ilib/eal/common -I../lib/eal/common -Ilib/eal -I../lib/eal -Ilib/kvargs -I../lib/kvargs -Ilib/log -I../lib/log -Ilib/metrics -I../lib/metrics -Ilib/telemetry -I../lib/telemetry -Ilib/net -I../lib/net -Ilib/mbuf -I../lib/mbuf -Ilib/mempool -I../lib/mempool -Ilib/ring -I../lib/ring -Ilib/meter -I../lib/meter -Idrivers/bus/pci -I../drivers/bus/pci -I../drivers/bus/pci/linux -Ilib/pci -I../lib/pci -Idrivers/bus/vdev -I../drivers/bus/vdev -Ilib/hash -I../lib/hash -Ilib/rcu -I../lib/rcu -Ilib/security -I../lib/security -Ilib/cryptodev -I../lib/cryptodev -fdiagnostics-color=always -pipe -D_FILE_OFF
 SET_BITS=64 -Wall -Winvalid-pch -Wextra -Werror -std=c11 -O3 -include rte_config.h -Wcast-qual -Wdeprecated -Wformat -Wformat-nonliteral -Wformat-security -Wmissing-declarations -Wmissing-prototypes -Wnested-externs -Wold-style-definition -Wpointer-arith -Wsign-compare -Wstrict-prototypes -Wundef -Wwrite-strings -Wno-packed-not-aligned -Wno-missing-field-initializers -Wno-pointer-to-int-cast -D_GNU_SOURCE -fPIC -march=armv8-a+simd -mfpu=auto -DALLOW_EXPERIMENTAL_API -DALLOW_INTERNAL_API -Wno-format-truncation -Wno-address-of-packed-member -DRTE_LIBRTE_IXGBE_BYPASS -DRTE_LOG_DEFAULT_LOGTYPE=pmd.net.ixgbe -MD -MQ drivers/libtmp_rte_net_ixgbe.a.p/net_ixgbe_ixgbe_rxtx_vec_neon.c.o -MF drivers/libtmp_rte_net_ixgbe.a.p/net_ixgbe_ixgbe_rxtx_vec_neon.c.o.d -o drivers/libtmp_rte_net_ixgbe.a.p/net_ixgbe_ixgbe_rxtx_vec_neon.c.o -c ../drivers/net/ixgbe/ixgbe_rxtx_vec_neon.c
../drivers/net/ixgbe/ixgbe_rxtx_vec_neon.c: In function 'ixgbe_rxq_rearm':
../drivers/net/ixgbe/ixgbe_rxtx_vec_neon.c:37:15: error: cast discards 'volatile' qualifier from pointer target type [-Werror=cast-qual]
37 |     vst1q_u64((uint64_t *)&rxdp[i].read,
|               ^
../drivers/net/ixgbe/ixgbe_rxtx_vec_neon.c:61:13: error: cast discards 'volatile' qualifier from pointer target type [-Werror=cast-qual]
61 |   vst1q_u64((uint64_t *)&rxdp++->read, dma_addr0);
|             ^
../drivers/net/ixgbe/ixgbe_rxtx_vec_neon.c:66:13: error: cast discards 'volatile' qualifier from pointer target type [-Werror=cast-qual]
66 |   vst1q_u64((uint64_t *)&rxdp++->read, dma_addr1);
|             ^
cc1: all warnings being treated as errors
ninja: build stopped: subcommand failed.
==== End log output ====

Ubuntu 20.04 ARM GCC Cross Compile
	Kernel: Depends on container host
	Compiler: aarch64-linux-gnu-gcc (Ubuntu 9.4.0-1ubuntu1~20.04.2) 9.4.0

Ubuntu 20.04 ARM SVE
	Kernel: Depends on container host
	Compiler: gcc (Ubuntu 10.5.0-1ubuntu1~20.04) 10.5.0

Debian 12 with MUSDK
	Kernel: Depends on container host
	Compiler: gcc (Debian 12.2.0-14) 12.2.0

Fedora 40 (ARM Clang)
	Kernel: Depends on container host
	Compiler: clang 18.1.8 (Fedora 18.1.8-1.fc40)

Fedora 40 (ARM)
	Kernel: Depends on container host
	Compiler: gcc 14.2.1 20240912 (Red Hat 14.2.1-3)

Fedora 41 (ARM)
	Kernel: Depends on container host
	Compiler: gcc 14.2.1 20240912 (Red Hat 14.2.1-3)

Ubuntu 20.04 (ARM)
	Kernel: Depends on container host
	Compiler: gcc (Ubuntu 9.4.0-1ubuntu1~20.04.2) 9.4.0

CentOS Stream 9 (ARM)
	Kernel: Depends on container host
	Compiler: gcc 11.5.0 20240719 (Red Hat 11.5.0-2)

Ubuntu 24.04 (ARM)
	Kernel: Depends on container host
	Compiler: gcc (Ubuntu 13.3.0-6ubuntu2~24.04) 13.3.0

Ubuntu 22.04 (ARM)
	Kernel: Depends on container host
	Compiler: gcc (Ubuntu 11.4.0-1ubuntu1~22.04) 11.4.0

Debian 11 (Buster) (ARM)
	Kernel: Depends on container host
	Compiler: gcc (Debian 10.2.1-6) 10.2.1 20210110

Debian 12 (arm)
	Kernel: Depends on container host
	Compiler: gcc (Debian 12.2.0-14) 12.2.0

Ubuntu 20.04 ARM Clang Cross Compile
	Kernel: Depends on container host
	Compiler: clang 10.0.0-4ubuntu1

Ubuntu 20.04 aarch32 GCC Cross Compile
	Kernel: Depends on container host
	Compiler: gcc 9.4.0

To view detailed results, visit:
https://lab.dpdk.org/results/dashboard/patchsets/32232/

UNH-IOL DPDK Community Lab

To manage your email subscriptions, visit: 
https://lab.dpdk.org/results/dashboard/preferences/subscriptions/