From mboxrd@z Thu Jan  1 00:00:00 1970
Return-Path: <test-report-bounces@dpdk.org>
Received: from mails.dpdk.org (mails.dpdk.org [217.70.189.124])
	by inbox.dpdk.org (Postfix) with ESMTP id AA6D646016
	for <public@inbox.dpdk.org>; Wed,  8 Jan 2025 06:20:24 +0100 (CET)
Received: from mails.dpdk.org (localhost [127.0.0.1])
	by mails.dpdk.org (Postfix) with ESMTP id 5CC9740150;
	Wed,  8 Jan 2025 06:20:24 +0100 (CET)
Received: from mail-yb1-f226.google.com (mail-yb1-f226.google.com
 [209.85.219.226])
 by mails.dpdk.org (Postfix) with ESMTP id 6A02B4014F
 for <test-report@dpdk.org>; Wed,  8 Jan 2025 06:20:23 +0100 (CET)
Received: by mail-yb1-f226.google.com with SMTP id
 3f1490d57ef6-e53c9035003so20776141276.2
 for <test-report@dpdk.org>; Tue, 07 Jan 2025 21:20:23 -0800 (PST)
DKIM-Signature: v=1; a=rsa-sha256; c=relaxed/relaxed;
 d=iol.unh.edu; s=unh-iol; t=1736313622; x=1736918422; darn=dpdk.org;
 h=references:in-reply-to:cc:to:from:subject:message-id:date:from:to
 :cc:subject:date:message-id:reply-to;
 bh=eV/eE1J0vCPIFdov1eKLFlQ1rYC/t9SRgVVOZZuxZqE=;
 b=T2Euv5M2kMazvGxXxg0SMduXJAuXoB/cLy6+lyVq0xnVrccOKdqs66KotEXPHDrEhl
 WW7Nto8lfTBxQUKaoeo/tz0qa0vjAeWcs9m0XzaiRjOD8yt7csRGCHg0J5134nGVtIWb
 opHb3wKujuPFi2KdeONyOFTkr6ImJE4Od57KI=
X-Google-DKIM-Signature: v=1; a=rsa-sha256; c=relaxed/relaxed;
 d=1e100.net; s=20230601; t=1736313622; x=1736918422;
 h=references:in-reply-to:cc:to:from:subject:message-id:date
 :x-gm-message-state:from:to:cc:subject:date:message-id:reply-to;
 bh=eV/eE1J0vCPIFdov1eKLFlQ1rYC/t9SRgVVOZZuxZqE=;
 b=YKFrEH9EZBugumuZ+Z3CJaTjbrrjzWyivxaaHqSmOEsYHZsbJEBWmlhIdRK7UyFz1l
 NTuOkKzxwyca2Nc6RmF6rsKAgFfgV6743ojzq2ZD/X3PjpqBm7HuGZ47+By4DtYAvcK6
 zOxb2Epl7VKixoK5G68nxImhRyNOI1xbrOhdmF5Vsmp4vJCAdVT8jlyrICqiyVSRvNO2
 Jb3f6+ZqXprjJpfFmwcYbVWH7ZyiG+sN6PTmpLePgwQ35irN+GeCdYOepxthOr1yMhLX
 ZYISzc89bMy/9AZgyqXlNboggI5SkYydPb314lWkEWhPXo6Hi+g3NG6uAW5KYzc48itT
 V6DA==
X-Gm-Message-State: AOJu0Ywyu/M14aitMStQT6+dLbpUlq7oRvW07jp+rppESw/6/CG4KHtb
 JC5KZYcz+XLFy48yThxgBfW6uEUyx+P5tVu/ihYgRAX2dVLtYaNcpFVkD0HQRf7u2I7v59aD/9o
 gcFpJ5Ov+m20LZW2FxdEumNKNuZ4ObbjCuKTX6QrSXCZxG1Q2crgbx0zo
X-Gm-Gg: ASbGnctjfjQ2+66bDXy4VaxYOugWuDgNP5dM0W2fIe3wa3mwQ7SBymB5xxUNPA/TPoi
 vJepPgd61jy1wnE6RGOaXhFeubZ5zXi5aIxnifT0h0UxoxutayDA/GucECOeCIT/tbKEXwTh53a
 NheZHp2rSh+/Fjx2pv09aHjp0RHqL7UjYPUacym5ioNrJKAI3mytn59paQr6Jd9+HKpZxZzrifr
 E+G5ZG29en0Q+KqTQPRnn9KLEGfiAi4+yLZdquRgxjfhJut+/9b5AX/urp0He6FdRv/9zblkFiE
 dfCTSg==
X-Google-Smtp-Source: AGHT+IG6olk9BO7T/Dv3VFAliYLyBQKsYdxwhABj1aWf8lSEF9KyQxLIifTc3Fw29zbalqDEUhMoDTycqoJw
X-Received: by 2002:a05:690c:3706:b0:6ef:6f24:d0b1 with SMTP id
 00721157ae682-6f531304972mr12447797b3.39.1736313622589; 
 Tue, 07 Jan 2025 21:20:22 -0800 (PST)
Received: from postal.iol.unh.edu (postal.iol.unh.edu.
 [2606:4100:3880:1234::84]) by smtp-relay.gmail.com with ESMTPS id
 00721157ae682-6f3e71a3fb3sm18838077b3.0.2025.01.07.21.20.22
 (version=TLS1_2 cipher=ECDHE-ECDSA-AES128-GCM-SHA256 bits=128/128);
 Tue, 07 Jan 2025 21:20:22 -0800 (PST)
X-Relaying-Domain: iol.unh.edu
Date: Tue, 07 Jan 2025 21:20:22 -0800 (PST)
Message-ID: <677e0b16.050a0220.2caf5e.59f0SMTPIN_ADDED_MISSING@mx.google.com>
Received: from [172.21.0.6] (unknown [172.18.0.240])
 by postal.iol.unh.edu (Postfix) with ESMTP id 069736052471;
 Wed,  8 Jan 2025 00:20:22 -0500 (EST)
Subject: |WARNING| pw149260-149264 [PATCH] [v2,5/5] eal/x86: defer power intr
From: dpdklab@iol.unh.edu
To: Test Report <test-report@dpdk.org>
Cc: dpdk-test-reports@iol.unh.edu
In-Reply-To: <20241217085954.3310414-6-david.marchand@redhat.com>
References: <20241217085954.3310414-6-david.marchand@redhat.com>
Content-Type: text/plain
X-BeenThere: test-report@dpdk.org
X-Mailman-Version: 2.1.29
Precedence: list
List-Id: automatic DPDK test reports <test-report.dpdk.org>
List-Unsubscribe: <https://mails.dpdk.org/options/test-report>,
 <mailto:test-report-request@dpdk.org?subject=unsubscribe>
List-Archive: <http://mails.dpdk.org/archives/test-report/>
List-Post: <mailto:test-report@dpdk.org>
List-Help: <mailto:test-report-request@dpdk.org?subject=help>
List-Subscribe: <https://mails.dpdk.org/listinfo/test-report>,
 <mailto:test-report-request@dpdk.org?subject=subscribe>
Errors-To: test-report-bounces@dpdk.org

Test-Label: iol-abi-testing
Test-Status: WARNING
http://dpdk.org/patch/149264

_Testing issues_

Submitter: David Marchand <david.marchand@redhat.com>
Date: Tuesday, December 17 2024 08:59:52 
DPDK git baseline: Repo:dpdk
  Branch: master
  CommitID:7df61db6c387703a36306c1aea92225921e2eeb2

149260-149264 --> testing issues

Upstream job id: Generic-DPDK-Compile-ABI#110406

Test environment and result as below:

+-------------------+----------+
|    Environment    | abi_test |
+===================+==========+
| CentOS Stream 9   | FAIL     |
+-------------------+----------+
| Debian 12         | PASS     |
+-------------------+----------+
| Fedora 40 (Clang) | FAIL     |
+-------------------+----------+
| Fedora 40         | PEND     |
+-------------------+----------+
| Fedora 41 (Clang) | PEND     |
+-------------------+----------+
| Fedora 41         | PEND     |
+-------------------+----------+
| openSUSE Leap 15  | PEND     |
+-------------------+----------+
| RHEL9             | PEND     |
+-------------------+----------+
| RHEL8             | PEND     |
+-------------------+----------+
| Ubuntu 22.04      | PEND     |
+-------------------+----------+
| Ubuntu 24.04      | PEND     |
+-------------------+----------+

==== 20 line log output for Fedora 40 (Clang) (abi_test): ====
Error: cannot find librte_cmdline.so.24.0 in build_install
Error: cannot find librte_log.so.24.0 in build_install
Error: cannot find librte_bpf.so.24.0 in build_install
Error: cannot find librte_distributor.so.24.0 in build_install
Error: cannot find librte_jobstats.so.24.0 in build_install
Error: cannot find librte_cfgfile.so.24.0 in build_install
Error: cannot find librte_compressdev.so.24.0 in build_install
Error: cannot find librte_ring.so.24.0 in build_install
Error: cannot find librte_bitratestats.so.24.0 in build_install
Error: cannot find librte_latencystats.so.24.0 in build_install
Error: cannot find librte_pdump.so.24.0 in build_install
Error: cannot find librte_timer.so.24.0 in build_install
Error: cannot find librte_mbuf.so.24.0 in build_install
Error: cannot find librte_gpudev.so.24.0 in build_install
Error: cannot find librte_rib.so.24.0 in build_install
Error: cannot find librte_cryptodev.so.24.0 in build_install
Error: cannot find librte_member.so.24.0 in build_install
Error: cannot find librte_kvargs.so.24.0 in build_install
Error: cannot find librte_sched.so.24.0 in build_install
Error: cannot find librte_node.so.24.0 in build_install
==== End log output ====

CentOS Stream 9
	Kernel: Depends on container host
	Compiler: gcc 11.5.0 20240719 (Red Hat 11.5.0-2)

Debian 12
	Kernel: Depends on container host
	Compiler: gcc (Debian 12.2.0-14) 12.2.0

Fedora 40 (Clang)
	Kernel: Depends on container host
	Compiler: clang 18.1.8 (Fedora 18.1.8-1.fc40)

Fedora 40
	Kernel: Depends on container host
	Compiler: gcc 14.2.1 20240912 (Red Hat 14.2.1-3)

Fedora 41 (Clang)
	Kernel: Depends on container host
	Compiler: clang 19.1.5 (Fedora 19.1.5-1.fc41)

Fedora 41
	Kernel: Depends on container host
	Compiler: gcc 14.2.1 20240912 (Red Hat 14.2.1-3)

openSUSE Leap 15
	Kernel: Depends on container host
	Compiler: gcc (SUSE Linux) 7.5.0

RHEL9
	Kernel: Depends on container host
	Compiler: gcc 11.5.0 20240719 (Red Hat 11.5.0-2)

RHEL8
	Kernel: Depends on container host
	Compiler: gcc 8.5.0 20210514 (Red Hat 8.5.0-22)

Ubuntu 22.04
	Kernel: Depends on container host
	Compiler: gcc (Ubuntu 11.4.0-1ubuntu1~22.04) 11.4.0

Ubuntu 24.04
	Kernel: Depends on container host
	Compiler: gcc (Ubuntu 13.3.0-6ubuntu2~24.04) 13.3.0

To view detailed results, visit:
https://lab.dpdk.org/results/dashboard/patchsets/32151/

UNH-IOL DPDK Community Lab

To manage your email subscriptions, visit: 
https://lab.dpdk.org/results/dashboard/preferences/subscriptions/