From mboxrd@z Thu Jan  1 00:00:00 1970
Return-Path: <test-report-bounces@dpdk.org>
Received: from mails.dpdk.org (mails.dpdk.org [217.70.189.124])
	by inbox.dpdk.org (Postfix) with ESMTP id 482AC46030
	for <public@inbox.dpdk.org>; Thu,  9 Jan 2025 14:36:57 +0100 (CET)
Received: from mails.dpdk.org (localhost [127.0.0.1])
	by mails.dpdk.org (Postfix) with ESMTP id 2138740BA5;
	Thu,  9 Jan 2025 14:36:57 +0100 (CET)
Received: from mail-qt1-f227.google.com (mail-qt1-f227.google.com
 [209.85.160.227])
 by mails.dpdk.org (Postfix) with ESMTP id 43C9040B94
 for <test-report@dpdk.org>; Thu,  9 Jan 2025 14:36:56 +0100 (CET)
Received: by mail-qt1-f227.google.com with SMTP id
 d75a77b69052e-467a8d2d7f1so6391701cf.1
 for <test-report@dpdk.org>; Thu, 09 Jan 2025 05:36:56 -0800 (PST)
DKIM-Signature: v=1; a=rsa-sha256; c=relaxed/relaxed;
 d=iol.unh.edu; s=unh-iol; t=1736429815; x=1737034615; darn=dpdk.org;
 h=cc:to:from:subject:message-id:date:from:to:cc:subject:date
 :message-id:reply-to;
 bh=nEfdlSigIIN0A4cm9bIHQwxazkGZvo0+30Q/HKKwZ50=;
 b=Hbv98FdFac+ArNn0s5JmMLDgkrqZvuKm9C01+vAKztWrWvi46Eq9ijE62mEX1Ju861
 Uv4rFr7pEFPxnNDUhyLFTlZdpCIQUCcfa/23vAdZS8Qwf2Q2cHGWv8q/bAWJydcSpLE4
 Lg/OWEEPJywYQK9X8eapdrVemabLTDcSUwdRM=
X-Google-DKIM-Signature: v=1; a=rsa-sha256; c=relaxed/relaxed;
 d=1e100.net; s=20230601; t=1736429815; x=1737034615;
 h=cc:to:from:subject:message-id:date:x-gm-message-state:from:to:cc
 :subject:date:message-id:reply-to;
 bh=nEfdlSigIIN0A4cm9bIHQwxazkGZvo0+30Q/HKKwZ50=;
 b=J6rc1nW+APYx65Q7b6yET9je2rM2quQi0vuF1CEDleGcb4hlym6nYXfXZNXExdKNHG
 37DiVtPyO0ET+tAEoUdYIVWT6JSvbR+bBKErQjIh5iIVSrNf8UH6kl76gqrUsw/i2ncM
 haG6zEtqEME5VAiUOIhHkoTsgTpe3V3ncY+qL05P7r6VykdglI5KrWnwFxpIv/1vaUZz
 rFgflPrgSCTMMnI0cWasFjvW6trG4ejdXg/js1WBLMPQy19R1CDimcytgYR629nzkzqG
 mCmTMGeJluM5dp5nDA5b4IYR3CJVuGgYWC8WKUJmtD/ZY9TWAgnqQuoY2IO/1/f2QHys
 qI1w==
X-Gm-Message-State: AOJu0Yy6Cebo9SW6B2oNjsEBsWxjxJkqOqxf8KS6cSgE9lm2g0Uqk9Mg
 PnodGn4otcfoLEY0+HB4fLOl8ofQUzu7qpXEeGgHYL6DRtdWbFf2esop77St5+88SG0V66tbbq1
 Jyu3mKA7dW8vpWWAFRV83/uDSek4xlYENSU/616txff0SKmG5
X-Gm-Gg: ASbGncvrurjHxHbSJnWgM/xLakFCMRVkRqlST7qk8OT6aZ/R+tg7w/pZ5VqEOAb9G9W
 TXrMzY7NGlIHdCrBH5+zluBMBlaib7XuDEPFcVJHe8LTJOQp2Y9LSFUkhY3BYGJuZ8jU0QTWhVn
 tRTkV5h/ueza9B6qs2Dkl/VPndZRuvoBaxk9pFjspcLQyrLA1/4m68zCGMpniDU2Ku8uCZREVsq
 05D54HxfQ3lUeMIUR1wlymDZKv1021Iteiyk8D3bNiQ8dB9WyycqlCSi705uuwS2fO0xssjmP0D
 oFAtAQ==
X-Google-Smtp-Source: AGHT+IFU6LJ2WzkZ32/hK4t++W6ywF22Quz0ekhdxphZb+kakbbKZZzO2JkChuMfw4M54I7P7DjX+qGTxdGC
X-Received: by 2002:a05:622a:1a9a:b0:466:a9e6:6d6b with SMTP id
 d75a77b69052e-46c70ffcc01mr91226041cf.15.1736429815630; 
 Thu, 09 Jan 2025 05:36:55 -0800 (PST)
Received: from postal.iol.unh.edu (postal.iol.unh.edu.
 [2606:4100:3880:1234::84]) by smtp-relay.gmail.com with ESMTPS id
 d75a77b69052e-46a3eb9a417sm20490431cf.19.2025.01.09.05.36.55
 (version=TLS1_2 cipher=ECDHE-ECDSA-AES128-GCM-SHA256 bits=128/128);
 Thu, 09 Jan 2025 05:36:55 -0800 (PST)
X-Relaying-Domain: iol.unh.edu
Date: Thu, 09 Jan 2025 05:36:55 -0800 (PST)
Message-ID: <677fd0f7.c80a0220.13e348.cd3aSMTPIN_ADDED_MISSING@mx.google.com>
Received: from [172.21.0.5] (unknown [172.18.0.240])
 by postal.iol.unh.edu (Postfix) with ESMTP id 4A7BC6052471;
 Thu,  9 Jan 2025 08:36:55 -0500 (EST)
Subject: |FAILURE| [GIT MASTER] c66daa12e76d7b4912cfb7109a761856a7a873ab
From: dpdklab@iol.unh.edu
To: Test Report <test-report@dpdk.org>
Cc: dpdk-test-reports@iol.unh.edu, Xueming Li <xuemingl@nvidia.com>,
 Christian Ehrhardt <christian.ehrhardt@canonical.com>,
 Kevin Traynor <ktraynor@redhat.com>, Luca Boccassi <bluca@debian.org>
Content-Type: text/plain
X-BeenThere: test-report@dpdk.org
X-Mailman-Version: 2.1.29
Precedence: list
List-Id: automatic DPDK test reports <test-report.dpdk.org>
List-Unsubscribe: <https://mails.dpdk.org/options/test-report>,
 <mailto:test-report-request@dpdk.org?subject=unsubscribe>
List-Archive: <http://mails.dpdk.org/archives/test-report/>
List-Post: <mailto:test-report@dpdk.org>
List-Help: <mailto:test-report-request@dpdk.org?subject=help>
List-Subscribe: <https://mails.dpdk.org/listinfo/test-report>,
 <mailto:test-report-request@dpdk.org?subject=subscribe>
Errors-To: test-report-bounces@dpdk.org

_Testing issues_

Branch: tags/v23.11

c66daa12e76d7b4912cfb7109a761856a7a873ab --> testing issues

Upstream job id: Generic-Unit-Test-DPDK#304508

Test environment and result as below:

+---------------------+----------------+
|     Environment     | dpdk_unit_test |
+=====================+================+
| CentOS Stream 9     | PASS           |
+---------------------+----------------+
| Fedora 40 (Clang)   | PASS           |
+---------------------+----------------+
| Debian Bullseye     | PASS           |
+---------------------+----------------+
| Debian 12           | PASS           |
+---------------------+----------------+
| Fedora 40           | PASS           |
+---------------------+----------------+
| Fedora 41           | PASS           |
+---------------------+----------------+
| RHEL9               | PASS           |
+---------------------+----------------+
| Fedora 41 (Clang)   | PASS           |
+---------------------+----------------+
| RHEL8               | PASS           |
+---------------------+----------------+
| Ubuntu 20.04        | PASS           |
+---------------------+----------------+
| Ubuntu 22.04        | PASS           |
+---------------------+----------------+
| Ubuntu 24.04        | PASS           |
+---------------------+----------------+
| Windows Server 2022 | FAIL           |
+---------------------+----------------+

==== Unit test summary for Windows Server 2022 (dpdk_unit_test): ====
Failed to get the unit test results.
Displaying the unit test results is not supported for some environments,
such as our aarch32 testing, where meson is not used to run the tests.
Download the logs available on our CI site.
==== End log output ====

CentOS Stream 9
	Kernel: Depends on container host
	Compiler: gcc 11.5.0 20240719 (Red Hat 11.5.0-2)

Fedora 40 (Clang)
	Kernel: Depends on container host
	Compiler: clang 18.1.8 (Fedora 18.1.8-1.fc40)

Debian Bullseye
	Kernel: Depends on container host
	Compiler: gcc (Debian 10.2.1-6) 10.2.1 20210110

Debian 12
	Kernel: Depends on container host
	Compiler: gcc (Debian 12.2.0-14) 12.2.0

Fedora 40
	Kernel: Depends on container host
	Compiler: gcc 14.2.1 20240912 (Red Hat 14.2.1-3)

Fedora 41
	Kernel: Depends on container host
	Compiler: gcc 14.2.1 20240912 (Red Hat 14.2.1-3)

RHEL9
	Kernel: Depends on container host
	Compiler: gcc 11.5.0 20240719 (Red Hat 11.5.0-2)

Fedora 41 (Clang)
	Kernel: Depends on container host
	Compiler: clang 19.1.5 (Fedora 19.1.5-1.fc41)

RHEL8
	Kernel: Depends on container host
	Compiler: gcc 8.5.0 20210514 (Red Hat 8.5.0-22)

Ubuntu 20.04
	Kernel: Depends on container host
	Compiler: gcc (Ubuntu 9.4.0-1ubuntu1~20.04.2) 9.4.0

Ubuntu 22.04
	Kernel: Depends on container host
	Compiler: gcc (Ubuntu 11.4.0-1ubuntu1~22.04) 11.4.0

Ubuntu 24.04
	Kernel: Depends on container host
	Compiler: gcc (Ubuntu 13.3.0-6ubuntu2~24.04) 13.3.0

Windows Server 2022
	Kernel: 10.0.20348.2031
	Compiler: clang 15.0.7, gcc 14.1.0 (MinGW), and MSVC VS 19.39.33521

To view detailed results, visit:
https://lab.dpdk.org/results/dashboard/tarballs/32148/

UNH-IOL DPDK Community Lab

To manage your email subscriptions, visit: 
https://lab.dpdk.org/results/dashboard/preferences/subscriptions/