From mboxrd@z Thu Jan  1 00:00:00 1970
Return-Path: <test-report-bounces@dpdk.org>
Received: from mails.dpdk.org (mails.dpdk.org [217.70.189.124])
	by inbox.dpdk.org (Postfix) with ESMTP id C8D2B46022
	for <public@inbox.dpdk.org>; Fri, 10 Jan 2025 23:12:35 +0100 (CET)
Received: from mails.dpdk.org (localhost [127.0.0.1])
	by mails.dpdk.org (Postfix) with ESMTP id C110C40265;
	Fri, 10 Jan 2025 23:12:35 +0100 (CET)
Received: from mail-yb1-f228.google.com (mail-yb1-f228.google.com
 [209.85.219.228])
 by mails.dpdk.org (Postfix) with ESMTP id AF91D4014F
 for <test-report@dpdk.org>; Fri, 10 Jan 2025 23:12:34 +0100 (CET)
Received: by mail-yb1-f228.google.com with SMTP id
 3f1490d57ef6-e4930eca0d4so3670690276.3
 for <test-report@dpdk.org>; Fri, 10 Jan 2025 14:12:34 -0800 (PST)
DKIM-Signature: v=1; a=rsa-sha256; c=relaxed/relaxed;
 d=iol.unh.edu; s=unh-iol; t=1736547154; x=1737151954; darn=dpdk.org;
 h=references:in-reply-to:cc:to:from:subject:message-id:date:from:to
 :cc:subject:date:message-id:reply-to;
 bh=dTXNIOqufhRPGAoKoFwanhMrNg9cKMnUpAom97qwl90=;
 b=PQ8zBC7cl2KnwqsGtDwlYn4/4H3iiEmi6qcF9wCHybsY65yofRom8i+1f2O9unqdU+
 4eDNz7fSlYCtAni03zOl8p8UmJ2tRKIdqwsPJrOJVKcN0nyyeP1K/gxxGJQjwNqBDx/Y
 GgpKmZW7fLQr6kcI5tVVe4nXMCoLncKk5URuM=
X-Google-DKIM-Signature: v=1; a=rsa-sha256; c=relaxed/relaxed;
 d=1e100.net; s=20230601; t=1736547154; x=1737151954;
 h=references:in-reply-to:cc:to:from:subject:message-id:date
 :x-gm-message-state:from:to:cc:subject:date:message-id:reply-to;
 bh=dTXNIOqufhRPGAoKoFwanhMrNg9cKMnUpAom97qwl90=;
 b=NaAmvjP8XotdsOusXg+F2cVm9XYTophPKZft/zoVco3odDXv/fZRPboxljvAfuuIrk
 eKQMzCD6iSFgpusfmxCn423ODhRR76xTKXWsfwCGs7JqHr2SJ0nveNoJIjIySTfqZ+Qq
 c56BqKUJrQgw7pGwweC+SElv66DClpR0UO54Gejpz4W00lJWSmpgn6zgn4qNr2jVrIzF
 kGW+PiuyoQN0mpO3WPbO9j2dU1GPONDJVD8L3rXPeupJe1LltAPCNFbLXJfjtuO5zvho
 n7K9n2BKc5sLQbI+2kLNUiFfwLz2BKH02eFE2DQNjLDipxzX/tz/38IwbTPTK4wXNIpy
 V4hA==
X-Gm-Message-State: AOJu0Yz2Zh6Fh3DLqGuYuN1W5xK/XBkWbvNRShKHQgZSLd0dSOF465vp
 xHYQxcVK6EfCZaUtIfmJ2bJfT5jfKCMh9k7xZPvDocm558GpGC5aheBI6cDKWNtRB+ERM/bKaRX
 y/N3PJb4/ZY20r0+3mLu4qCtPxJqRSYTXoVd+ApU0
X-Gm-Gg: ASbGncvXtzeTH16dgij4tt15sbVCq8pi+B6dlYuoCS0w/1DHqKE2cWCaVc8qmZC91B8
 4ZSAdersGtHL9WSvIilfOkTNiokOhnYI18Kw6Qcl379s/lxHv50wE9x5QckudKvZPIGNnmtBL44
 BIGcN4THqXZ+kOCPKsRnsYfJTUp8Xl2Ljyx9a4btkY+JL8cKnIapMgq0wKW9sihG7u//ed4poa0
 lYIM+8qoNt3Gk7nMOvFzNSbkUKUb2m+w5m6UJKeUm3hrZW0MTG55gV4+TaHJLn173VrW6N3rXqk
 uQ==
X-Google-Smtp-Source: AGHT+IGulZJ2MRhgNGNN2Mo6hJsN9G0xJVkzuZ33FhW8cw2ViX5thETbrQPvm7OZhg91Q17sEN/F/lykUv1s
X-Received: by 2002:a05:690c:b85:b0:6f5:393f:cf27 with SMTP id
 00721157ae682-6f5393fd4f9mr93495987b3.20.1736547154119; 
 Fri, 10 Jan 2025 14:12:34 -0800 (PST)
Received: from postal.iol.unh.edu (postal.iol.unh.edu. [132.177.123.84])
 by smtp-relay.gmail.com with ESMTPS id
 00721157ae682-6f546dc5d21sm1795277b3.54.2025.01.10.14.12.34
 (version=TLS1_2 cipher=ECDHE-ECDSA-AES128-GCM-SHA256 bits=128/128);
 Fri, 10 Jan 2025 14:12:34 -0800 (PST)
X-Relaying-Domain: iol.unh.edu
Date: Fri, 10 Jan 2025 14:12:34 -0800 (PST)
Message-ID: <67819b52.050a0220.1e9e1e.c4e8SMTPIN_ADDED_MISSING@mx.google.com>
Received: from [172.17.0.3] (unknown [172.18.0.217])
 by postal.iol.unh.edu (Postfix) with ESMTP id BFF7B6052471;
 Fri, 10 Jan 2025 17:12:33 -0500 (EST)
Subject: |FAILURE| pw149788-149857 [PATCH] [v14,81/81] drivers/vdpa: add comp
From: dpdklab@iol.unh.edu
To: Test Report <test-report@dpdk.org>
Cc: dpdk-test-reports@iol.unh.edu,
 Andre Muezerie <andremue@linux.microsoft.com>
In-Reply-To: <1736540620-21764-82-git-send-email-andremue@linux.microsoft.com>
References: <1736540620-21764-82-git-send-email-andremue@linux.microsoft.com>
Content-Type: text/plain
X-BeenThere: test-report@dpdk.org
X-Mailman-Version: 2.1.29
Precedence: list
List-Id: automatic DPDK test reports <test-report.dpdk.org>
List-Unsubscribe: <https://mails.dpdk.org/options/test-report>,
 <mailto:test-report-request@dpdk.org?subject=unsubscribe>
List-Archive: <http://mails.dpdk.org/archives/test-report/>
List-Post: <mailto:test-report@dpdk.org>
List-Help: <mailto:test-report-request@dpdk.org?subject=help>
List-Subscribe: <https://mails.dpdk.org/listinfo/test-report>,
 <mailto:test-report-request@dpdk.org?subject=subscribe>
Errors-To: test-report-bounces@dpdk.org

Test-Label: iol-compile-amd64-testing
Test-Status: FAILURE
http://dpdk.org/patch/149857

_Testing issues_

Submitter: Andre Muezerie <andremue@linux.microsoft.com>
Date: Friday, January 10 2025 20:23:40 
DPDK git baseline: Repo:dpdk
  Branch: master
  CommitID:fd51012de5369679e807be1d6a81d63ef15015ce

149788-149857 --> testing issues

Upstream job id: Generic-DPDK-Compile-Meson#350098

Test environment and result as below:

+---------------------+--------------------+------------------+-------------------+-------------------+
|     Environment     | dpdk_meson_compile | dpdk_compile_ovs | dpdk_compile_spdk | dpdk_msvc_compile |
+=====================+====================+==================+===================+===================+
| CentOS Stream 9     | FAIL               | WARN             | WARN              | SKIPPED           |
+---------------------+--------------------+------------------+-------------------+-------------------+
| Debian Bullseye     | FAIL               | WARN             | WARN              | SKIPPED           |
+---------------------+--------------------+------------------+-------------------+-------------------+
| Debian 12           | FAIL               | WARN             | WARN              | SKIPPED           |
+---------------------+--------------------+------------------+-------------------+-------------------+
| Fedora 40 (Clang)   | FAIL               | WARN             | PEND              | SKIPPED           |
+---------------------+--------------------+------------------+-------------------+-------------------+
| openSUSE Leap 15    | FAIL               | SKIPPED          | SKIPPED           | SKIPPED           |
+---------------------+--------------------+------------------+-------------------+-------------------+
| RHEL8               | FAIL               | WARN             | SKIPPED           | SKIPPED           |
+---------------------+--------------------+------------------+-------------------+-------------------+
| Fedora 41 (Clang)   | FAIL               | PEND             | PEND              | SKIPPED           |
+---------------------+--------------------+------------------+-------------------+-------------------+
| Fedora 41           | FAIL               | PEND             | PEND              | SKIPPED           |
+---------------------+--------------------+------------------+-------------------+-------------------+
| Fedora 40           | PEND               | PEND             | PEND              | SKIPPED           |
+---------------------+--------------------+------------------+-------------------+-------------------+
| Ubuntu 24.04        | FAIL               | PEND             | PEND              | SKIPPED           |
+---------------------+--------------------+------------------+-------------------+-------------------+
| Ubuntu 22.04        | FAIL               | WARN             | PEND              | SKIPPED           |
+---------------------+--------------------+------------------+-------------------+-------------------+
| RHEL9               | PEND               | PEND             | SKIPPED           | SKIPPED           |
+---------------------+--------------------+------------------+-------------------+-------------------+
| Ubuntu 20.04        | PEND               | PEND             | SKIPPED           | SKIPPED           |
+---------------------+--------------------+------------------+-------------------+-------------------+
| Alpine              | PEND               | PEND             | SKIPPED           | SKIPPED           |
+---------------------+--------------------+------------------+-------------------+-------------------+
| FreeBSD 13.4        | FAIL               | SKIPPED          | SKIPPED           | SKIPPED           |
+---------------------+--------------------+------------------+-------------------+-------------------+
| Windows Server 2022 | SKIPPED            | SKIPPED          | SKIPPED           | PASS              |
+---------------------+--------------------+------------------+-------------------+-------------------+

==== 20 line log output for FreeBSD 13.4 (dpdk_meson_compile): ====
[152/1934] Compiling C object lib/librte_cmdline.a.p/cmdline_cmdline_rdline.c.o
[153/1934] Compiling C object lib/librte_cmdline.a.p/cmdline_cmdline_os_unix.c.o
[154/1934] Linking static target lib/librte_cmdline.a
[155/1934] Compiling C object lib/librte_metrics.a.p/metrics_rte_metrics.c.o
[156/1934] Compiling C object lib/librte_metrics.a.p/metrics_rte_metrics_telemetry.c.o
FAILED: lib/librte_metrics.a.p/metrics_rte_metrics_telemetry.c.o
ccache cc -Ilib/librte_metrics.a.p -Ilib -I../lib -Ilib/metrics -I../lib/metrics -I. -I.. -Iconfig -I../config -Ilib/eal/include -I../lib/eal/include -Ilib/eal/freebsd/include -I../lib/eal/freebsd/include -Ilib/eal/x86/include -I../lib/eal/x86/include -Ilib/eal/common -I../lib/eal/common -Ilib/eal -I../lib/eal -Ilib/kvargs -I../lib/kvargs -Ilib/log -I../lib/log -Ilib/telemetry -I../lib/telemetry -Ilib/ethdev -I../lib/ethdev -Ilib/net -I../lib/net -Ilib/mbuf -I../lib/mbuf -Ilib/mempool -I../lib/mempool -Ilib/ring -I../lib/ring -Ilib/meter -I../lib/meter -I/usr/local/include -fdiagnostics-color=always -D_FILE_OFFSET_BITS=64 -Wall -Winvalid-pch -Wextra -Werror -std=c11 -O3 -include rte_config.h -Wcast-qual -Wdeprecated -Wformat -Wformat-nonliteral -Wformat-security -Wmissing-declarations -Wmissing-prototypes -Wnested-externs -Wold-style-definition -Wpointer-arith -Wsign-compare -Wstrict-prototypes -Wundef -Wwrite-strings -Wno-missing-field-initializers -D_GNU_SOURCE -D__BSD_VISIBLE -fPI
 C -march=native -mrtm -DALLOW_EXPERIMENTAL_API -DALLOW_INTERNAL_API -Wno-format-truncation -Wvla -DRTE_LOG_DEFAULT_LOGTYPE=lib.metrics -DRTE_ANNOTATE_LOCKS -Wthread-safety -MD -MQ lib/librte_metrics.a.p/metrics_rte_metrics_telemetry.c.o -MF lib/librte_metrics.a.p/metrics_rte_metrics_telemetry.c.o.d -o lib/librte_metrics.a.p/metrics_rte_metrics_telemetry.c.o -c ../lib/metrics/rte_metrics_telemetry.c
../lib/metrics/rte_metrics_telemetry.c:140:25: error: variable length array used [-Werror,-Wvla]
140 |         uint64_t xstats_values[num_xstats];
|                                ^~~~~~~~~~
../lib/metrics/rte_metrics_telemetry.c:384:25: error: variable length array used [-Werror,-Wvla]
384 |         const char *stat_names[num_stat_names];
|                                ^~~~~~~~~~~~~~
2 errors generated.
[157/1934] Compiling C object lib/librte_hash.a.p/hash_rte_hash_crc.c.o
[158/1934] Generating lib/cmdline.sym_chk with a custom command (wrapped by meson to capture output)
[159/1934] Compiling C object lib/librte_hash.a.p/hash_rte_cuckoo_hash.c.o
[160/1934] Generating lib/ethdev.sym_chk with a custom command (wrapped by meson to capture output)
[161/1934] Generating lib/eal.sym_chk with a custom command (wrapped by meson to capture output)
ninja: build stopped: subcommand failed.
==== End log output ====

CentOS Stream 9
	Kernel: Depends on container host
	Compiler: gcc 11.5.0 20240719 (Red Hat 11.5.0-2)

Debian Bullseye
	Kernel: Depends on container host
	Compiler: gcc (Debian 10.2.1-6) 10.2.1 20210110

Debian 12
	Kernel: Depends on container host
	Compiler: gcc (Debian 12.2.0-14) 12.2.0

Fedora 40 (Clang)
	Kernel: Depends on container host
	Compiler: clang 18.1.8 (Fedora 18.1.8-1.fc40)

openSUSE Leap 15
	Kernel: Depends on container host
	Compiler: gcc (SUSE Linux) 7.5.0

RHEL8
	Kernel: Depends on container host
	Compiler: gcc 8.5.0 20210514 (Red Hat 8.5.0-22)

Fedora 41 (Clang)
	Kernel: Depends on container host
	Compiler: clang 19.1.5 (Fedora 19.1.5-1.fc41)

Fedora 41
	Kernel: Depends on container host
	Compiler: gcc 14.2.1 20240912 (Red Hat 14.2.1-3)

Fedora 40
	Kernel: Depends on container host
	Compiler: gcc 14.2.1 20240912 (Red Hat 14.2.1-3)

Ubuntu 24.04
	Kernel: Depends on container host
	Compiler: gcc (Ubuntu 13.3.0-6ubuntu2~24.04) 13.3.0

Ubuntu 22.04
	Kernel: Depends on container host
	Compiler: gcc (Ubuntu 11.4.0-1ubuntu1~22.04) 11.4.0

RHEL9
	Kernel: Depends on container host
	Compiler: gcc 11.5.0 20240719 (Red Hat 11.5.0-2)

Ubuntu 20.04
	Kernel: Depends on container host
	Compiler: gcc (Ubuntu 9.4.0-1ubuntu1~20.04.2) 9.4.0

Alpine
	Kernel: Depends on container host
	Compiler: gcc (Alpine 14.2.0) 14.2.0

FreeBSD 13.4
	Kernel: 13.4-RELEASE-p1
	Compiler: clang 18.1.6

Windows Server 2022
	Kernel: 10.0.20348.2031
	Compiler: clang 15.0.7, gcc 14.1.0 (MinGW), and MSVC VS 19.39.33521

To view detailed results, visit:
https://lab.dpdk.org/results/dashboard/patchsets/32295/

UNH-IOL DPDK Community Lab

To manage your email subscriptions, visit: 
https://lab.dpdk.org/results/dashboard/preferences/subscriptions/