From mboxrd@z Thu Jan  1 00:00:00 1970
Return-Path: <test-report-bounces@dpdk.org>
Received: from mails.dpdk.org (mails.dpdk.org [217.70.189.124])
	by inbox.dpdk.org (Postfix) with ESMTP id 108CE46022
	for <public@inbox.dpdk.org>; Fri, 10 Jan 2025 23:21:55 +0100 (CET)
Received: from mails.dpdk.org (localhost [127.0.0.1])
	by mails.dpdk.org (Postfix) with ESMTP id 0D2F2402DF;
	Fri, 10 Jan 2025 23:21:55 +0100 (CET)
Received: from mail-pj1-f100.google.com (mail-pj1-f100.google.com
 [209.85.216.100])
 by mails.dpdk.org (Postfix) with ESMTP id 125E5402E2
 for <test-report@dpdk.org>; Fri, 10 Jan 2025 23:21:53 +0100 (CET)
Received: by mail-pj1-f100.google.com with SMTP id
 98e67ed59e1d1-2ee397a82f6so4400733a91.2
 for <test-report@dpdk.org>; Fri, 10 Jan 2025 14:21:53 -0800 (PST)
DKIM-Signature: v=1; a=rsa-sha256; c=relaxed/relaxed;
 d=iol.unh.edu; s=unh-iol; t=1736547712; x=1737152512; darn=dpdk.org;
 h=references:in-reply-to:cc:to:from:subject:message-id:date:from:to
 :cc:subject:date:message-id:reply-to;
 bh=12sYvxH3IAO/mpOSV/D+vPF7Nvjs1JLiT6EkuDJGwac=;
 b=CjmpVW9KavRSLgu9xXyOVEwq3Gjac7RgubVb6MmGdGC5cucsxT1YoxNLnDvJGJdeSf
 SMWwKJbtNJin87W7j3npjMYv6LdsAx3pzoCVu1/mi4Ymnw3NBX7ZxfKS7AI0qkJ8wot5
 QfjCNRpF0o7i27jMGZtdM9w460QG970yo/X7c=
X-Google-DKIM-Signature: v=1; a=rsa-sha256; c=relaxed/relaxed;
 d=1e100.net; s=20230601; t=1736547712; x=1737152512;
 h=references:in-reply-to:cc:to:from:subject:message-id:date
 :x-gm-message-state:from:to:cc:subject:date:message-id:reply-to;
 bh=12sYvxH3IAO/mpOSV/D+vPF7Nvjs1JLiT6EkuDJGwac=;
 b=ssITHfoEKVhwBIQg/6jzbT9p03RHohSnSSze4TEfcSRfujLGTGErCHIo/79T9Tbdln
 0TwxdKCHt/xKHF3yBm9g2+/3O8ZEd4tqyylKhmImP1maiBYWfWgzNEGqaSf2ecM+2ZaF
 gNgdz7e+XFhAIcWoyUPQVPMq9/eIl8yCr400eTSdFNUSJ2F89kdZtPrksuL7M7aLT/53
 /LWewOW2DcsLCQ8Og3UpUnWTU+3Vd4i8C5+w/xo4GW9xiiWWKMA1jk6QKeyTrrZZIOnF
 RiKJo/JKJl2Kb7O7TPFsMnEQJ0nfEAHu7UGjgokS2mrU6c6NgzjRTl6PoDSNHNNuw3g9
 v/2A==
X-Gm-Message-State: AOJu0YxfBByyrIxMlCXrB2h5M7je1ACsxpo1XODPADwn+DKrHUe/Dj8u
 0GxyLLl75cSOWJtgIzDry9cv562ohn7Y/VD9JsABuHSqRHqjv/sQpj5muFEc3fTK7NPcyt9Aud0
 /OFcZpTCI9ZspQ56JB8oGUaQNSx/MHZWoOpupipo5BaQCzCAHqfsqDQpn
X-Gm-Gg: ASbGncuLQK3KJcpxqKnj/QyEqOaapCEj5t2DDWPHwZDIlEJMhb1aEdDQEd4EEimh7LS
 E0HOmHi6dljXXzfg3Ygq331YP9Z/v1ttQioTbwzavClvIBm392gNL6V5TkPi7/bDlLdf1LLC6MU
 3yUIqA6TapTYs4tuC5tOdRqjWV+ZGYDnkM/38kOwdmHPh8kckTUqlpIskvbCkCw1R128Ah2Kt7Z
 Okn4vY5Ee0vX04ibiST33fOBE6r1I8PQhsJlSTMmb5omVMEqO7ewvfZvJnlemzd4RL/ux24zwHB
 hBZM0Q==
X-Google-Smtp-Source: AGHT+IHNno16LUcnwodMUuEgzglWVuI552GYDIrzgCOSv5cEyjzEMnfjXm/lCQAPktF3mA4bfmQAQjMzX3cR
X-Received: by 2002:a17:90b:2f4f:b0:2ee:b26c:1099 with SMTP id
 98e67ed59e1d1-2f5490f4b9dmr15649900a91.34.1736547712203; 
 Fri, 10 Jan 2025 14:21:52 -0800 (PST)
Received: from postal.iol.unh.edu (postal.iol.unh.edu.
 [2606:4100:3880:1234::84]) by smtp-relay.gmail.com with ESMTPS id
 98e67ed59e1d1-2f54a2a1c0csm370633a91.8.2025.01.10.14.21.52
 (version=TLS1_2 cipher=ECDHE-ECDSA-AES128-GCM-SHA256 bits=128/128);
 Fri, 10 Jan 2025 14:21:52 -0800 (PST)
X-Relaying-Domain: iol.unh.edu
Date: Fri, 10 Jan 2025 14:21:52 -0800 (PST)
Message-ID: <67819d80.170a0220.32ca78.94a5SMTPIN_ADDED_MISSING@mx.google.com>
Received: from [172.17.0.4] (unknown [172.18.0.217])
 by postal.iol.unh.edu (Postfix) with ESMTP id 525916052471;
 Fri, 10 Jan 2025 17:21:51 -0500 (EST)
Subject: |FAILURE| pw149788-149857 [PATCH] [v14,81/81] drivers/vdpa: add comp
From: dpdklab@iol.unh.edu
To: Test Report <test-report@dpdk.org>
Cc: dpdk-test-reports@iol.unh.edu,
 Andre Muezerie <andremue@linux.microsoft.com>
In-Reply-To: <1736540620-21764-82-git-send-email-andremue@linux.microsoft.com>
References: <1736540620-21764-82-git-send-email-andremue@linux.microsoft.com>
Content-Type: text/plain
X-BeenThere: test-report@dpdk.org
X-Mailman-Version: 2.1.29
Precedence: list
List-Id: automatic DPDK test reports <test-report.dpdk.org>
List-Unsubscribe: <https://mails.dpdk.org/options/test-report>,
 <mailto:test-report-request@dpdk.org?subject=unsubscribe>
List-Archive: <http://mails.dpdk.org/archives/test-report/>
List-Post: <mailto:test-report@dpdk.org>
List-Help: <mailto:test-report-request@dpdk.org?subject=help>
List-Subscribe: <https://mails.dpdk.org/listinfo/test-report>,
 <mailto:test-report-request@dpdk.org?subject=subscribe>
Errors-To: test-report-bounces@dpdk.org

Test-Label: iol-compile-amd64-testing
Test-Status: FAILURE
http://dpdk.org/patch/149857

_Testing issues_

Submitter: Andre Muezerie <andremue@linux.microsoft.com>
Date: Friday, January 10 2025 20:23:40 
DPDK git baseline: Repo:dpdk
  Branch: master
  CommitID:fd51012de5369679e807be1d6a81d63ef15015ce

149788-149857 --> testing issues

Upstream job id: Generic-VM-DPDK-Compile-Meson#32518

Test environment and result as below:

+---------------------+--------------------+------------------+-------------------+-------------------+
|     Environment     | dpdk_meson_compile | dpdk_compile_ovs | dpdk_compile_spdk | dpdk_msvc_compile |
+=====================+====================+==================+===================+===================+
| CentOS Stream 9     | FAIL               | WARN             | WARN              | SKIPPED           |
+---------------------+--------------------+------------------+-------------------+-------------------+
| Debian Bullseye     | FAIL               | WARN             | WARN              | SKIPPED           |
+---------------------+--------------------+------------------+-------------------+-------------------+
| Debian 12           | FAIL               | WARN             | WARN              | SKIPPED           |
+---------------------+--------------------+------------------+-------------------+-------------------+
| Fedora 40 (Clang)   | FAIL               | WARN             | WARN              | SKIPPED           |
+---------------------+--------------------+------------------+-------------------+-------------------+
| openSUSE Leap 15    | FAIL               | SKIPPED          | SKIPPED           | SKIPPED           |
+---------------------+--------------------+------------------+-------------------+-------------------+
| RHEL8               | FAIL               | WARN             | SKIPPED           | SKIPPED           |
+---------------------+--------------------+------------------+-------------------+-------------------+
| Fedora 41 (Clang)   | FAIL               | WARN             | WARN              | SKIPPED           |
+---------------------+--------------------+------------------+-------------------+-------------------+
| Fedora 41           | FAIL               | WARN             | WARN              | SKIPPED           |
+---------------------+--------------------+------------------+-------------------+-------------------+
| Fedora 40           | FAIL               | WARN             | WARN              | SKIPPED           |
+---------------------+--------------------+------------------+-------------------+-------------------+
| Ubuntu 24.04        | FAIL               | WARN             | WARN              | SKIPPED           |
+---------------------+--------------------+------------------+-------------------+-------------------+
| Ubuntu 22.04        | FAIL               | WARN             | WARN              | SKIPPED           |
+---------------------+--------------------+------------------+-------------------+-------------------+
| RHEL9               | FAIL               | WARN             | SKIPPED           | SKIPPED           |
+---------------------+--------------------+------------------+-------------------+-------------------+
| Ubuntu 20.04        | FAIL               | WARN             | SKIPPED           | SKIPPED           |
+---------------------+--------------------+------------------+-------------------+-------------------+
| Alpine              | PEND               | PEND             | SKIPPED           | SKIPPED           |
+---------------------+--------------------+------------------+-------------------+-------------------+
| FreeBSD 13.4        | FAIL               | SKIPPED          | SKIPPED           | SKIPPED           |
+---------------------+--------------------+------------------+-------------------+-------------------+
| FreeBSD 14.2        | FAIL               | SKIPPED          | SKIPPED           | SKIPPED           |
+---------------------+--------------------+------------------+-------------------+-------------------+
| Windows Server 2022 | SKIPPED            | SKIPPED          | SKIPPED           | PASS              |
+---------------------+--------------------+------------------+-------------------+-------------------+

==== 20 line log output for FreeBSD 14.2 (dpdk_meson_compile): ====
FAILED: drivers/libtmp_rte_common_qat.a.p/crypto_qat_qat_sym_session.c.o
cc -Idrivers/libtmp_rte_common_qat.a.p -Idrivers -I../drivers -Idrivers/common/qat -I../drivers/common/qat -I../drivers/common/qat/qat_adf -I../drivers/crypto/qat -I../drivers/compress/qat -Idrivers/bus/pci -I../drivers/bus/pci -I../drivers/bus/pci/bsd -I. -I.. -Iconfig -I../config -Ilib/eal/include -I../lib/eal/include -Ilib/eal/freebsd/include -I../lib/eal/freebsd/include -Ilib/eal/x86/include -I../lib/eal/x86/include -Ilib/eal/common -I../lib/eal/common -Ilib/eal -I../lib/eal -Ilib/kvargs -I../lib/kvargs -Ilib/log -I../lib/log -Ilib/metrics -I../lib/metrics -Ilib/telemetry -I../lib/telemetry -Ilib/pci -I../lib/pci -Ilib/cryptodev -I../lib/cryptodev -Ilib/mbuf -I../lib/mbuf -Ilib/mempool -I../lib/mempool -Ilib/ring -I../lib/ring -Ilib/rcu -I../lib/rcu -Ilib/net -I../lib/net -Ilib/compressdev -I../lib/compressdev -Ilib/security -I../lib/security -fdiagnostics-color=always -D_FILE_OFFSET_BITS=64 -Wall -Winvalid-pch -Wextra -Werror -std=c11 -O3 -include rte_config.h -Wcast-qual -Wdepr
 ecated -Wformat -Wformat-nonliteral -Wformat-security -Wmissing-declarations -Wmissing-prototypes -Wnested-externs -Wold-style-definition -Wpointer-arith -Wsign-compare -Wstrict-prototypes -Wundef -Wwrite-strings -Wno-missing-field-initializers -D_GNU_SOURCE -D__BSD_VISIBLE -fPIC -march=native -mrtm -DALLOW_EXPERIMENTAL_API -DALLOW_INTERNAL_API -Wno-format-truncation -Wno-address-of-packed-member -DBUILD_QAT_SYM -DBUILD_QAT_ASYM -Wvla -DRTE_LOG_DEFAULT_LOGTYPE=pmd.common.qat -DRTE_ANNOTATE_LOCKS -Wthread-safety -MD -MQ drivers/libtmp_rte_common_qat.a.p/crypto_qat_qat_sym_session.c.o -MF drivers/libtmp_rte_common_qat.a.p/crypto_qat_qat_sym_session.c.o.d -o drivers/libtmp_rte_common_qat.a.p/crypto_qat_qat_sym_session.c.o -c ../drivers/crypto/qat/qat_sym_session.c
../drivers/crypto/qat/qat_sym_session.c:1521:17: error: variable length array used [-Werror,-Wvla]
1521 |         uint8_t digest[qat_hash_get_digest_size(
|                        ^~~~~~~~~~~~~~~~~~~~~~~~~
1522 |                         ICP_QAT_HW_AUTH_ALGO_DELIMITER)];
|                         ~~~~~~~~~~~~~~~~~~~~~~~~~~~~~~~
../drivers/crypto/qat/qat_sym_session.c:1595:15: error: variable length array used [-Werror,-Wvla]
1595 |         uint8_t ipad[qat_hash_get_block_size(ICP_QAT_HW_AUTH_ALGO_DELIMITER)];
|                      ^~~~~~~~~~~~~~~~~~~~~~~~~~~~~~~~~~~~~~~~~~~~~~~~~~~~~~~
../drivers/crypto/qat/qat_sym_session.c:1596:15: error: variable length array used [-Werror,-Wvla]
1596 |         uint8_t opad[qat_hash_get_block_size(ICP_QAT_HW_AUTH_ALGO_DELIMITER)];
|                      ^~~~~~~~~~~~~~~~~~~~~~~~~~~~~~~~~~~~~~~~~~~~~~~~~~~~~~~
3 errors generated.
[603/1928] Compiling C object drivers/libtmp_rte_common_qat.a.p/crypto_qat_qat_crypto.c.o
[604/1928] Generating drivers/rte_common_idpf.sym_chk with a custom command (wrapped by meson to capture output)
[605/1928] Generating lib/pipeline.sym_chk with a custom command (wrapped by meson to capture output)
[606/1928] Compiling C object drivers/libtmp_rte_common_qat.a.p/crypto_qat_dev_qat_sym_pmd_gen1.c.o
[607/1928] Compiling C object drivers/libtmp_rte_common_qat.a.p/crypto_qat_qat_asym.c.o
ninja: build stopped: subcommand failed.
==== End log output ====

CentOS Stream 9
	Kernel: Depends on container host
	Compiler: gcc 11.5.0 20240719 (Red Hat 11.5.0-2)

Debian Bullseye
	Kernel: Depends on container host
	Compiler: gcc (Debian 10.2.1-6) 10.2.1 20210110

Debian 12
	Kernel: Depends on container host
	Compiler: gcc (Debian 12.2.0-14) 12.2.0

Fedora 40 (Clang)
	Kernel: Depends on container host
	Compiler: clang 18.1.8 (Fedora 18.1.8-1.fc40)

openSUSE Leap 15
	Kernel: Depends on container host
	Compiler: gcc (SUSE Linux) 7.5.0

RHEL8
	Kernel: Depends on container host
	Compiler: gcc 8.5.0 20210514 (Red Hat 8.5.0-22)

Fedora 41 (Clang)
	Kernel: Depends on container host
	Compiler: clang 19.1.5 (Fedora 19.1.5-1.fc41)

Fedora 41
	Kernel: Depends on container host
	Compiler: gcc 14.2.1 20240912 (Red Hat 14.2.1-3)

Fedora 40
	Kernel: Depends on container host
	Compiler: gcc 14.2.1 20240912 (Red Hat 14.2.1-3)

Ubuntu 24.04
	Kernel: Depends on container host
	Compiler: gcc (Ubuntu 13.3.0-6ubuntu2~24.04) 13.3.0

Ubuntu 22.04
	Kernel: Depends on container host
	Compiler: gcc (Ubuntu 11.4.0-1ubuntu1~22.04) 11.4.0

RHEL9
	Kernel: Depends on container host
	Compiler: gcc 11.5.0 20240719 (Red Hat 11.5.0-2)

Ubuntu 20.04
	Kernel: Depends on container host
	Compiler: gcc (Ubuntu 9.4.0-1ubuntu1~20.04.2) 9.4.0

Alpine
	Kernel: Depends on container host
	Compiler: gcc (Alpine 14.2.0) 14.2.0

FreeBSD 13.4
	Kernel: 13.4-RELEASE-p1
	Compiler: clang 18.1.6

FreeBSD 14.2
	Kernel: 14.2-RELEASE
	Compiler: clang 18.1.6

Windows Server 2022
	Kernel: 10.0.20348.2031
	Compiler: clang 15.0.7, gcc 14.1.0 (MinGW), and MSVC VS 19.39.33521

To view detailed results, visit:
https://lab.dpdk.org/results/dashboard/patchsets/32295/

UNH-IOL DPDK Community Lab

To manage your email subscriptions, visit: 
https://lab.dpdk.org/results/dashboard/preferences/subscriptions/